Last updated on 2025-05-08 04:51:58 CEST.
Flavor | Version | Tinstall | Tcheck | Ttotal | Status | Flags |
---|---|---|---|---|---|---|
r-devel-linux-x86_64-debian-clang | 1.0.5 | 2.51 | 39.80 | 42.31 | NOTE | |
r-devel-linux-x86_64-debian-gcc | 1.0.5 | 2.07 | 28.78 | 30.85 | NOTE | |
r-devel-linux-x86_64-fedora-clang | 1.0.5 | 66.24 | OK | |||
r-devel-linux-x86_64-fedora-gcc | 1.0.5 | 62.93 | OK | |||
r-devel-windows-x86_64 | 1.0.5 | 3.00 | 59.00 | 62.00 | OK | |
r-patched-linux-x86_64 | 1.0.5 | 2.32 | 38.05 | 40.37 | OK | |
r-release-linux-x86_64 | 1.0.5 | 2.40 | 38.20 | 40.60 | OK | |
r-release-macos-arm64 | 1.0.5 | 23.00 | OK | |||
r-release-macos-x86_64 | 1.0.5 | 42.00 | OK | |||
r-release-windows-x86_64 | 1.0.5 | 4.00 | 60.00 | 64.00 | OK | |
r-oldrel-macos-arm64 | 1.0.5 | 30.00 | OK | |||
r-oldrel-macos-x86_64 | 1.0.5 | 33.00 | OK | |||
r-oldrel-windows-x86_64 | 1.0.5 | 5.00 | 71.00 | 76.00 | OK |
Version: 1.0.5
Check: CRAN incoming feasibility
Result: NOTE
Maintainer: ‘Andreas Pfeiffer <apfeiffer1@gmail.com>’
No Authors@R field in DESCRIPTION.
Please add one, modifying
Authors@R: person(given = "Andreas",
family = "Pfeiffer",
role = c("aut", "cre"),
email = "apfeiffer1@gmail.com")
as necessary.
Flavors: r-devel-linux-x86_64-debian-clang, r-devel-linux-x86_64-debian-gcc
These binaries (installable software) and packages are in development.
They may not be fully stable and should be used with caution. We make no claims about them.