Last updated on 2024-07-27 15:50:10 CEST.
Flavor | Version | Tinstall | Tcheck | Ttotal | Status | Flags |
---|---|---|---|---|---|---|
r-devel-linux-x86_64-debian-clang | 0.3.3 | 51.62 | 208.51 | 260.13 | OK | |
r-devel-linux-x86_64-debian-gcc | 0.3.3 | OK | ||||
r-devel-linux-x86_64-fedora-clang | 0.3.3 | 360.71 | NOTE | |||
r-devel-linux-x86_64-fedora-gcc | 0.3.3 | 323.10 | NOTE | |||
r-devel-windows-x86_64 | 0.3.3 | 38.00 | 245.00 | 283.00 | OK | |
r-patched-linux-x86_64 | 0.3.3 | OK | ||||
r-release-linux-x86_64 | 0.3.3 | 30.15 | 193.43 | 223.58 | OK | |
r-release-macos-arm64 | 0.3.3 | 92.00 | OK | |||
r-release-macos-x86_64 | 0.3.3 | 140.00 | OK | |||
r-release-windows-x86_64 | 0.3.3 | 45.00 | 247.00 | 292.00 | OK | |
r-oldrel-macos-arm64 | 0.3.3 | 120.00 | OK | |||
r-oldrel-macos-x86_64 | 0.3.3 | 244.00 | OK | |||
r-oldrel-windows-x86_64 | 0.3.3 | 53.00 | 232.00 | 285.00 | OK |
Version: 0.3.3
Check: Rd cross-references
Result: NOTE
Undeclared package ‘R6’ in Rd xrefs
Flavor: r-devel-linux-x86_64-fedora-clang
Version: 0.3.3
Check: data for non-ASCII characters
Result: NOTE
Note: found 33 marked UTF-8 strings
Flavors: r-devel-linux-x86_64-fedora-clang, r-devel-linux-x86_64-fedora-gcc
These binaries (installable software) and packages are in development.
They may not be fully stable and should be used with caution. We make no claims about them.