Last updated on 2025-02-16 10:50:41 CET.
Flavor | Version | Tinstall | Tcheck | Ttotal | Status | Flags |
---|---|---|---|---|---|---|
r-devel-linux-x86_64-debian-clang | 1.0.2 | 48.90 | 122.68 | 171.58 | OK | |
r-devel-linux-x86_64-debian-gcc | 1.0.2 | 35.44 | 86.86 | 122.30 | OK | |
r-devel-linux-x86_64-fedora-clang | 1.0.2 | 313.36 | OK | |||
r-devel-linux-x86_64-fedora-gcc | 1.0.2 | 286.37 | OK | |||
r-devel-macos-arm64 | 1.0.2 | 72.00 | OK | |||
r-devel-macos-x86_64 | 1.0.2 | 204.00 | OK | |||
r-devel-windows-x86_64 | 1.0.2 | 49.00 | 236.00 | 285.00 | OK | |
r-patched-linux-x86_64 | 1.0.2 | 50.58 | 113.87 | 164.45 | OK | |
r-release-linux-x86_64 | 1.0.2 | 44.39 | 113.86 | 158.25 | OK | |
r-release-macos-arm64 | 1.0.2 | 83.00 | NOTE | |||
r-release-macos-x86_64 | 1.0.2 | 209.00 | NOTE | |||
r-release-windows-x86_64 | 1.0.2 | 52.00 | 233.00 | 285.00 | NOTE | |
r-oldrel-macos-arm64 | 1.0.0 | 89.00 | NOTE | |||
r-oldrel-macos-x86_64 | 1.0.2 | 152.00 | NOTE | |||
r-oldrel-windows-x86_64 | 1.0.2 | 69.00 | 230.00 | 299.00 | NOTE |
Version: 1.0.2
Check: installed package size
Result: NOTE
installed size is 6.2Mb
sub-directories of 1Mb or more:
R 2.0Mb
data 1.6Mb
libs 1.1Mb
Flavors: r-release-macos-arm64, r-release-macos-x86_64, r-release-windows-x86_64, r-oldrel-macos-x86_64, r-oldrel-windows-x86_64
Version: 1.0.0
Check: installed package size
Result: NOTE
installed size is 6.2Mb
sub-directories of 1Mb or more:
R 2.1Mb
data 1.6Mb
libs 1.1Mb
Flavor: r-oldrel-macos-arm64
These binaries (installable software) and packages are in development.
They may not be fully stable and should be used with caution. We make no claims about them.