Last updated on 2025-05-08 04:51:58 CEST.
Flavor | Version | Tinstall | Tcheck | Ttotal | Status | Flags |
---|---|---|---|---|---|---|
r-devel-linux-x86_64-debian-clang | 1.5.0 | 5.99 | 54.77 | 60.76 | NOTE | |
r-devel-linux-x86_64-debian-gcc | 1.5.0 | 4.01 | 39.53 | 43.54 | NOTE | |
r-devel-linux-x86_64-fedora-clang | 1.5.0 | 97.52 | OK | |||
r-devel-linux-x86_64-fedora-gcc | 1.5.0 | 101.77 | OK | |||
r-devel-windows-x86_64 | 1.5.0 | 8.00 | 74.00 | 82.00 | OK | |
r-patched-linux-x86_64 | 1.5.0 | 6.87 | 50.72 | 57.59 | OK | |
r-release-linux-x86_64 | 1.5.0 | 5.79 | 49.86 | 55.65 | OK | |
r-release-macos-arm64 | 1.5.0 | 65.00 | OK | |||
r-release-macos-x86_64 | 1.5.0 | 97.00 | OK | |||
r-release-windows-x86_64 | 1.5.0 | 7.00 | 76.00 | 83.00 | OK | |
r-oldrel-macos-arm64 | 1.5.0 | 44.00 | OK | |||
r-oldrel-macos-x86_64 | 1.5.0 | 94.00 | OK | |||
r-oldrel-windows-x86_64 | 1.5.0 | 6.00 | 80.00 | 86.00 | OK |
Version: 1.5.0
Check: DESCRIPTION meta-information
Result: NOTE
Author field differs from that derived from Authors@R
Author: ‘Nicolas Frerebeau [aut, cre] (<https://orcid.org/0000-0001-5759-4944>), Joe Roe [aut] (<https://orcid.org/0000-0002-1011-1244>), Brice Lebrun [art] (<https://orcid.org/0000-0001-7503-8685>, Logo designer), Université Bordeaux Montaigne [fnd] (03pbgwk21), CNRS [fnd] (02feahw73)’
Authors@R: ‘Nicolas Frerebeau [aut, cre] (ORCID: <https://orcid.org/0000-0001-5759-4944>), Joe Roe [aut] (ORCID: <https://orcid.org/0000-0002-1011-1244>), Brice Lebrun [art] (ORCID: <https://orcid.org/0000-0001-7503-8685>, Logo designer), Université Bordeaux Montaigne [fnd] (ROR: <https://ror.org/03pbgwk21>), CNRS [fnd] (ROR: <https://ror.org/02feahw73>)’
Flavors: r-devel-linux-x86_64-debian-clang, r-devel-linux-x86_64-debian-gcc
These binaries (installable software) and packages are in development.
They may not be fully stable and should be used with caution. We make no claims about them.