Last updated on 2025-10-27 13:49:55 CET.
| Flavor | Version | Tinstall | Tcheck | Ttotal | Status | Flags |
|---|---|---|---|---|---|---|
| r-devel-linux-x86_64-debian-clang | 0.2.1 | 1.74 | 17.52 | 19.26 | NOTE | |
| r-devel-linux-x86_64-debian-gcc | 0.2.1 | 1.28 | 14.82 | 16.10 | NOTE | |
| r-devel-linux-x86_64-fedora-clang | 0.2.1 | 26.30 | NOTE | |||
| r-devel-linux-x86_64-fedora-gcc | 0.2.1 | 27.25 | NOTE | |||
| r-devel-windows-x86_64 | 0.2.1 | 3.00 | 36.00 | 39.00 | OK | |
| r-patched-linux-x86_64 | 0.2.1 | 1.69 | 15.26 | 16.95 | OK | |
| r-release-linux-x86_64 | 0.2.1 | 1.78 | 15.33 | 17.11 | OK | |
| r-release-macos-arm64 | 0.2.1 | 1.00 | 13.00 | 14.00 | OK | |
| r-release-macos-x86_64 | 0.2.1 | 2.00 | 20.00 | 22.00 | OK | |
| r-release-windows-x86_64 | 0.2.1 | 3.00 | 38.00 | 41.00 | OK | |
| r-oldrel-macos-arm64 | 0.2.1 | 1.00 | 17.00 | 18.00 | OK | |
| r-oldrel-macos-x86_64 | 0.2.1 | 2.00 | 18.00 | 20.00 | OK | |
| r-oldrel-windows-x86_64 | 0.2.1 | 4.00 | 41.00 | 45.00 | OK |
Version: 0.2.1
Check: Rd files
Result: NOTE
checkRd: (-1) lumped_daily.Rd:110: height/width attributes should be in pixels
Flavors: r-devel-linux-x86_64-debian-clang, r-devel-linux-x86_64-debian-gcc, r-devel-linux-x86_64-fedora-clang, r-devel-linux-x86_64-fedora-gcc
These binaries (installable software) and packages are in development.
They may not be fully stable and should be used with caution. We make no claims about them.