Last updated on 2025-02-16 10:50:41 CET.
Flavor | Version | Tinstall | Tcheck | Ttotal | Status | Flags |
---|---|---|---|---|---|---|
r-devel-linux-x86_64-debian-clang | 0.1.3 | 2.66 | 109.84 | 112.50 | NOTE | |
r-devel-linux-x86_64-debian-gcc | 0.1.3 | 1.67 | 73.56 | 75.23 | NOTE | |
r-devel-linux-x86_64-fedora-clang | 0.1.3 | 179.01 | NOTE | |||
r-devel-linux-x86_64-fedora-gcc | 0.1.3 | 179.21 | NOTE | |||
r-devel-macos-arm64 | 0.1.3 | 68.00 | NOTE | |||
r-devel-macos-x86_64 | 0.1.3 | 131.00 | NOTE | |||
r-devel-windows-x86_64 | 0.1.3 | 4.00 | 121.00 | 125.00 | NOTE | |
r-patched-linux-x86_64 | 0.1.3 | 4.12 | 106.03 | 110.15 | NOTE | |
r-release-linux-x86_64 | 0.1.3 | 2.44 | 106.88 | 109.32 | NOTE | |
r-release-macos-arm64 | 0.1.3 | 58.00 | NOTE | |||
r-release-macos-x86_64 | 0.1.3 | 90.00 | NOTE | |||
r-release-windows-x86_64 | 0.1.3 | 3.00 | 121.00 | 124.00 | NOTE | |
r-oldrel-macos-arm64 | 0.1.3 | 62.00 | OK | |||
r-oldrel-macos-x86_64 | 0.1.3 | 104.00 | OK | |||
r-oldrel-windows-x86_64 | 0.1.3 | 5.00 | 165.00 | 170.00 | OK |
Version: 0.1.3
Check: Rd files
Result: NOTE
checkRd: (-1) CreateInputsPert.Rd:65: Lost braces
65 | \emph{InputsPert}{[list] object of class \emph{InputsModel} containing the ensembles of perturbed model inputs required to perform data assimilation:}
| ^
Flavors: r-devel-linux-x86_64-debian-clang, r-devel-linux-x86_64-debian-gcc, r-devel-linux-x86_64-fedora-clang, r-devel-linux-x86_64-fedora-gcc, r-devel-macos-arm64, r-devel-macos-x86_64, r-devel-windows-x86_64, r-patched-linux-x86_64, r-release-linux-x86_64, r-release-macos-arm64, r-release-macos-x86_64, r-release-windows-x86_64
Version: 0.1.3
Check: Rd cross-references
Result: NOTE
Found the following Rd file(s) with Rd \link{} targets missing package
anchors:
airGRdatassim.Rd: CreateCalibOptions
Please provide package anchors for all Rd \link{} targets not in the
package itself and the base packages.
Flavors: r-devel-linux-x86_64-debian-clang, r-devel-linux-x86_64-debian-gcc, r-devel-windows-x86_64
These binaries (installable software) and packages are in development.
They may not be fully stable and should be used with caution. We make no claims about them.