Last updated on 2025-05-02 04:49:28 CEST.
Flavor | Version | Tinstall | Tcheck | Ttotal | Status | Flags |
---|---|---|---|---|---|---|
r-devel-linux-x86_64-debian-clang | 0.7.0 | 7.77 | 203.77 | 211.54 | NOTE | |
r-devel-linux-x86_64-debian-gcc | 0.7.0 | 5.25 | 162.12 | 167.37 | NOTE | |
r-devel-linux-x86_64-fedora-clang | 0.7.0 | 332.94 | NOTE | |||
r-devel-linux-x86_64-fedora-gcc | 0.7.0 | 343.37 | NOTE | |||
r-devel-windows-x86_64 | 0.7.0 | 10.00 | 257.00 | 267.00 | NOTE | |
r-patched-linux-x86_64 | 0.7.0 | 7.59 | 203.87 | 211.46 | NOTE | |
r-release-linux-x86_64 | NOTE | |||||
r-release-macos-arm64 | 0.7.0 | 162.00 | NOTE | |||
r-release-macos-x86_64 | 0.7.0 | 283.00 | NOTE | |||
r-release-windows-x86_64 | 0.7.0 | 11.00 | 271.00 | 282.00 | NOTE | |
r-oldrel-macos-arm64 | 0.7.0 | 133.00 | OK | |||
r-oldrel-macos-x86_64 | 0.7.0 | 326.00 | OK | |||
r-oldrel-windows-x86_64 | 0.7.0 | 10.00 | 325.00 | 335.00 | OK |
Version: 0.7.0
Check: DESCRIPTION meta-information
Result: NOTE
Missing dependency on R >= 4.1.0 because package code uses the pipe
|> or function shorthand \(...) syntax added in R 4.1.0.
File(s) using such syntax:
‘plot.GRiwrm.R’
Flavors: r-devel-linux-x86_64-debian-clang, r-devel-linux-x86_64-debian-gcc, r-devel-linux-x86_64-fedora-clang, r-devel-linux-x86_64-fedora-gcc, r-devel-windows-x86_64, r-patched-linux-x86_64, r-release-linux-x86_64, r-release-macos-arm64, r-release-macos-x86_64, r-release-windows-x86_64
These binaries (installable software) and packages are in development.
They may not be fully stable and should be used with caution. We make no claims about them.