Last updated on 2025-02-16 10:50:41 CET.
Flavor | Version | Tinstall | Tcheck | Ttotal | Status | Flags |
---|---|---|---|---|---|---|
r-devel-linux-x86_64-debian-clang | 0.3.4 | 6.08 | 170.41 | 176.49 | OK | |
r-devel-linux-x86_64-debian-gcc | 0.3.4 | 4.20 | 141.14 | 145.34 | OK | |
r-devel-linux-x86_64-fedora-clang | 0.3.4 | 268.53 | OK | |||
r-devel-linux-x86_64-fedora-gcc | 0.3.4 | 294.05 | OK | |||
r-devel-macos-arm64 | 0.3.4 | 92.00 | OK | |||
r-devel-macos-x86_64 | 0.3.4 | 195.00 | OK | |||
r-devel-windows-x86_64 | 0.3.4 | 9.00 | 207.00 | 216.00 | OK | |
r-patched-linux-x86_64 | 0.3.4 | 6.79 | 174.53 | 181.32 | OK | |
r-release-linux-x86_64 | 0.3.4 | 6.57 | 173.18 | 179.75 | OK | |
r-release-macos-arm64 | 0.3.4 | 102.00 | NOTE | |||
r-release-macos-x86_64 | 0.3.4 | 187.00 | NOTE | |||
r-release-windows-x86_64 | 0.3.4 | 9.00 | 217.00 | 226.00 | NOTE | |
r-oldrel-macos-arm64 | 0.3.3 | 149.00 | NOTE | |||
r-oldrel-macos-x86_64 | 0.3.4 | 166.00 | NOTE | |||
r-oldrel-windows-x86_64 | 0.3.4 | 14.00 | 211.00 | 225.00 | NOTE |
Version: 0.3.4
Check: installed package size
Result: NOTE
installed size is 7.1Mb
sub-directories of 1Mb or more:
ShinyGR 3.4Mb
doc 3.4Mb
Flavors: r-release-macos-arm64, r-release-macos-x86_64, r-release-windows-x86_64, r-oldrel-macos-x86_64, r-oldrel-windows-x86_64
Version: 0.3.3
Check: installed package size
Result: NOTE
installed size is 8.0Mb
sub-directories of 1Mb or more:
ShinyGR 4.3Mb
doc 3.4Mb
Flavor: r-oldrel-macos-arm64
These binaries (installable software) and packages are in development.
They may not be fully stable and should be used with caution. We make no claims about them.