Last updated on 2024-07-27 15:50:10 CEST.
Flavor | Version | Tinstall | Tcheck | Ttotal | Status | Flags |
---|---|---|---|---|---|---|
r-devel-linux-x86_64-debian-clang | 0.3.3 | 7.68 | 217.86 | 225.54 | OK | |
r-devel-linux-x86_64-debian-gcc | 0.3.3 | OK | ||||
r-devel-linux-x86_64-fedora-clang | 0.3.3 | 296.47 | NOTE | |||
r-devel-linux-x86_64-fedora-gcc | 0.3.3 | 316.24 | OK | |||
r-devel-windows-x86_64 | 0.3.3 | 9.00 | 202.00 | 211.00 | NOTE | |
r-patched-linux-x86_64 | 0.3.3 | OK | ||||
r-release-linux-x86_64 | 0.3.2 | 7.25 | 239.46 | 246.71 | OK | |
r-release-macos-arm64 | 0.3.3 | 106.00 | NOTE | |||
r-release-macos-x86_64 | 0.3.3 | 270.00 | NOTE | |||
r-release-windows-x86_64 | 0.3.3 | 8.00 | 203.00 | 211.00 | NOTE | |
r-oldrel-macos-arm64 | 0.3.3 | 149.00 | NOTE | |||
r-oldrel-macos-x86_64 | 0.3.3 | 239.00 | NOTE | |||
r-oldrel-windows-x86_64 | 0.3.3 | 12.00 | 214.00 | 226.00 | NOTE |
Version: 0.3.3
Check: installed package size
Result: NOTE
installed size is 8.0Mb
sub-directories of 1Mb or more:
ShinyGR 4.3Mb
doc 3.5Mb
Flavors: r-devel-linux-x86_64-fedora-clang, r-devel-windows-x86_64, r-release-macos-arm64, r-release-macos-x86_64, r-release-windows-x86_64, r-oldrel-macos-arm64, r-oldrel-macos-x86_64, r-oldrel-windows-x86_64
These binaries (installable software) and packages are in development.
They may not be fully stable and should be used with caution. We make no claims about them.