Last updated on 2025-11-27 15:49:43 CET.
| Flavor | Version | Tinstall | Tcheck | Ttotal | Status | Flags |
|---|---|---|---|---|---|---|
| r-devel-linux-x86_64-debian-clang | 0.3.5 | 6.00 | 176.85 | 182.85 | OK | |
| r-devel-linux-x86_64-debian-gcc | 0.3.5 | 3.40 | 144.54 | 147.94 | OK | |
| r-devel-linux-x86_64-fedora-clang | 0.3.5 | 24.00 | 254.58 | 278.58 | OK | |
| r-devel-linux-x86_64-fedora-gcc | 0.3.5 | 12.00 | 280.08 | 292.08 | OK | |
| r-devel-windows-x86_64 | 0.3.5 | 12.00 | 200.00 | 212.00 | OK | |
| r-patched-linux-x86_64 | 0.3.5 | 5.68 | 177.07 | 182.75 | OK | |
| r-release-linux-x86_64 | 0.3.5 | 4.89 | 176.53 | 181.42 | OK | |
| r-release-macos-arm64 | 0.3.5 | OK | ||||
| r-release-macos-x86_64 | 0.3.5 | 5.00 | 173.00 | 178.00 | OK | |
| r-release-windows-x86_64 | 0.3.5 | 11.00 | 197.00 | 208.00 | OK | |
| r-oldrel-macos-arm64 | 0.3.5 | NOTE | ||||
| r-oldrel-macos-x86_64 | 0.3.5 | 4.00 | 166.00 | 170.00 | NOTE | |
| r-oldrel-windows-x86_64 | 0.3.5 | 13.00 | 243.00 | 256.00 | NOTE |
Version: 0.3.5
Check: installed package size
Result: NOTE
installed size is 7.1Mb
sub-directories of 1Mb or more:
ShinyGR 3.4Mb
doc 3.4Mb
Flavors: r-oldrel-macos-arm64, r-oldrel-macos-x86_64, r-oldrel-windows-x86_64
These binaries (installable software) and packages are in development.
They may not be fully stable and should be used with caution. We make no claims about them.