CRAN Package Check Results for Package airship

Last updated on 2025-07-26 03:49:44 CEST.

Flavor Version Tinstall Tcheck Ttotal Status Flags
r-devel-linux-x86_64-debian-clang 1.4.3 8.64 68.08 76.72 NOTE
r-devel-linux-x86_64-debian-gcc 1.4.3 5.71 48.76 54.47 NOTE
r-devel-linux-x86_64-fedora-clang 1.4.3 118.35 NOTE
r-devel-linux-x86_64-fedora-gcc 1.4.3 124.35 NOTE
r-devel-windows-x86_64 1.4.3 12.00 78.00 90.00 NOTE
r-patched-linux-x86_64 1.4.3 8.25 62.45 70.70 NOTE
r-release-linux-x86_64 1.4.3 7.59 63.92 71.51 NOTE
r-release-macos-arm64 1.4.3 39.00 NOTE
r-release-macos-x86_64 1.4.3 76.00 NOTE
r-release-windows-x86_64 1.4.3 10.00 77.00 87.00 NOTE
r-oldrel-macos-arm64 1.4.3 46.00 OK
r-oldrel-macos-x86_64 1.4.3 130.00 OK
r-oldrel-windows-x86_64 1.4.3 13.00 95.00 108.00 OK

Check Details

Version: 1.4.3
Check: DESCRIPTION meta-information
Result: NOTE Missing dependency on R >= 4.1.0 because package code uses the pipe |> or function shorthand \(...) syntax added in R 4.1.0. File(s) using such syntax: ‘airship.R’ Flavors: r-devel-linux-x86_64-debian-clang, r-devel-linux-x86_64-debian-gcc, r-devel-linux-x86_64-fedora-clang, r-devel-linux-x86_64-fedora-gcc, r-devel-windows-x86_64, r-patched-linux-x86_64, r-release-linux-x86_64, r-release-macos-arm64, r-release-macos-x86_64, r-release-windows-x86_64

These binaries (installable software) and packages are in development.
They may not be fully stable and should be used with caution. We make no claims about them.