Last updated on 2025-05-01 17:55:56 CEST.
Flavor | Version | Tinstall | Tcheck | Ttotal | Status | Flags |
---|---|---|---|---|---|---|
r-devel-linux-x86_64-debian-clang | 0.2.2 | 13.92 | 175.73 | 189.65 | NOTE | |
r-devel-linux-x86_64-debian-gcc | 0.2.2 | 10.29 | 122.09 | 132.38 | OK | |
r-devel-linux-x86_64-fedora-clang | 0.2.2 | 278.61 | OK | |||
r-devel-linux-x86_64-fedora-gcc | 0.2.2 | 275.18 | OK | |||
r-devel-windows-x86_64 | 0.2.2 | 15.00 | 170.00 | 185.00 | OK | |
r-patched-linux-x86_64 | 0.2.2 | 13.01 | 162.47 | 175.48 | OK | |
r-release-linux-x86_64 | OK | |||||
r-release-macos-arm64 | 0.2.2 | 77.00 | OK | |||
r-release-macos-x86_64 | 0.2.2 | 158.00 | OK | |||
r-release-windows-x86_64 | 0.2.2 | 15.00 | 171.00 | 186.00 | OK | |
r-oldrel-macos-arm64 | 0.2.2 | 70.00 | OK | |||
r-oldrel-macos-x86_64 | 0.2.2 | 112.00 | OK | |||
r-oldrel-windows-x86_64 | 0.2.2 | 18.00 | 217.00 | 235.00 | OK |
Version: 0.2.2
Check: examples
Result: NOTE
Examples with CPU (user + system) or elapsed time > 5s
user system elapsed
effectiveness_poly 5.087 0.176 6.858
tracelines_poly 4.605 0.004 6.907
latent_trait_analysis 4.091 0.038 5.611
Flavor: r-devel-linux-x86_64-debian-clang
These binaries (installable software) and packages are in development.
They may not be fully stable and should be used with caution. We make no claims about them.