Last updated on 2025-02-23 01:51:34 CET.
Flavor | Version | Tinstall | Tcheck | Ttotal | Status | Flags |
---|---|---|---|---|---|---|
r-devel-linux-x86_64-debian-clang | 0.9.9 | 13.44 | 177.29 | 190.73 | NOTE | |
r-devel-linux-x86_64-debian-gcc | 0.9.9 | 1.94 | 1.65 | 3.59 | ERROR | |
r-devel-linux-x86_64-fedora-clang | 0.9.9 | 7.70 | ERROR | |||
r-devel-linux-x86_64-fedora-gcc | 0.9.9 | 7.07 | ERROR | |||
r-devel-macos-arm64 | 0.9.9 | 93.00 | OK | |||
r-devel-macos-x86_64 | 0.9.9 | 155.00 | OK | |||
r-devel-windows-x86_64 | 0.9.9 | 14.00 | 174.00 | 188.00 | NOTE | |
r-patched-linux-x86_64 | 0.9.9 | 19.66 | 154.89 | 174.55 | OK | |
r-release-linux-x86_64 | 0.9.9 | 11.70 | 155.86 | 167.56 | OK | |
r-release-macos-arm64 | 0.9.9 | 81.00 | OK | |||
r-release-macos-x86_64 | 0.9.9 | 116.00 | OK | |||
r-release-windows-x86_64 | 0.9.9 | 15.00 | 159.00 | 174.00 | OK | |
r-oldrel-macos-arm64 | 0.9.9 | 89.00 | OK | |||
r-oldrel-macos-x86_64 | 0.9.9 | 141.00 | OK | |||
r-oldrel-windows-x86_64 | 0.9.9 | 18.00 | 202.00 | 220.00 | OK |
Version: 0.9.9
Check: Rd cross-references
Result: NOTE
Found the following Rd file(s) with Rd \link{} targets missing package
anchors:
keyword_merge.Rd: stem_strings, lemmatize_strings
Please provide package anchors for all Rd \link{} targets not in the
package itself and the base packages.
Flavors: r-devel-linux-x86_64-debian-clang, r-devel-windows-x86_64
Version: 0.9.9
Check: whether package can be installed
Result: ERROR
Installation failed.
Flavors: r-devel-linux-x86_64-debian-gcc, r-devel-linux-x86_64-fedora-clang, r-devel-linux-x86_64-fedora-gcc
These binaries (installable software) and packages are in development.
They may not be fully stable and should be used with caution. We make no claims about them.