Last updated on 2025-10-24 01:50:18 CEST.
| Flavor | Version | Tinstall | Tcheck | Ttotal | Status | Flags |
|---|---|---|---|---|---|---|
| r-devel-linux-x86_64-debian-clang | 2023.1.0 | 2.02 | 22.96 | 24.98 | NOTE | |
| r-devel-linux-x86_64-debian-gcc | 2023.1.0 | 1.88 | 18.01 | 19.89 | NOTE | |
| r-devel-linux-x86_64-fedora-clang | 2023.1.0 | 37.84 | OK | |||
| r-devel-linux-x86_64-fedora-gcc | 2023.1.0 | 36.07 | OK | |||
| r-devel-windows-x86_64 | 2023.1.0 | 4.00 | 40.00 | 44.00 | OK | |
| r-patched-linux-x86_64 | 2023.1.0 | 2.49 | 21.84 | 24.33 | OK | |
| r-release-linux-x86_64 | 2023.1.0 | 2.16 | 21.84 | 24.00 | OK | |
| r-release-macos-arm64 | 2023.1.0 | 1.00 | 17.00 | 18.00 | OK | |
| r-release-macos-x86_64 | 2023.1.0 | 5.00 | 26.00 | 31.00 | OK | |
| r-release-windows-x86_64 | 2023.1.0 | 6.00 | 44.00 | 50.00 | OK | |
| r-oldrel-macos-arm64 | 2023.1.0 | 1.00 | 20.00 | 21.00 | OK | |
| r-oldrel-macos-x86_64 | 2023.1.0 | 2.00 | 23.00 | 25.00 | OK | |
| r-oldrel-windows-x86_64 | 2023.1.0 | 4.00 | 41.00 | 45.00 | OK |
Version: 2023.1.0
Check: CRAN incoming feasibility
Result: NOTE
Maintainer: ‘Ravi Varadhan <ravi.varadhan@jhu.edu>’
No Authors@R field in DESCRIPTION.
Please add one, modifying
Authors@R: person(given = "Ravi",
family = "Varadhan",
role = c("aut", "cre"),
email = "ravi.varadhan@jhu.edu",
comment = "with contributions from Gabor Grothendieck")
as necessary.
Flavors: r-devel-linux-x86_64-debian-clang, r-devel-linux-x86_64-debian-gcc
These binaries (installable software) and packages are in development.
They may not be fully stable and should be used with caution. We make no claims about them.