Last updated on 2025-05-01 08:52:26 CEST.
Flavor | Version | Tinstall | Tcheck | Ttotal | Status | Flags |
---|---|---|---|---|---|---|
r-devel-linux-x86_64-debian-clang | 1.3.0 | 56.43 | 574.15 | 630.58 | NOTE | |
r-devel-linux-x86_64-debian-gcc | 1.3.0 | 39.51 | 414.69 | 454.20 | NOTE | |
r-devel-linux-x86_64-fedora-clang | 1.3.0 | 1029.22 | NOTE | |||
r-devel-linux-x86_64-fedora-gcc | 1.3.0 | 940.71 | NOTE | |||
r-devel-windows-x86_64 | 1.3.0 | 62.00 | 677.00 | 739.00 | NOTE | |
r-patched-linux-x86_64 | 1.3.0 | 58.69 | 540.28 | 598.97 | NOTE | |
r-release-linux-x86_64 | NOTE | |||||
r-release-macos-arm64 | 1.3.0 | 257.00 | NOTE | |||
r-release-macos-x86_64 | 1.3.0 | 538.00 | NOTE | |||
r-release-windows-x86_64 | 1.3.0 | 61.00 | 681.00 | 742.00 | NOTE | |
r-oldrel-macos-arm64 | 1.3.0 | 250.00 | NOTE | |||
r-oldrel-macos-x86_64 | 1.3.0 | 390.00 | NOTE | |||
r-oldrel-windows-x86_64 | 1.3.0 | 73.00 | 796.00 | 869.00 | NOTE |
Version: 1.3.0
Check: Rd files
Result: NOTE
checkRd: (-1) buildPhylipLineage.Rd:61: Lost braces; missing escapes or markup?
61 | names with the format {"Inferred1", "Inferred2", ...}.
| ^
Flavors: r-devel-linux-x86_64-debian-clang, r-devel-linux-x86_64-debian-gcc, r-devel-linux-x86_64-fedora-clang, r-devel-linux-x86_64-fedora-gcc, r-devel-windows-x86_64, r-patched-linux-x86_64, r-release-linux-x86_64, r-release-macos-arm64, r-release-macos-x86_64, r-release-windows-x86_64, r-oldrel-macos-arm64, r-oldrel-macos-x86_64, r-oldrel-windows-x86_64
Version: 1.3.0
Check: Rd cross-references
Result: NOTE
Found the following Rd file(s) with Rd \link{} targets missing package
anchors:
gridPlot.Rd: ggplot
plotAbundanceCurve.Rd: ggplot
plotDiversityCurve.Rd: ggplot
plotDiversityTest.Rd: ggplot
Please provide package anchors for all Rd \link{} targets not in the
package itself and the base packages.
Flavors: r-devel-linux-x86_64-debian-clang, r-devel-linux-x86_64-debian-gcc, r-devel-windows-x86_64, r-patched-linux-x86_64, r-release-linux-x86_64, r-release-windows-x86_64
Version: 1.3.0
Check: examples
Result: NOTE
Examples with CPU (user + system) or elapsed time > 5s
user system elapsed
alphaDiversity 4.472 0.151 6.213
Flavor: r-devel-linux-x86_64-debian-clang
These binaries (installable software) and packages are in development.
They may not be fully stable and should be used with caution. We make no claims about them.