CRAN Package Check Results for Package alarmdata

Last updated on 2025-02-16 10:50:41 CET.

Flavor Version Tinstall Tcheck Ttotal Status Flags
r-devel-linux-x86_64-debian-clang 0.2.1 4.73 64.36 69.09 NOTE
r-devel-linux-x86_64-debian-gcc 0.2.1 3.17 44.18 47.35 NOTE
r-devel-linux-x86_64-fedora-clang 0.2.1 111.80 NOTE
r-devel-linux-x86_64-fedora-gcc 0.2.1 103.09 NOTE
r-devel-macos-arm64 0.2.1 32.00 OK
r-devel-macos-x86_64 0.2.1 58.00 NOTE
r-devel-windows-x86_64 0.2.1 7.00 88.00 95.00 NOTE
r-patched-linux-x86_64 0.2.1 4.67 59.95 64.62 OK
r-release-linux-x86_64 0.2.1 4.18 59.82 64.00 OK
r-release-macos-arm64 0.2.1 33.00 OK
r-release-macos-x86_64 0.2.1 49.00 OK
r-release-windows-x86_64 0.2.1 6.00 75.00 81.00 OK
r-oldrel-macos-arm64 0.2.1 37.00 OK
r-oldrel-macos-x86_64 0.2.1 63.00 OK
r-oldrel-windows-x86_64 0.2.1 7.00 83.00 90.00 OK

Check Details

Version: 0.2.1
Check: DESCRIPTION meta-information
Result: NOTE Missing dependency on R >= 4.1.0 because package code uses the pipe |> or function shorthand \(...) syntax added in R 4.1.0. File(s) using such syntax: ‘calc_plan_stats.R’ Flavors: r-devel-linux-x86_64-debian-clang, r-devel-linux-x86_64-debian-gcc, r-devel-linux-x86_64-fedora-clang, r-devel-linux-x86_64-fedora-gcc, r-devel-macos-x86_64, r-devel-windows-x86_64

These binaries (installable software) and packages are in development.
They may not be fully stable and should be used with caution. We make no claims about them.