Last updated on 2024-07-27 15:50:10 CEST.
Flavor | Version | Tinstall | Tcheck | Ttotal | Status | Flags |
---|---|---|---|---|---|---|
r-devel-linux-x86_64-debian-clang | 2.0.2 | 4.97 | 40.47 | 45.44 | ERROR | |
r-devel-linux-x86_64-debian-gcc | 2.0.2 | ERROR | ||||
r-devel-linux-x86_64-fedora-clang | 2.0.2 | 58.35 | ERROR | |||
r-devel-linux-x86_64-fedora-gcc | 2.0.2 | 55.35 | ERROR | |||
r-devel-windows-x86_64 | 2.0.2 | 5.00 | 72.00 | 77.00 | OK | |
r-patched-linux-x86_64 | 2.0.2 | ERROR | ||||
r-release-linux-x86_64 | 2.0.2 | 2.86 | 40.11 | 42.97 | OK | |
r-release-macos-arm64 | 2.0.2 | 34.00 | OK | |||
r-release-macos-x86_64 | 2.0.2 | 43.00 | OK | |||
r-release-windows-x86_64 | 2.0.2 | 5.00 | 71.00 | 76.00 | OK | |
r-oldrel-macos-arm64 | 2.0.2 | 44.00 | OK | |||
r-oldrel-macos-x86_64 | 2.0.2 | 264.00 | OK | |||
r-oldrel-windows-x86_64 | 2.0.2 | 7.00 | 153.00 | 160.00 | ERROR |
Version: 2.0.2
Check: examples
Result: ERROR
Running examples in ‘algaeClassify-Ex.R’ failed
The error most likely occurred in:
> base::assign(".ptime", proc.time(), pos = "CheckExEnv")
> ### Name: genus_search_itis
> ### Title: Wrapper function for several functions in ritis:: Searches ITIS
> ### database for matches to a genus name
> ### Aliases: genus_search_itis
>
> ### ** Examples
>
> genus='Anabaena'
> genus_search_itis(genus,higher=FALSE)
Error: Gateway Timeout (HTTP 504)
Execution halted
Flavors: r-devel-linux-x86_64-debian-clang, r-devel-linux-x86_64-debian-gcc, r-patched-linux-x86_64
Version: 2.0.2
Check: examples
Result: ERROR
Running examples in ‘algaeClassify-Ex.R’ failed
The error most likely occurred in:
> ### Name: genus_search_itis
> ### Title: Wrapper function for several functions in ritis:: Searches ITIS
> ### database for matches to a genus name
> ### Aliases: genus_search_itis
>
> ### ** Examples
>
> genus='Anabaena'
> genus_search_itis(genus,higher=FALSE)
Error in curl::curl_fetch_memory(x$url$url, handle = x$url$handle) :
HTTP/2 stream 1 was not closed cleanly before end of the underlying stream
Calls: genus_search_itis ... <Anonymous> -> <Anonymous> -> crul_fetch -> <Anonymous>
Execution halted
Flavor: r-devel-linux-x86_64-fedora-clang
Version: 2.0.2
Check: examples
Result: ERROR
Running examples in ‘algaeClassify-Ex.R’ failed
The error most likely occurred in:
> ### Name: genus_search_itis
> ### Title: Wrapper function for several functions in ritis:: Searches ITIS
> ### database for matches to a genus name
> ### Aliases: genus_search_itis
>
> ### ** Examples
>
> genus='Anabaena'
> genus_search_itis(genus,higher=FALSE)
Error: Gateway Timeout (HTTP 504)
Execution halted
Flavors: r-devel-linux-x86_64-fedora-gcc, r-oldrel-windows-x86_64
These binaries (installable software) and packages are in development.
They may not be fully stable and should be used with caution. We make no claims about them.