Last updated on 2025-02-16 10:50:41 CET.
Flavor | Version | Tinstall | Tcheck | Ttotal | Status | Flags |
---|---|---|---|---|---|---|
r-devel-linux-x86_64-debian-clang | 1.0.2 | 2.36 | 387.09 | 389.45 | NOTE | |
r-devel-linux-x86_64-debian-gcc | 1.0.2 | 1.90 | 270.35 | 272.25 | NOTE | |
r-devel-linux-x86_64-fedora-clang | 1.0.2 | 603.03 | NOTE | |||
r-devel-linux-x86_64-fedora-gcc | 1.0.2 | 703.10 | NOTE | |||
r-devel-macos-arm64 | 1.0.2 | 163.00 | OK | |||
r-devel-macos-x86_64 | 1.0.2 | 371.00 | NOTE | |||
r-devel-windows-x86_64 | 1.0.2 | 5.00 | 348.00 | 353.00 | NOTE | |
r-patched-linux-x86_64 | 1.0.2 | 2.66 | 386.43 | 389.09 | OK | |
r-release-linux-x86_64 | 1.0.2 | 2.50 | 379.63 | 382.13 | OK | |
r-release-macos-arm64 | 1.0.2 | 161.00 | OK | |||
r-release-macos-x86_64 | 1.0.2 | 470.00 | OK | |||
r-release-windows-x86_64 | 1.0.2 | 5.00 | 348.00 | 353.00 | OK | |
r-oldrel-macos-arm64 | 1.0.2 | 245.00 | OK | |||
r-oldrel-macos-x86_64 | 1.0.2 | 530.00 | OK | |||
r-oldrel-windows-x86_64 | 1.0.2 | 5.00 | 440.00 | 445.00 | OK |
Version: 1.0.2
Check: DESCRIPTION meta-information
Result: NOTE
Missing dependency on R >= 4.1.0 because package code uses the pipe
|> or function shorthand \(...) syntax added in R 4.1.0.
File(s) using such syntax:
‘lambda_functions.R’ ‘likelihood-space.R’ ‘snc.R’
Flavors: r-devel-linux-x86_64-debian-clang, r-devel-linux-x86_64-debian-gcc, r-devel-linux-x86_64-fedora-clang, r-devel-linux-x86_64-fedora-gcc, r-devel-macos-x86_64, r-devel-windows-x86_64
These binaries (installable software) and packages are in development.
They may not be fully stable and should be used with caution. We make no claims about them.