Last updated on 2025-11-13 17:50:27 CET.
| Flavor | Version | Tinstall | Tcheck | Ttotal | Status | Flags |
|---|---|---|---|---|---|---|
| r-devel-linux-x86_64-debian-clang | 1.3.0 | 3.75 | 56.88 | 60.63 | NOTE | |
| r-devel-linux-x86_64-debian-gcc | 1.3.0 | 2.75 | 45.41 | 48.16 | NOTE | |
| r-devel-linux-x86_64-fedora-clang | 1.3.0 | 88.85 | OK | |||
| r-devel-linux-x86_64-fedora-gcc | 1.3.0 | 99.17 | OK | |||
| r-devel-windows-x86_64 | 1.3.0 | 5.00 | 79.00 | 84.00 | OK | |
| r-patched-linux-x86_64 | 1.3.0 | 4.72 | 54.20 | 58.92 | OK | |
| r-release-linux-x86_64 | 1.3.0 | 2.77 | 54.03 | 56.80 | OK | |
| r-release-macos-arm64 | 1.3.0 | 2.00 | 34.00 | 36.00 | OK | |
| r-release-macos-x86_64 | 1.3.0 | 3.00 | 92.00 | 95.00 | OK | |
| r-release-windows-x86_64 | 1.3.0 | 7.00 | 79.00 | 86.00 | OK | |
| r-oldrel-macos-arm64 | 1.3.0 | 2.00 | 73.00 | 75.00 | OK | |
| r-oldrel-macos-x86_64 | 1.3.0 | 3.00 | 121.00 | 124.00 | OK | |
| r-oldrel-windows-x86_64 | 1.3.0 | 6.00 | 91.00 | 97.00 | OK |
Version: 1.3.0
Check: DESCRIPTION meta-information
Result: NOTE
Author field differs from that derived from Authors@R
Author: ‘Nicolas Frerebeau [aut, cre] (<https://orcid.org/0000-0001-5759-4944>), Brice Lebrun [art] (<https://orcid.org/0000-0001-7503-8685>, Logo designer), Université Bordeaux Montaigne [fnd] (03pbgwk21), CNRS [fnd] (02feahw73)’
Authors@R: ‘Nicolas Frerebeau [aut, cre] (ORCID: <https://orcid.org/0000-0001-5759-4944>), Brice Lebrun [art] (ORCID: <https://orcid.org/0000-0001-7503-8685>, Logo designer), Université Bordeaux Montaigne [fnd] (ROR: <https://ror.org/03pbgwk21>), CNRS [fnd] (ROR: <https://ror.org/02feahw73>)’
Flavors: r-devel-linux-x86_64-debian-clang, r-devel-linux-x86_64-debian-gcc
These binaries (installable software) and packages are in development.
They may not be fully stable and should be used with caution. We make no claims about them.