Last updated on 2025-07-02 03:50:35 CEST.
Flavor | Version | Tinstall | Tcheck | Ttotal | Status | Flags |
---|---|---|---|---|---|---|
r-devel-linux-x86_64-debian-clang | 0.1.0 | 13.55 | 105.56 | 119.11 | NOTE | |
r-devel-linux-x86_64-debian-gcc | 0.1.0 | 8.85 | 77.12 | 85.97 | NOTE | |
r-devel-linux-x86_64-fedora-clang | 0.1.0 | 187.09 | NOTE | |||
r-devel-linux-x86_64-fedora-gcc | 0.1.0 | 185.35 | NOTE | |||
r-devel-windows-x86_64 | 0.1.0 | 15.00 | 111.00 | 126.00 | NOTE | |
r-patched-linux-x86_64 | NOTE | |||||
r-release-linux-x86_64 | 0.1.0 | 12.84 | 98.19 | 111.03 | NOTE | |
r-release-macos-arm64 | 0.1.0 | 56.00 | NOTE | |||
r-release-macos-x86_64 | 0.1.0 | 98.00 | NOTE | |||
r-release-windows-x86_64 | 0.1.0 | 16.00 | 108.00 | 124.00 | NOTE | |
r-oldrel-macos-arm64 | 0.1.0 | 53.00 | NOTE | |||
r-oldrel-macos-x86_64 | 0.1.0 | 77.00 | NOTE | |||
r-oldrel-windows-x86_64 | 0.1.0 | 20.00 | 135.00 | 155.00 | NOTE |
Version: 0.1.0
Check: Rd files
Result: NOTE
checkRd: (-1) compare_cohorts.Rd:35: Lost braces in \itemize; meant \describe ?
checkRd: (-1) compare_cohorts.Rd:36: Lost braces in \itemize; meant \describe ?
Flavors: r-devel-linux-x86_64-debian-clang, r-devel-linux-x86_64-debian-gcc, r-devel-linux-x86_64-fedora-clang, r-devel-linux-x86_64-fedora-gcc, r-devel-windows-x86_64, r-patched-linux-x86_64, r-release-linux-x86_64, r-release-macos-arm64, r-release-macos-x86_64, r-release-windows-x86_64, r-oldrel-macos-arm64, r-oldrel-macos-x86_64, r-oldrel-windows-x86_64
These binaries (installable software) and packages are in development.
They may not be fully stable and should be used with caution. We make no claims about them.