Last updated on 2025-10-23 21:51:19 CEST.
| Flavor | Version | Tinstall | Tcheck | Ttotal | Status | Flags |
|---|---|---|---|---|---|---|
| r-devel-linux-x86_64-debian-clang | 2.5.5 | 4.91 | 35.72 | 40.63 | OK | |
| r-devel-linux-x86_64-debian-gcc | 2.5.5 | 3.50 | 26.14 | 29.64 | NOTE | |
| r-devel-linux-x86_64-fedora-clang | 2.5.5 | 10.00 | 49.55 | 59.55 | OK | |
| r-devel-linux-x86_64-fedora-gcc | 2.5.5 | 56.50 | OK | |||
| r-devel-windows-x86_64 | 2.5.5 | 6.00 | 56.00 | 62.00 | OK | |
| r-patched-linux-x86_64 | 2.5.5 | 5.21 | 33.24 | 38.45 | OK | |
| r-release-linux-x86_64 | 2.5.5 | 5.13 | 33.18 | 38.31 | OK | |
| r-release-macos-arm64 | 2.5.5 | 2.00 | 17.00 | 19.00 | OK | |
| r-release-macos-x86_64 | 2.5.5 | 7.00 | 30.00 | 37.00 | OK | |
| r-release-windows-x86_64 | 2.5.5 | 9.00 | 76.00 | 85.00 | OK | |
| r-oldrel-macos-arm64 | 2.5.5 | 2.00 | 22.00 | 24.00 | OK | |
| r-oldrel-macos-x86_64 | 2.5.5 | 6.00 | 33.00 | 39.00 | OK | |
| r-oldrel-windows-x86_64 | 2.5.5 | 10.00 | 64.00 | 74.00 | OK |
Version: 2.5.5
Check: Rd files
Result: NOTE
checkRd: (-1) amCluster.Rd:126-135: Only 2 columns allowed in this table (row 1 has 1)
Flavor: r-devel-linux-x86_64-debian-gcc
These binaries (installable software) and packages are in development.
They may not be fully stable and should be used with caution. We make no claims about them.