Last updated on 2024-07-27 15:50:10 CEST.
Flavor | Version | Tinstall | Tcheck | Ttotal | Status | Flags |
---|---|---|---|---|---|---|
r-devel-linux-x86_64-debian-clang | 0.3.9 | 15.50 | 158.17 | 173.67 | OK | |
r-devel-linux-x86_64-debian-gcc | 0.3.9 | NOTE | ||||
r-devel-linux-x86_64-fedora-clang | 0.3.9 | 222.10 | OK | |||
r-devel-linux-x86_64-fedora-gcc | 0.3.9 | 220.64 | OK | |||
r-devel-windows-x86_64 | 0.3.9 | 16.00 | 129.00 | 145.00 | NOTE | |
r-patched-linux-x86_64 | 0.3.9 | OK | ||||
r-release-linux-x86_64 | 0.3.9 | 11.07 | 150.57 | 161.64 | OK | |
r-release-macos-arm64 | 0.3.9 | 73.00 | OK | |||
r-release-macos-x86_64 | 0.3.9 | 98.00 | OK | |||
r-release-windows-x86_64 | 0.3.9 | 17.00 | 129.00 | 146.00 | OK | |
r-oldrel-macos-arm64 | 0.3.9 | 57.00 | OK | |||
r-oldrel-macos-x86_64 | 0.3.9 | 77.00 | OK | |||
r-oldrel-windows-x86_64 | 0.3.9 | 22.00 | 160.00 | 182.00 | OK |
Version: 0.3.9
Check: Rd cross-references
Result: NOTE
Found the following Rd file(s) with Rd \link{} targets missing package
anchors:
cleanse.data.frame.Rd: tbl_df
split_by.data.frame.Rd: tbl_df
treatment_corr.Rd: tbl_df
Please provide package anchors for all Rd \link{} targets not in the
package itself and the base packages.
Flavors: r-devel-linux-x86_64-debian-gcc, r-devel-windows-x86_64
These binaries (installable software) and packages are in development.
They may not be fully stable and should be used with caution. We make no claims about them.