CRAN Package Check Results for Package alookr

Last updated on 2025-05-08 04:51:58 CEST.

Flavor Version Tinstall Tcheck Ttotal Status Flags
r-devel-linux-x86_64-debian-clang 0.3.9 16.07 132.02 148.09 NOTE
r-devel-linux-x86_64-debian-gcc 0.3.9 10.03 98.28 108.31 NOTE
r-devel-linux-x86_64-fedora-clang 0.3.9 241.55 OK
r-devel-linux-x86_64-fedora-gcc 0.3.9 244.64 OK
r-devel-windows-x86_64 0.3.9 17.00 132.00 149.00 NOTE
r-patched-linux-x86_64 0.3.9 12.63 125.89 138.52 NOTE
r-release-linux-x86_64 0.3.9 14.24 124.84 139.08 NOTE
r-release-macos-arm64 0.3.9 65.00 OK
r-release-macos-x86_64 0.3.9 132.00 OK
r-release-windows-x86_64 0.3.9 16.00 132.00 148.00 NOTE
r-oldrel-macos-arm64 0.3.9 73.00 OK
r-oldrel-macos-x86_64 0.3.9 98.00 OK
r-oldrel-windows-x86_64 0.3.9 22.00 173.00 195.00 OK

Check Details

Version: 0.3.9
Check: Rd cross-references
Result: NOTE Found the following Rd file(s) with Rd \link{} targets missing package anchors: cleanse.data.frame.Rd: tbl_df split_by.data.frame.Rd: tbl_df treatment_corr.Rd: tbl_df Please provide package anchors for all Rd \link{} targets not in the package itself and the base packages. Flavors: r-devel-linux-x86_64-debian-clang, r-devel-linux-x86_64-debian-gcc, r-devel-windows-x86_64, r-patched-linux-x86_64, r-release-linux-x86_64, r-release-windows-x86_64

These binaries (installable software) and packages are in development.
They may not be fully stable and should be used with caution. We make no claims about them.