Last updated on 2025-10-27 13:49:55 CET.
| Flavor | Version | Tinstall | Tcheck | Ttotal | Status | Flags |
|---|---|---|---|---|---|---|
| r-devel-linux-x86_64-fedora-clang | 0.3.5 | 30.00 | 89.06 | 119.06 | OK | |
| r-devel-linux-x86_64-fedora-gcc | 0.3.5 | 25.00 | 94.22 | 119.22 | OK | |
| r-release-macos-arm64 | 0.3.4 | 15.00 | 44.00 | 59.00 | NOTE | |
| r-release-macos-x86_64 | 0.3.4 | 14.00 | 60.00 | 74.00 | NOTE | |
| r-oldrel-macos-arm64 | 0.3.5 | 17.00 | 27.00 | 44.00 | OK | |
| r-oldrel-macos-x86_64 | 0.3.5 | 53.00 | 186.00 | 239.00 | OK |
Version: 0.3.4
Check: C++ specification
Result: NOTE
Specified C++11: please drop specification unless essential
Flavors: r-release-macos-arm64, r-release-macos-x86_64
These binaries (installable software) and packages are in development.
They may not be fully stable and should be used with caution. We make no claims about them.