Last updated on 2025-07-02 01:51:31 CEST.
Flavor | Version | Tinstall | Tcheck | Ttotal | Status | Flags |
---|---|---|---|---|---|---|
r-devel-linux-x86_64-debian-clang | 2.5 | 12.03 | 109.40 | 121.43 | NOTE | |
r-devel-linux-x86_64-debian-gcc | 2.5 | 8.32 | 80.77 | 89.09 | NOTE | |
r-devel-linux-x86_64-fedora-clang | 2.5 | 189.20 | OK | |||
r-devel-linux-x86_64-fedora-gcc | 2.5 | 189.08 | OK | |||
r-devel-windows-x86_64 | 2.5 | 14.00 | 143.00 | 157.00 | OK | |
r-patched-linux-x86_64 | OK | |||||
r-release-linux-x86_64 | 2.5 | 12.84 | 101.50 | 114.34 | OK | |
r-release-macos-arm64 | 2.5 | 74.00 | OK | |||
r-release-macos-x86_64 | 2.5 | 115.00 | OK | |||
r-release-windows-x86_64 | 2.5 | 13.00 | 141.00 | 154.00 | OK | |
r-oldrel-macos-arm64 | 2.5 | 57.00 | OK | |||
r-oldrel-macos-x86_64 | 2.5 | 88.00 | OK | |||
r-oldrel-windows-x86_64 | 2.5 | 16.00 | 160.00 | 176.00 | OK |
Version: 2.5
Check: CRAN incoming feasibility
Result: NOTE
Maintainer: ‘Beatriz Pateiro-Lopez <beatriz.pateiro@usc.es>’
No Authors@R field in DESCRIPTION.
Please add one, modifying
Authors@R: c(person(given = "Beatriz",
family = "Pateiro-Lopez",
role = c("aut", "cre"),
email = "beatriz.pateiro@usc.es"),
person(given = "Alberto",
family = "Rodriguez-Casal"),
person(family = ".",
role = "aut"))
as necessary.
Flavors: r-devel-linux-x86_64-debian-clang, r-devel-linux-x86_64-debian-gcc
These binaries (installable software) and packages are in development.
They may not be fully stable and should be used with caution. We make no claims about them.