Last updated on 2025-10-24 05:50:31 CEST.
| Flavor | Version | Tinstall | Tcheck | Ttotal | Status | Flags |
|---|---|---|---|---|---|---|
| r-devel-linux-x86_64-debian-clang | 2.5 | 13.10 | 121.40 | 134.50 | NOTE | |
| r-devel-linux-x86_64-debian-gcc | 2.5 | 9.32 | 86.71 | 96.03 | NOTE | |
| r-devel-linux-x86_64-fedora-clang | 2.5 | 27.00 | 167.15 | 194.15 | OK | |
| r-devel-linux-x86_64-fedora-gcc | 2.5 | 29.00 | 172.18 | 201.18 | OK | |
| r-devel-windows-x86_64 | 2.5 | 13.00 | 141.00 | 154.00 | OK | |
| r-patched-linux-x86_64 | 2.5 | 11.92 | 113.46 | 125.38 | OK | |
| r-release-linux-x86_64 | 2.5 | 12.23 | 113.08 | 125.31 | OK | |
| r-release-macos-arm64 | 2.5 | 6.00 | 68.00 | 74.00 | OK | |
| r-release-macos-x86_64 | 2.5 | 10.00 | 105.00 | 115.00 | OK | |
| r-release-windows-x86_64 | 2.5 | 14.00 | 143.00 | 157.00 | OK | |
| r-oldrel-macos-arm64 | 2.5 | 5.00 | 52.00 | 57.00 | OK | |
| r-oldrel-macos-x86_64 | 2.5 | 8.00 | 80.00 | 88.00 | OK | |
| r-oldrel-windows-x86_64 | 2.5 | 18.00 | 175.00 | 193.00 | OK |
Version: 2.5
Check: CRAN incoming feasibility
Result: NOTE
Maintainer: ‘Beatriz Pateiro-Lopez <beatriz.pateiro@usc.es>’
No Authors@R field in DESCRIPTION.
Please add one, modifying
Authors@R: c(person(given = "Beatriz",
family = "Pateiro-Lopez",
role = c("aut", "cre"),
email = "beatriz.pateiro@usc.es"),
person(given = "Alberto",
family = "Rodriguez-Casal"),
person(family = ".",
role = "aut"))
as necessary.
Flavors: r-devel-linux-x86_64-debian-clang, r-devel-linux-x86_64-debian-gcc
These binaries (installable software) and packages are in development.
They may not be fully stable and should be used with caution. We make no claims about them.