CRAN Package Check Results for Package alphahull

Last updated on 2025-05-29 19:51:25 CEST.

Flavor Version Tinstall Tcheck Ttotal Status Flags
r-devel-linux-x86_64-debian-clang 2.5 12.24 107.54 119.78 NOTE
r-devel-linux-x86_64-debian-gcc 2.5 8.74 78.52 87.26 NOTE
r-devel-linux-x86_64-fedora-clang 2.5 189.20 OK
r-devel-linux-x86_64-fedora-gcc 2.5 199.26 OK
r-devel-windows-x86_64 2.5 15.00 141.00 156.00 OK
r-patched-linux-x86_64 2.5 12.91 102.10 115.01 OK
r-release-linux-x86_64 2.5 10.33 102.10 112.43 OK
r-release-macos-arm64 2.5 74.00 OK
r-release-macos-x86_64 2.5 115.00 OK
r-release-windows-x86_64 2.5 14.00 142.00 156.00 OK
r-oldrel-macos-arm64 2.5 57.00 OK
r-oldrel-macos-x86_64 2.5 88.00 OK
r-oldrel-windows-x86_64 2.5 18.00 164.00 182.00 OK

Check Details

Version: 2.5
Check: CRAN incoming feasibility
Result: NOTE Maintainer: ‘Beatriz Pateiro-Lopez <beatriz.pateiro@usc.es>’ No Authors@R field in DESCRIPTION. Please add one, modifying Authors@R: c(person(given = "Beatriz", family = "Pateiro-Lopez", role = c("aut", "cre"), email = "beatriz.pateiro@usc.es"), person(given = "Alberto", family = "Rodriguez-Casal"), person(family = ".", role = "aut")) as necessary. Flavors: r-devel-linux-x86_64-debian-clang, r-devel-linux-x86_64-debian-gcc

These binaries (installable software) and packages are in development.
They may not be fully stable and should be used with caution. We make no claims about them.