Last updated on 2025-10-25 01:50:52 CEST.
| Flavor | Version | Tinstall | Tcheck | Ttotal | Status | Flags |
|---|---|---|---|---|---|---|
| r-devel-linux-x86_64-debian-clang | 0.1.1 | 1.82 | 19.49 | 21.31 | OK | |
| r-devel-linux-x86_64-debian-gcc | 0.1.1 | 1.47 | 16.35 | 17.82 | OK | |
| r-devel-linux-x86_64-fedora-clang | 0.1.1 | 30.74 | OK | |||
| r-devel-linux-x86_64-fedora-gcc | 0.1.1 | 29.51 | OK | |||
| r-devel-windows-x86_64 | 0.1.1 | 4.00 | 40.00 | 44.00 | OK | |
| r-patched-linux-x86_64 | 0.1.1 | 1.95 | 18.37 | 20.32 | OK | |
| r-release-linux-x86_64 | 0.1.1 | 1.81 | 18.17 | 19.98 | OK | |
| r-release-macos-arm64 | 0.1.1 | 1.00 | 15.00 | 16.00 | OK | |
| r-release-macos-x86_64 | 0.1.1 | 2.00 | 22.00 | 24.00 | OK | |
| r-release-windows-x86_64 | 0.1.1 | 4.00 | 40.00 | 44.00 | OK | |
| r-oldrel-macos-arm64 | 0.1.1 | 1.00 | 13.00 | 14.00 | NOTE | |
| r-oldrel-macos-x86_64 | 0.1.1 | 1.00 | 17.00 | 18.00 | NOTE | |
| r-oldrel-windows-x86_64 | 0.1.1 | 4.00 | 45.00 | 49.00 | NOTE |
Version: 0.1.1
Check: LazyData
Result: NOTE
'LazyData' is specified without a 'data' directory
Flavors: r-oldrel-macos-arm64, r-oldrel-macos-x86_64, r-oldrel-windows-x86_64
These binaries (installable software) and packages are in development.
They may not be fully stable and should be used with caution. We make no claims about them.