Last updated on 2025-02-02 14:48:18 CET.
Flavor | Version | Tinstall | Tcheck | Ttotal | Status | Flags |
---|---|---|---|---|---|---|
r-devel-linux-x86_64-debian-clang | 0.5.0 | 3.60 | 84.22 | 87.82 | OK | |
r-devel-linux-x86_64-debian-gcc | 0.5.0 | 2.41 | 64.23 | 66.64 | OK | |
r-devel-linux-x86_64-fedora-clang | 0.5.0 | 145.03 | OK | |||
r-devel-linux-x86_64-fedora-gcc | 0.5.0 | 154.94 | OK | |||
r-devel-windows-x86_64 | 0.5.0 | 5.00 | 107.00 | 112.00 | OK | |
r-patched-linux-x86_64 | 0.5.0 | 3.61 | 80.91 | 84.52 | OK | |
r-release-linux-x86_64 | 0.5.0 | 2.95 | 81.20 | 84.15 | OK | |
r-release-macos-arm64 | 0.5.0 | 54.00 | ERROR | |||
r-release-macos-x86_64 | 0.5.0 | 96.00 | ERROR | |||
r-release-windows-x86_64 | 0.5.0 | 6.00 | 106.00 | 112.00 | OK | |
r-oldrel-macos-arm64 | 0.4.0 | 41.00 | ERROR | |||
r-oldrel-macos-x86_64 | 0.4.0 | 76.00 | ERROR | |||
r-oldrel-windows-x86_64 | 0.5.0 | 6.00 | 127.00 | 133.00 | OK |
Version: 0.5.0
Check: tests
Result: ERROR
Running ‘spelling.R’ [0s/0s]
Running ‘testthat.R’ [11s/17s]
Running the tests in ‘tests/testthat.R’ failed.
Complete output:
> library(testthat)
> library(altdoc)
>
> test_check("altdoc")
v Setting active project to
"/private/var/folders/k4/0jwzxmln0nb8y6rkzprptb640000gq/T/RtmpNLhmFf/testpkg12785145e7efa".
i Creating `altdoc/` directory.
i Creating `docs/` directory.
i Adding ^docs$ to .Rbuildignore
i Adding ^altdoc$ to .Rbuildignore
i Adding altdoc/freeze.rds to .gitignore
i Importing default settings file(s) to `altdoc/`
i README.md is mandatory. `altdoc` created a dummy README file in the package directory.
-- Basic files -----------------------------------------------------------------
v 'README' imported.
-- Man pages -------------------------------------------------------------------
i No man pages to convert.
-- Vignettes -------------------------------------------------------------------
i No vignettes to convert.
-- Update HTML -----------------------------------------------------------------
v HTML updated.
-- Complete --------------------------------------------------------------------
v Documentation updated.
v Setting active project to "<no active project>".
v Setting active project to
"/private/var/folders/k4/0jwzxmln0nb8y6rkzprptb640000gq/T/RtmpNLhmFf/testpkg1278517bc996f".
i Creating `altdoc/` directory.
i Creating `docs/` directory.
i Adding ^docs$ to .Rbuildignore
i Adding ^altdoc$ to .Rbuildignore
i Adding altdoc/freeze.rds to .gitignore
i Importing default settings file(s) to `altdoc/`
i README.md is mandatory. `altdoc` created a dummy README file in the package directory.
v Setting active project to "<no active project>".
v Setting active project to
"/private/var/folders/k4/0jwzxmln0nb8y6rkzprptb640000gq/T/RtmpNLhmFf/testpkg1278511ad3edd".
i Creating `altdoc/` directory.
i Creating `docs/` directory.
i Adding ^docs$ to .Rbuildignore
i Adding ^altdoc$ to .Rbuildignore
i Adding altdoc/freeze.rds to .gitignore
i Importing default settings file(s) to `altdoc/`
i README.md is mandatory. `altdoc` created a dummy README file in the package directory.
v Setting active project to "<no active project>".
v Setting active project to
"/private/var/folders/k4/0jwzxmln0nb8y6rkzprptb640000gq/T/RtmpNLhmFf/testpkg127851731137b".
i Creating `altdoc/` directory.
i Creating `docs/` directory.
i Adding ^docs$ to .Rbuildignore
i Adding ^altdoc$ to .Rbuildignore
i Adding altdoc/freeze.rds to .gitignore
i Importing default settings file(s) to `altdoc/`
i README.md is mandatory. `altdoc` created a dummy README file in the package directory.
v Setting active project to "<no active project>".
v Setting active project to
"/private/var/folders/k4/0jwzxmln0nb8y6rkzprptb640000gq/T/RtmpNLhmFf/testpkg12785292b7a92".
i Creating `altdoc/` directory.
i Creating `docs/` directory.
i Adding ^docs$ to .Rbuildignore
i Adding ^altdoc$ to .Rbuildignore
i Adding altdoc/freeze.rds to .gitignore
i Importing default settings file(s) to `altdoc/`
i README.md is mandatory. `altdoc` created a dummy README file in the package directory.
i Leaving 'README.md' unchanged.
[ ] Update 'README.md' to include installation instructions.
-- Basic files -----------------------------------------------------------------
v 'README' imported.
-- Man pages -------------------------------------------------------------------
i No man pages to convert.
-- Vignettes -------------------------------------------------------------------
i No vignettes to convert.
-- Update HTML -----------------------------------------------------------------
v HTML updated.
-- Complete --------------------------------------------------------------------
v Documentation updated.
v Setting active project to "<no active project>".
v Setting active project to
"/private/var/folders/k4/0jwzxmln0nb8y6rkzprptb640000gq/T/RtmpNLhmFf/testpkg127852d763a93".
i Creating `altdoc/` directory.
i Creating `docs/` directory.
i Adding ^docs$ to .Rbuildignore
i Adding ^altdoc$ to .Rbuildignore
i Adding altdoc/freeze.rds to .gitignore
i Importing default settings file(s) to `altdoc/`
i README.md is mandatory. `altdoc` created a dummy README file in the package directory.
i Leaving 'README.md' unchanged.
[ ] Update 'README.md' to include installation instructions.
-- Basic files -----------------------------------------------------------------
v 'README' imported.
-- Man pages -------------------------------------------------------------------
i No man pages to convert.
-- Vignettes -------------------------------------------------------------------
i No vignettes to convert.
-- Update HTML -----------------------------------------------------------------
v HTML updated.
-- Complete --------------------------------------------------------------------
v Documentation updated.
v Setting active project to "<no active project>".
v Setting active project to
"/private/var/folders/k4/0jwzxmln0nb8y6rkzprptb640000gq/T/RtmpNLhmFf/testpkg127856e0b5838".
i Creating `altdoc/` directory.
i Creating `docs/` directory.
i Adding ^docs$ to .Rbuildignore
i Adding ^altdoc$ to .Rbuildignore
i Adding altdoc/freeze.rds to .gitignore
i Importing default settings file(s) to `altdoc/`
i README.md is mandatory. `altdoc` created a dummy README file in the package directory.
v Setting active project to "<no active project>".
v Setting active project to
"/private/var/folders/k4/0jwzxmln0nb8y6rkzprptb640000gq/T/RtmpNLhmFf/testpkg127851a2807b9".
i Creating `altdoc/` directory.
i Creating `docs/` directory.
i Adding ^docs$ to .Rbuildignore
i Adding ^altdoc$ to .Rbuildignore
i Adding altdoc/freeze.rds to .gitignore
i Importing default settings file(s) to `altdoc/`
i README.md is mandatory. `altdoc` created a dummy README file in the package directory.
v Setting active project to "<no active project>".
v Setting active project to
"/private/var/folders/k4/0jwzxmln0nb8y6rkzprptb640000gq/T/RtmpNLhmFf/testpkg127853e449342".
i Creating `altdoc/` directory.
i Creating `docs/` directory.
i Adding ^docs$ to .Rbuildignore
i Adding ^altdoc$ to .Rbuildignore
i Adding altdoc/freeze.rds to .gitignore
i Importing default settings file(s) to `altdoc/`
i README.md is mandatory. `altdoc` created a dummy README file in the package directory.
v Setting active project to "<no active project>".
v Setting active project to
"/private/var/folders/k4/0jwzxmln0nb8y6rkzprptb640000gq/T/RtmpNLhmFf/testpkg127854186ebf8".
v Setting active project to "<no active project>".
v Setting active project to
"/private/var/folders/k4/0jwzxmln0nb8y6rkzprptb640000gq/T/RtmpNLhmFf/testpkg12785613e4be9".
i Creating `altdoc/` directory.
i Creating `docs/` directory.
i Adding ^docs$ to .Rbuildignore
i Adding ^altdoc$ to .Rbuildignore
i Adding altdoc/freeze.rds to .gitignore
i Importing default settings file(s) to `altdoc/`
i README.md is mandatory. `altdoc` created a dummy README file in the package directory.
-- Basic files -----------------------------------------------------------------
v 'README' imported.
-- Man pages -------------------------------------------------------------------
i No man pages to convert.
-- Vignettes -------------------------------------------------------------------
i Found 1 vignette to convert.
\ Converting vignette 1/1: foo.Rmd
x Converting vignette 1/1: foo.Rmd [58ms]
v Setting active project to "<no active project>".
v Setting active project to
"/private/var/folders/k4/0jwzxmln0nb8y6rkzprptb640000gq/T/RtmpNLhmFf/testpkg127851beb5e3a".
i Creating `altdoc/` directory.
i Creating `docs/` directory.
i Adding ^docs$ to .Rbuildignore
i Adding ^altdoc$ to .Rbuildignore
i Adding altdoc/freeze.rds to .gitignore
i Importing default settings file(s) to `altdoc/`
i README.md is mandatory. `altdoc` created a dummy README file in the package directory.
-- Basic files -----------------------------------------------------------------
v 'README' imported.
-- Man pages -------------------------------------------------------------------
i Found 1 man page to convert.
\ Converting function reference 1/1: foo
x Converting function reference 1/1: foo [58ms]
v Setting active project to "<no active project>".
v Setting active project to
"/private/var/folders/k4/0jwzxmln0nb8y6rkzprptb640000gq/T/RtmpNLhmFf/testpkg1278511636a3f".
i Creating `altdoc/` directory.
i Creating `docs/` directory.
i Adding ^docs$ to .Rbuildignore
i Adding ^altdoc$ to .Rbuildignore
i Adding altdoc/freeze.rds to .gitignore
i Adding altdoc/pkgdown.yml file.
i Importing default settings file(s) to `altdoc/`
i README.md is mandatory. `altdoc` created a dummy README file in the package directory.
-- Basic files -----------------------------------------------------------------
v 'README' imported.
-- Man pages -------------------------------------------------------------------
i No man pages to convert.
-- Vignettes -------------------------------------------------------------------
i No vignettes to convert.
-- Update HTML -----------------------------------------------------------------
v HTML updated.
-- Complete --------------------------------------------------------------------
v Documentation updated.
v Setting active project to "<no active project>".
v Setting active project to
"/private/var/folders/k4/0jwzxmln0nb8y6rkzprptb640000gq/T/RtmpNLhmFf/testpkg12785322ca5af".
i Creating `altdoc/` directory.
i Creating `docs/` directory.
i Adding ^docs$ to .Rbuildignore
i Adding ^altdoc$ to .Rbuildignore
i Adding altdoc/freeze.rds to .gitignore
i Importing default settings file(s) to `altdoc/`
i README.md is mandatory. `altdoc` created a dummy README file in the package directory.
-- Basic files -----------------------------------------------------------------
v 'README' imported.
-- Man pages -------------------------------------------------------------------
i No man pages to convert.
-- Vignettes -------------------------------------------------------------------
i No vignettes to convert.
-- Update HTML -----------------------------------------------------------------
v HTML updated.
-- Complete --------------------------------------------------------------------
v Documentation updated.
v Setting active project to "<no active project>".
v Setting active project to
"/private/var/folders/k4/0jwzxmln0nb8y6rkzprptb640000gq/T/RtmpNLhmFf/testproj1278576065e8f".
v Setting active project to "<no active project>".
v Setting active project to
"/private/var/folders/k4/0jwzxmln0nb8y6rkzprptb640000gq/T/RtmpNLhmFf/testpkg127855114777f".
i Creating `altdoc/` directory.
i Creating `docs/` directory.
i Adding ^docs$ to .Rbuildignore
i Adding ^altdoc$ to .Rbuildignore
i Adding altdoc/freeze.rds to .gitignore
i Importing default settings file(s) to `altdoc/`
i README.md is mandatory. `altdoc` created a dummy README file in the package directory.
v Setting active project to "<no active project>".
v Setting active project to
"/private/var/folders/k4/0jwzxmln0nb8y6rkzprptb640000gq/T/RtmpNLhmFf/testpkg1278516d8c00a".
v Setting active project to "<no active project>".
v Setting active project to
"/private/var/folders/k4/0jwzxmln0nb8y6rkzprptb640000gq/T/RtmpNLhmFf/testpkg127857eacbb66".
i Creating `altdoc/` directory.
i Creating `docs/` directory.
i Adding ^docs$ to .Rbuildignore
i Adding ^altdoc$ to .Rbuildignore
i Adding altdoc/freeze.rds to .gitignore
i Importing default settings file(s) to `altdoc/`
i README.md is mandatory. `altdoc` created a dummy README file in the package directory.
i Creating `docs/` directory.
i Importing default settings file(s) to `altdoc/`
v Setting active project to "<no active project>".
v Setting active project to
"/private/var/folders/k4/0jwzxmln0nb8y6rkzprptb640000gq/T/RtmpNLhmFf/testpkg12785172c5101".
i Creating `altdoc/` directory.
i Creating `docs/` directory.
i Adding ^docs$ to .Rbuildignore
i Adding ^altdoc$ to .Rbuildignore
i Adding altdoc/freeze.rds to .gitignore
i Importing default settings file(s) to `altdoc/`
i README.md is mandatory. `altdoc` created a dummy README file in the package directory.
i Creating `docs/` directory.
i Importing default settings file(s) to `altdoc/`
v Setting active project to "<no active project>".
v Setting active project to
"/private/var/folders/k4/0jwzxmln0nb8y6rkzprptb640000gq/T/RtmpNLhmFf/testpkg1278576259e70".
i Creating `altdoc/` directory.
i Creating `docs/` directory.
i Adding ^docs$ to .Rbuildignore
i Adding ^altdoc$ to .Rbuildignore
i Adding altdoc/freeze.rds to .gitignore
i Adding ^_quarto$ to .Rbuildignore
i Adding _quarto/* to .gitignore
i Adding !_quarto/_freeze/ to .gitignore
i Importing default settings file(s) to `altdoc/`
i README.md is mandatory. `altdoc` created a dummy README file in the package directory.
v Setting active project to "<no active project>".
v Setting active project to
"/private/var/folders/k4/0jwzxmln0nb8y6rkzprptb640000gq/T/RtmpNLhmFf/testpkg127853757d477".
i Creating `altdoc/` directory.
i Creating `docs/` directory.
i Adding ^docs$ to .Rbuildignore
i Adding ^altdoc$ to .Rbuildignore
i Adding altdoc/freeze.rds to .gitignore
i Importing default settings file(s) to `altdoc/`
i README.md is mandatory. `altdoc` created a dummy README file in the package directory.
v Setting active project to "<no active project>".
v Setting active project to
"/private/var/folders/k4/0jwzxmln0nb8y6rkzprptb640000gq/T/RtmpNLhmFf/testpkg127855ce2cb8e".
i Creating `altdoc/` directory.
i Creating `docs/` directory.
i Adding ^docs$ to .Rbuildignore
i Adding ^altdoc$ to .Rbuildignore
i Adding altdoc/freeze.rds to .gitignore
i Importing default settings file(s) to `altdoc/`
i README.md is mandatory. `altdoc` created a dummy README file in the package directory.
v '.github/workflows/altdoc.yaml' created.
v Added `altdoc` in Suggests.
v Setting active project to "<no active project>".
v Setting active project to
"/private/var/folders/k4/0jwzxmln0nb8y6rkzprptb640000gq/T/RtmpNLhmFf/testpkg12785213da026".
i Creating `altdoc/` directory.
i Creating `docs/` directory.
i Adding ^docs$ to .Rbuildignore
i Adding ^altdoc$ to .Rbuildignore
i Adding altdoc/freeze.rds to .gitignore
i Importing default settings file(s) to `altdoc/`
i README.md is mandatory. `altdoc` created a dummy README file in the package directory.
i Leaving 'README.md' unchanged.
[ ] Update 'README.md' to include installation instructions.
-- Basic files -----------------------------------------------------------------
v 'README' imported.
-- Man pages -------------------------------------------------------------------
i No man pages to convert.
-- Vignettes -------------------------------------------------------------------
i No vignettes to convert.
-- Update HTML -----------------------------------------------------------------
v HTML updated.
-- Complete --------------------------------------------------------------------
v Documentation updated.
v Setting active project to "<no active project>".
v Setting active project to
"/private/var/folders/k4/0jwzxmln0nb8y6rkzprptb640000gq/T/RtmpNLhmFf/testpkg12785622e72cf".
i Creating `altdoc/` directory.
i Creating `docs/` directory.
i Adding ^docs$ to .Rbuildignore
i Adding ^altdoc$ to .Rbuildignore
i Adding altdoc/freeze.rds to .gitignore
i Importing default settings file(s) to `altdoc/`
i README.md is mandatory. `altdoc` created a dummy README file in the package directory.
i Leaving 'README.md' unchanged.
[ ] Update 'README.md' to include installation instructions.
-- Basic files -----------------------------------------------------------------
v 'README' imported.
-- Man pages -------------------------------------------------------------------
i No man pages to convert.
-- Vignettes -------------------------------------------------------------------
i No vignettes to convert.
-- Update HTML -----------------------------------------------------------------
v HTML updated.
-- Complete --------------------------------------------------------------------
v Documentation updated.
v Setting active project to "<no active project>".
v Setting active project to
"/private/var/folders/k4/0jwzxmln0nb8y6rkzprptb640000gq/T/RtmpNLhmFf/testpkg127856acabf".
v Writing 'NEWS.md'.
i Creating `altdoc/` directory.
i Creating `docs/` directory.
i Adding ^docs$ to .Rbuildignore
i Adding ^altdoc$ to .Rbuildignore
i Adding altdoc/freeze.rds to .gitignore
i Importing default settings file(s) to `altdoc/`
i README.md is mandatory. `altdoc` created a dummy README file in the package directory.
-- Basic files -----------------------------------------------------------------
v 'NEWS' imported.
v 'README' imported.
-- Man pages -------------------------------------------------------------------
i No man pages to convert.
-- Vignettes -------------------------------------------------------------------
i No vignettes to convert.
-- Update HTML -----------------------------------------------------------------
v HTML updated.
-- Complete --------------------------------------------------------------------
v Documentation updated.
-- Basic files -----------------------------------------------------------------
v 'NEWS' imported.
v 'README' imported.
-- Man pages -------------------------------------------------------------------
i No man pages to convert.
-- Vignettes -------------------------------------------------------------------
i No vignettes to convert.
-- Update HTML -----------------------------------------------------------------
v HTML updated.
-- Complete --------------------------------------------------------------------
v Documentation updated.
v Setting active project to "<no active project>".
v Setting active project to
"/private/var/folders/k4/0jwzxmln0nb8y6rkzprptb640000gq/T/RtmpNLhmFf/testpkg12785235cbddf".
v Writing 'NEWS.md'.
i Creating `altdoc/` directory.
i Creating `docs/` directory.
i Adding ^docs$ to .Rbuildignore
i Adding ^altdoc$ to .Rbuildignore
i Adding altdoc/freeze.rds to .gitignore
i Importing default settings file(s) to `altdoc/`
i README.md is mandatory. `altdoc` created a dummy README file in the package directory.
-- Basic files -----------------------------------------------------------------
v 'NEWS' imported.
v 'README' imported.
-- Man pages -------------------------------------------------------------------
i No man pages to convert.
-- Vignettes -------------------------------------------------------------------
i No vignettes to convert.
-- Update HTML -----------------------------------------------------------------
v HTML updated.
-- Complete --------------------------------------------------------------------
v Documentation updated.
-- Basic files -----------------------------------------------------------------
v 'NEWS' imported.
v 'README' imported.
-- Man pages -------------------------------------------------------------------
i No man pages to convert.
-- Vignettes -------------------------------------------------------------------
i No vignettes to convert.
-- Update HTML -----------------------------------------------------------------
v HTML updated.
-- Complete --------------------------------------------------------------------
v Documentation updated.
v Setting active project to "<no active project>".
v Setting active project to
"/private/var/folders/k4/0jwzxmln0nb8y6rkzprptb640000gq/T/RtmpNLhmFf/testpkg127851d86e330".
v Writing 'CODE_OF_CONDUCT.md'.
v Adding "^CODE_OF_CONDUCT\\.md$" to '.Rbuildignore'.
[ ] You may also want to describe the code of conduct in your README:
## Code of Conduct
Please note that the testpkg127851d86e330 project is released with a [Contributor Code of Conduct](https://contributor-covenant.org/version/2/1/CODE_OF_CONDUCT.html). By contributing to this project, you agree to abide by its terms.
i Creating `altdoc/` directory.
i Creating `docs/` directory.
i Adding ^docs$ to .Rbuildignore
i Adding ^altdoc$ to .Rbuildignore
i Adding altdoc/freeze.rds to .gitignore
i Importing default settings file(s) to `altdoc/`
i README.md is mandatory. `altdoc` created a dummy README file in the package directory.
-- Basic files -----------------------------------------------------------------
v 'CODE_OF_CONDUCT' imported.
v 'README' imported.
-- Man pages -------------------------------------------------------------------
i No man pages to convert.
-- Vignettes -------------------------------------------------------------------
i No vignettes to convert.
-- Update HTML -----------------------------------------------------------------
v HTML updated.
-- Complete --------------------------------------------------------------------
v Documentation updated.
-- Basic files -----------------------------------------------------------------
v 'CODE_OF_CONDUCT' imported.
v 'README' imported.
-- Man pages -------------------------------------------------------------------
i No man pages to convert.
-- Vignettes -------------------------------------------------------------------
i No vignettes to convert.
-- Update HTML -----------------------------------------------------------------
v HTML updated.
-- Complete --------------------------------------------------------------------
v Documentation updated.
v Setting active project to "<no active project>".
v Setting active project to
"/private/var/folders/k4/0jwzxmln0nb8y6rkzprptb640000gq/T/RtmpNLhmFf/testpkg12785606e3dda".
v Writing 'CODE_OF_CONDUCT.md'.
v Adding "^CODE_OF_CONDUCT\\.md$" to '.Rbuildignore'.
[ ] You may also want to describe the code of conduct in your README:
## Code of Conduct
Please note that the testpkg12785606e3dda project is released with a [Contributor Code of Conduct](https://contributor-covenant.org/version/2/1/CODE_OF_CONDUCT.html). By contributing to this project, you agree to abide by its terms.
i Creating `altdoc/` directory.
i Creating `docs/` directory.
i Adding ^docs$ to .Rbuildignore
i Adding ^altdoc$ to .Rbuildignore
i Adding altdoc/freeze.rds to .gitignore
i Importing default settings file(s) to `altdoc/`
i README.md is mandatory. `altdoc` created a dummy README file in the package directory.
-- Basic files -----------------------------------------------------------------
v 'CODE_OF_CONDUCT' imported.
v 'README' imported.
-- Man pages -------------------------------------------------------------------
i No man pages to convert.
-- Vignettes -------------------------------------------------------------------
i No vignettes to convert.
-- Update HTML -----------------------------------------------------------------
v HTML updated.
-- Complete --------------------------------------------------------------------
v Documentation updated.
-- Basic files -----------------------------------------------------------------
v 'CODE_OF_CONDUCT' imported.
v 'README' imported.
-- Man pages -------------------------------------------------------------------
i No man pages to convert.
-- Vignettes -------------------------------------------------------------------
i No vignettes to convert.
-- Update HTML -----------------------------------------------------------------
v HTML updated.
-- Complete --------------------------------------------------------------------
v Documentation updated.
v Setting active project to "<no active project>".
v Setting active project to
"/private/var/folders/k4/0jwzxmln0nb8y6rkzprptb640000gq/T/RtmpNLhmFf/testpkg1278565e56305".
v Adding "MIT + file LICENSE" to 'License'.
v Writing 'LICENSE'.
v Writing 'LICENSE.md'.
v Adding "^LICENSE\\.md$" to '.Rbuildignore'.
i Creating `altdoc/` directory.
i Creating `docs/` directory.
i Adding ^docs$ to .Rbuildignore
i Adding ^altdoc$ to .Rbuildignore
i Adding altdoc/freeze.rds to .gitignore
i Importing default settings file(s) to `altdoc/`
i README.md is mandatory. `altdoc` created a dummy README file in the package directory.
-- Basic files -----------------------------------------------------------------
v 'LICENSE' imported.
v 'README' imported.
-- Man pages -------------------------------------------------------------------
i No man pages to convert.
-- Vignettes -------------------------------------------------------------------
i No vignettes to convert.
-- Update HTML -----------------------------------------------------------------
v HTML updated.
-- Complete --------------------------------------------------------------------
v Documentation updated.
-- Basic files -----------------------------------------------------------------
v 'LICENSE' imported.
v 'README' imported.
-- Man pages -------------------------------------------------------------------
i No man pages to convert.
-- Vignettes -------------------------------------------------------------------
i No vignettes to convert.
-- Update HTML -----------------------------------------------------------------
v HTML updated.
-- Complete --------------------------------------------------------------------
v Documentation updated.
v Setting active project to "<no active project>".
v Setting active project to
"/private/var/folders/k4/0jwzxmln0nb8y6rkzprptb640000gq/T/RtmpNLhmFf/testpkg12785db839f7".
v Adding "MIT + file LICENSE" to 'License'.
v Writing 'LICENSE'.
v Writing 'LICENSE.md'.
v Adding "^LICENSE\\.md$" to '.Rbuildignore'.
i Creating `altdoc/` directory.
i Creating `docs/` directory.
i Adding ^docs$ to .Rbuildignore
i Adding ^altdoc$ to .Rbuildignore
i Adding altdoc/freeze.rds to .gitignore
i Importing default settings file(s) to `altdoc/`
i README.md is mandatory. `altdoc` created a dummy README file in the package directory.
-- Basic files -----------------------------------------------------------------
v 'LICENSE' imported.
v 'README' imported.
-- Man pages -------------------------------------------------------------------
i No man pages to convert.
-- Vignettes -------------------------------------------------------------------
i No vignettes to convert.
-- Update HTML -----------------------------------------------------------------
v HTML updated.
-- Complete --------------------------------------------------------------------
v Documentation updated.
-- Basic files -----------------------------------------------------------------
v 'LICENSE' imported.
v 'README' imported.
-- Man pages -------------------------------------------------------------------
i No man pages to convert.
-- Vignettes -------------------------------------------------------------------
i No vignettes to convert.
-- Update HTML -----------------------------------------------------------------
v HTML updated.
-- Complete --------------------------------------------------------------------
v Documentation updated.
v Setting active project to "<no active project>".
v Setting active project to
"/private/var/folders/k4/0jwzxmln0nb8y6rkzprptb640000gq/T/RtmpNLhmFf/testpkg1278548571d6".
i Creating `altdoc/` directory.
i Creating `docs/` directory.
i Adding ^docs$ to .Rbuildignore
i Adding ^altdoc$ to .Rbuildignore
i Adding altdoc/freeze.rds to .gitignore
i Importing default settings file(s) to `altdoc/`
i README.md is mandatory. `altdoc` created a dummy README file in the package directory.
-- Basic files -----------------------------------------------------------------
v 'README' imported.
-- Man pages -------------------------------------------------------------------
i No man pages to convert.
-- Vignettes -------------------------------------------------------------------
i Found 1 vignette to convert.
\ Converting vignette 1/1: basic.Rmd
x Converting vignette 1/1: basic.Rmd [73ms]
v Setting active project to "<no active project>".
v Setting active project to
"/private/var/folders/k4/0jwzxmln0nb8y6rkzprptb640000gq/T/RtmpNLhmFf/testpkg1278568e737e7".
i Creating `altdoc/` directory.
i Creating `docs/` directory.
i Adding ^docs$ to .Rbuildignore
i Adding ^altdoc$ to .Rbuildignore
i Adding altdoc/freeze.rds to .gitignore
i Importing default settings file(s) to `altdoc/`
i README.md is mandatory. `altdoc` created a dummy README file in the package directory.
-- Basic files -----------------------------------------------------------------
v 'README' imported.
-- Man pages -------------------------------------------------------------------
i No man pages to convert.
-- Vignettes -------------------------------------------------------------------
i Found 1 vignette to convert.
\ Converting vignette 1/1: basic.Rmd
x Converting vignette 1/1: basic.Rmd [61ms]
v Setting active project to "<no active project>".
v Setting active project to
"/private/var/folders/k4/0jwzxmln0nb8y6rkzprptb640000gq/T/RtmpNLhmFf/testpkg12785193aa59c".
v Setting active project to "<no active project>".
v Setting active project to
"/private/var/folders/k4/0jwzxmln0nb8y6rkzprptb640000gq/T/RtmpNLhmFf/testpkg127856e3bdc2d".
v Setting active project to "<no active project>".
v Setting active project to
"/private/var/folders/k4/0jwzxmln0nb8y6rkzprptb640000gq/T/RtmpNLhmFf/testpkg127853169d2b5".
v Setting active project to "<no active project>".
v Setting active project to
"/private/var/folders/k4/0jwzxmln0nb8y6rkzprptb640000gq/T/RtmpNLhmFf/testpkg127857f71cf39".
v Setting active project to "<no active project>".
v Setting active project to
"/private/var/folders/k4/0jwzxmln0nb8y6rkzprptb640000gq/T/RtmpNLhmFf/testpkg12785531b54e6".
v Setting active project to "<no active project>".
v Setting active project to
"/private/var/folders/k4/0jwzxmln0nb8y6rkzprptb640000gq/T/RtmpNLhmFf/testpkg127853787a9fd".
v Setting active project to "<no active project>".
[ FAIL 8 | WARN 0 | SKIP 8 | PASS 55 ]
══ Skipped tests (8) ═══════════════════════════════════════════════════════════
• .venv_exists() is not TRUE (2): 'test-setup_docs.R:49:5',
'test-setup_github_actions.R:23:3'
• On CRAN (5): 'test-render_docs.R:2:3', 'test-render_docs.R:35:3',
'test-render_docs.R:69:3', 'test-render_docs.R:110:3',
'test-render_docs.R:143:3'
• tool == "mkdocs" && !.venv_exists() is TRUE (1): 'test-parallel.R:3:5'
══ Failed tests ════════════════════════════════════════════════════════════════
── Error ('test-import_man.R:11:3'): rendering fails ───────────────────────────
Error in `cat(out[[2]])`: argument 1 (type 'list') cannot be handled by 'cat'
Backtrace:
▆
1. ├─testthat::expect_equal(...) at test-import_man.R:11:3
2. │ └─testthat::quasi_label(enquo(object), label, arg = "object")
3. │ └─rlang::eval_bare(expr, quo_get_env(quo))
4. └─altdoc:::.render_one_man(...)
5. └─altdoc:::.qmd2md(...)
6. └─base::cat(out[[2]])
── Error ('test-import_man.R:47:3'): rendering skipped because unchanged and freeze = TRUE ──
Error in `cat(out[[2]])`: argument 1 (type 'list') cannot be handled by 'cat'
Backtrace:
▆
1. └─altdoc:::.render_one_man(...) at test-import_man.R:47:3
2. └─altdoc:::.qmd2md(...)
3. └─base::cat(out[[2]])
── Error ('test-qmd2md.R:11:3'): use template preamble if no preamble in file ──
Error in `cat(out[[2]])`: argument 1 (type 'list') cannot be handled by 'cat'
Backtrace:
▆
1. └─altdoc:::.qmd2md(vignette_qmd, "vignettes", preamble = preamble) at test-qmd2md.R:11:3
2. └─base::cat(out[[2]])
── Error ('test-qmd2md.R:28:3'): do not use template preamble if preamble in file ──
Error in `cat(out[[2]])`: argument 1 (type 'list') cannot be handled by 'cat'
Backtrace:
▆
1. └─altdoc:::.qmd2md(vignette_qmd, "vignettes", preamble = preamble) at test-qmd2md.R:28:3
2. └─base::cat(out[[2]])
── Error ('test-render_docs.R:175:3'): render_docs errors if vignettes fail ────
Error in `cat(out[[2]])`: argument 1 (type 'list') cannot be handled by 'cat'
Backtrace:
▆
1. ├─testthat::expect_error(render_docs(path = getwd()), "some failures when rendering vignettes") at test-render_docs.R:175:3
2. │ └─testthat:::expect_condition_matching(...)
3. │ └─testthat:::quasi_capture(...)
4. │ ├─testthat (local) .capture(...)
5. │ │ └─base::withCallingHandlers(...)
6. │ └─rlang::eval_bare(quo_get_expr(.quo), quo_get_env(.quo))
7. └─altdoc::render_docs(path = getwd())
8. └─altdoc:::.import_vignettes(...)
9. └─base::vapply(...)
10. └─altdoc (local) FUN(X[[i]], ...)
11. └─altdoc:::.render_one_vignette(...)
12. └─altdoc:::.qmd2md(origin, tar_dir, verbose = verbose, preamble = pre)
13. └─base::cat(out[[2]])
── Error ('test-render_docs.R:186:3'): render_docs errors if man fail ──────────
Error in `cat(out[[2]])`: argument 1 (type 'list') cannot be handled by 'cat'
Backtrace:
▆
1. ├─testthat::expect_error(render_docs(path = getwd()), "some failures when rendering man pages") at test-render_docs.R:186:3
2. │ └─testthat:::expect_condition_matching(...)
3. │ └─testthat:::quasi_capture(...)
4. │ ├─testthat (local) .capture(...)
5. │ │ └─base::withCallingHandlers(...)
6. │ └─rlang::eval_bare(quo_get_expr(.quo), quo_get_env(.quo))
7. └─altdoc::render_docs(path = getwd())
8. └─altdoc:::.import_man(...)
9. └─base::vapply(...)
10. └─altdoc (local) FUN(X[[i]], ...)
11. └─altdoc:::.render_one_man(...)
12. └─altdoc:::.qmd2md(...)
13. └─base::cat(out[[2]])
── Error ('test-update.R:111:5'): render_docs also transform new/modified vignettes if specified: docute ──
Error in `cat(out[[2]])`: argument 1 (type 'list') cannot be handled by 'cat'
Backtrace:
▆
1. └─altdoc::render_docs(path = getwd()) at test-update.R:111:5
2. └─altdoc:::.import_vignettes(...)
3. └─base::vapply(...)
4. └─altdoc (local) FUN(X[[i]], ...)
5. └─altdoc:::.render_one_vignette(...)
6. └─altdoc:::.qmd2md(origin, tar_dir, verbose = verbose, preamble = pre)
7. └─base::cat(out[[2]])
── Error ('test-update.R:111:5'): render_docs also transform new/modified vignettes if specified: docsify ──
Error in `cat(out[[2]])`: argument 1 (type 'list') cannot be handled by 'cat'
Backtrace:
▆
1. └─altdoc::render_docs(path = getwd()) at test-update.R:111:5
2. └─altdoc:::.import_vignettes(...)
3. └─base::vapply(...)
4. └─altdoc (local) FUN(X[[i]], ...)
5. └─altdoc:::.render_one_vignette(...)
6. └─altdoc:::.qmd2md(origin, tar_dir, verbose = verbose, preamble = pre)
7. └─base::cat(out[[2]])
[ FAIL 8 | WARN 0 | SKIP 8 | PASS 55 ]
Error: Test failures
Execution halted
Flavor: r-release-macos-arm64
Version: 0.5.0
Check: tests
Result: ERROR
Running ‘spelling.R’ [0s/1s]
Running ‘testthat.R’ [18s/33s]
Running the tests in ‘tests/testthat.R’ failed.
Complete output:
> library(testthat)
> library(altdoc)
>
> test_check("altdoc")
v Setting active project to
"/private/var/folders/2b/t0kwbtmn3p7brv2mvx39c9cr0000gn/T/RtmpGe4ItM/testpkgc94755c3e3ec".
i Creating `altdoc/` directory.
i Creating `docs/` directory.
i Adding ^docs$ to .Rbuildignore
i Adding ^altdoc$ to .Rbuildignore
i Adding altdoc/freeze.rds to .gitignore
i Importing default settings file(s) to `altdoc/`
i README.md is mandatory. `altdoc` created a dummy README file in the package directory.
-- Basic files -----------------------------------------------------------------
v 'README' imported.
-- Man pages -------------------------------------------------------------------
i No man pages to convert.
-- Vignettes -------------------------------------------------------------------
i No vignettes to convert.
-- Update HTML -----------------------------------------------------------------
v HTML updated.
-- Complete --------------------------------------------------------------------
v Documentation updated.
v Setting active project to "<no active project>".
v Setting active project to
"/private/var/folders/2b/t0kwbtmn3p7brv2mvx39c9cr0000gn/T/RtmpGe4ItM/testpkgc9471f395b6e".
i Creating `altdoc/` directory.
i Creating `docs/` directory.
i Adding ^docs$ to .Rbuildignore
i Adding ^altdoc$ to .Rbuildignore
i Adding altdoc/freeze.rds to .gitignore
i Importing default settings file(s) to `altdoc/`
i README.md is mandatory. `altdoc` created a dummy README file in the package directory.
v Setting active project to "<no active project>".
v Setting active project to
"/private/var/folders/2b/t0kwbtmn3p7brv2mvx39c9cr0000gn/T/RtmpGe4ItM/testpkgc9474f904f3".
i Creating `altdoc/` directory.
i Creating `docs/` directory.
i Adding ^docs$ to .Rbuildignore
i Adding ^altdoc$ to .Rbuildignore
i Adding altdoc/freeze.rds to .gitignore
i Importing default settings file(s) to `altdoc/`
i README.md is mandatory. `altdoc` created a dummy README file in the package directory.
v Setting active project to "<no active project>".
v Setting active project to
"/private/var/folders/2b/t0kwbtmn3p7brv2mvx39c9cr0000gn/T/RtmpGe4ItM/testpkgc94784c2aea".
i Creating `altdoc/` directory.
i Creating `docs/` directory.
i Adding ^docs$ to .Rbuildignore
i Adding ^altdoc$ to .Rbuildignore
i Adding altdoc/freeze.rds to .gitignore
i Importing default settings file(s) to `altdoc/`
i README.md is mandatory. `altdoc` created a dummy README file in the package directory.
v Setting active project to "<no active project>".
v Setting active project to
"/private/var/folders/2b/t0kwbtmn3p7brv2mvx39c9cr0000gn/T/RtmpGe4ItM/testpkgc94723ff0a59".
i Creating `altdoc/` directory.
i Creating `docs/` directory.
i Adding ^docs$ to .Rbuildignore
i Adding ^altdoc$ to .Rbuildignore
i Adding altdoc/freeze.rds to .gitignore
i Importing default settings file(s) to `altdoc/`
i README.md is mandatory. `altdoc` created a dummy README file in the package directory.
i Leaving 'README.md' unchanged.
[ ] Update 'README.md' to include installation instructions.
-- Basic files -----------------------------------------------------------------
v 'README' imported.
-- Man pages -------------------------------------------------------------------
i No man pages to convert.
-- Vignettes -------------------------------------------------------------------
i No vignettes to convert.
-- Update HTML -----------------------------------------------------------------
v HTML updated.
-- Complete --------------------------------------------------------------------
v Documentation updated.
v Setting active project to "<no active project>".
v Setting active project to
"/private/var/folders/2b/t0kwbtmn3p7brv2mvx39c9cr0000gn/T/RtmpGe4ItM/testpkgc947225c9db6".
i Creating `altdoc/` directory.
i Creating `docs/` directory.
i Adding ^docs$ to .Rbuildignore
i Adding ^altdoc$ to .Rbuildignore
i Adding altdoc/freeze.rds to .gitignore
i Importing default settings file(s) to `altdoc/`
i README.md is mandatory. `altdoc` created a dummy README file in the package directory.
i Leaving 'README.md' unchanged.
[ ] Update 'README.md' to include installation instructions.
-- Basic files -----------------------------------------------------------------
v 'README' imported.
-- Man pages -------------------------------------------------------------------
i No man pages to convert.
-- Vignettes -------------------------------------------------------------------
i No vignettes to convert.
-- Update HTML -----------------------------------------------------------------
v HTML updated.
-- Complete --------------------------------------------------------------------
v Documentation updated.
v Setting active project to "<no active project>".
v Setting active project to
"/private/var/folders/2b/t0kwbtmn3p7brv2mvx39c9cr0000gn/T/RtmpGe4ItM/testpkgc94755733951".
i Creating `altdoc/` directory.
i Creating `docs/` directory.
i Adding ^docs$ to .Rbuildignore
i Adding ^altdoc$ to .Rbuildignore
i Adding altdoc/freeze.rds to .gitignore
i Importing default settings file(s) to `altdoc/`
i README.md is mandatory. `altdoc` created a dummy README file in the package directory.
v Setting active project to "<no active project>".
v Setting active project to
"/private/var/folders/2b/t0kwbtmn3p7brv2mvx39c9cr0000gn/T/RtmpGe4ItM/testpkgc947ace08b1".
i Creating `altdoc/` directory.
i Creating `docs/` directory.
i Adding ^docs$ to .Rbuildignore
i Adding ^altdoc$ to .Rbuildignore
i Adding altdoc/freeze.rds to .gitignore
i Importing default settings file(s) to `altdoc/`
i README.md is mandatory. `altdoc` created a dummy README file in the package directory.
v Setting active project to "<no active project>".
v Setting active project to
"/private/var/folders/2b/t0kwbtmn3p7brv2mvx39c9cr0000gn/T/RtmpGe4ItM/testpkgc94764deba4b".
i Creating `altdoc/` directory.
i Creating `docs/` directory.
i Adding ^docs$ to .Rbuildignore
i Adding ^altdoc$ to .Rbuildignore
i Adding altdoc/freeze.rds to .gitignore
i Importing default settings file(s) to `altdoc/`
i README.md is mandatory. `altdoc` created a dummy README file in the package directory.
v Setting active project to "<no active project>".
v Setting active project to
"/private/var/folders/2b/t0kwbtmn3p7brv2mvx39c9cr0000gn/T/RtmpGe4ItM/testpkgc94751a9cee".
v Setting active project to "<no active project>".
v Setting active project to
"/private/var/folders/2b/t0kwbtmn3p7brv2mvx39c9cr0000gn/T/RtmpGe4ItM/testpkgc94764f04819".
i Creating `altdoc/` directory.
i Creating `docs/` directory.
i Adding ^docs$ to .Rbuildignore
i Adding ^altdoc$ to .Rbuildignore
i Adding altdoc/freeze.rds to .gitignore
i Importing default settings file(s) to `altdoc/`
i README.md is mandatory. `altdoc` created a dummy README file in the package directory.
-- Basic files -----------------------------------------------------------------
v 'README' imported.
-- Man pages -------------------------------------------------------------------
i No man pages to convert.
-- Vignettes -------------------------------------------------------------------
i Found 1 vignette to convert.
\ Converting vignette 1/1: foo.Rmd
x Converting vignette 1/1: foo.Rmd [77ms]
v Setting active project to "<no active project>".
v Setting active project to
"/private/var/folders/2b/t0kwbtmn3p7brv2mvx39c9cr0000gn/T/RtmpGe4ItM/testpkgc94741d37801".
i Creating `altdoc/` directory.
i Creating `docs/` directory.
i Adding ^docs$ to .Rbuildignore
i Adding ^altdoc$ to .Rbuildignore
i Adding altdoc/freeze.rds to .gitignore
i Importing default settings file(s) to `altdoc/`
i README.md is mandatory. `altdoc` created a dummy README file in the package directory.
-- Basic files -----------------------------------------------------------------
v 'README' imported.
-- Man pages -------------------------------------------------------------------
i Found 1 man page to convert.
\ Converting function reference 1/1: foo
x Converting function reference 1/1: foo [87ms]
v Setting active project to "<no active project>".
v Setting active project to
"/private/var/folders/2b/t0kwbtmn3p7brv2mvx39c9cr0000gn/T/RtmpGe4ItM/testpkgc9473f246b5a".
i Creating `altdoc/` directory.
i Creating `docs/` directory.
i Adding ^docs$ to .Rbuildignore
i Adding ^altdoc$ to .Rbuildignore
i Adding altdoc/freeze.rds to .gitignore
i Adding altdoc/pkgdown.yml file.
i Importing default settings file(s) to `altdoc/`
i README.md is mandatory. `altdoc` created a dummy README file in the package directory.
-- Basic files -----------------------------------------------------------------
v 'README' imported.
-- Man pages -------------------------------------------------------------------
i No man pages to convert.
-- Vignettes -------------------------------------------------------------------
i No vignettes to convert.
-- Update HTML -----------------------------------------------------------------
v HTML updated.
-- Complete --------------------------------------------------------------------
v Documentation updated.
v Setting active project to "<no active project>".
v Setting active project to
"/private/var/folders/2b/t0kwbtmn3p7brv2mvx39c9cr0000gn/T/RtmpGe4ItM/testpkgc947664e76a8".
i Creating `altdoc/` directory.
i Creating `docs/` directory.
i Adding ^docs$ to .Rbuildignore
i Adding ^altdoc$ to .Rbuildignore
i Adding altdoc/freeze.rds to .gitignore
i Importing default settings file(s) to `altdoc/`
i README.md is mandatory. `altdoc` created a dummy README file in the package directory.
-- Basic files -----------------------------------------------------------------
v 'README' imported.
-- Man pages -------------------------------------------------------------------
i No man pages to convert.
-- Vignettes -------------------------------------------------------------------
i No vignettes to convert.
-- Update HTML -----------------------------------------------------------------
v HTML updated.
-- Complete --------------------------------------------------------------------
v Documentation updated.
v Setting active project to "<no active project>".
v Setting active project to
"/private/var/folders/2b/t0kwbtmn3p7brv2mvx39c9cr0000gn/T/RtmpGe4ItM/testprojc9477ab45ad0".
v Setting active project to "<no active project>".
v Setting active project to
"/private/var/folders/2b/t0kwbtmn3p7brv2mvx39c9cr0000gn/T/RtmpGe4ItM/testpkgc9471fb046d4".
i Creating `altdoc/` directory.
i Creating `docs/` directory.
i Adding ^docs$ to .Rbuildignore
i Adding ^altdoc$ to .Rbuildignore
i Adding altdoc/freeze.rds to .gitignore
i Importing default settings file(s) to `altdoc/`
i README.md is mandatory. `altdoc` created a dummy README file in the package directory.
v Setting active project to "<no active project>".
v Setting active project to
"/private/var/folders/2b/t0kwbtmn3p7brv2mvx39c9cr0000gn/T/RtmpGe4ItM/testpkgc9475fa6fe71".
v Setting active project to "<no active project>".
v Setting active project to
"/private/var/folders/2b/t0kwbtmn3p7brv2mvx39c9cr0000gn/T/RtmpGe4ItM/testpkgc94778be5889".
i Creating `altdoc/` directory.
i Creating `docs/` directory.
i Adding ^docs$ to .Rbuildignore
i Adding ^altdoc$ to .Rbuildignore
i Adding altdoc/freeze.rds to .gitignore
i Importing default settings file(s) to `altdoc/`
i README.md is mandatory. `altdoc` created a dummy README file in the package directory.
i Creating `docs/` directory.
i Importing default settings file(s) to `altdoc/`
v Setting active project to "<no active project>".
v Setting active project to
"/private/var/folders/2b/t0kwbtmn3p7brv2mvx39c9cr0000gn/T/RtmpGe4ItM/testpkgc94738aa17e5".
i Creating `altdoc/` directory.
i Creating `docs/` directory.
i Adding ^docs$ to .Rbuildignore
i Adding ^altdoc$ to .Rbuildignore
i Adding altdoc/freeze.rds to .gitignore
i Importing default settings file(s) to `altdoc/`
i README.md is mandatory. `altdoc` created a dummy README file in the package directory.
i Creating `docs/` directory.
i Importing default settings file(s) to `altdoc/`
v Setting active project to "<no active project>".
v Setting active project to
"/private/var/folders/2b/t0kwbtmn3p7brv2mvx39c9cr0000gn/T/RtmpGe4ItM/testpkgc9476d12de1a".
i Creating `altdoc/` directory.
i Creating `docs/` directory.
i Adding ^docs$ to .Rbuildignore
i Adding ^altdoc$ to .Rbuildignore
i Adding altdoc/freeze.rds to .gitignore
i Adding ^_quarto$ to .Rbuildignore
i Adding _quarto/* to .gitignore
i Adding !_quarto/_freeze/ to .gitignore
i Importing default settings file(s) to `altdoc/`
i README.md is mandatory. `altdoc` created a dummy README file in the package directory.
v Setting active project to "<no active project>".
v Setting active project to
"/private/var/folders/2b/t0kwbtmn3p7brv2mvx39c9cr0000gn/T/RtmpGe4ItM/testpkgc9473123c9bc".
i Creating `altdoc/` directory.
i Creating `docs/` directory.
i Adding ^docs$ to .Rbuildignore
i Adding ^altdoc$ to .Rbuildignore
i Adding altdoc/freeze.rds to .gitignore
i Importing default settings file(s) to `altdoc/`
i README.md is mandatory. `altdoc` created a dummy README file in the package directory.
v Setting active project to "<no active project>".
v Setting active project to
"/private/var/folders/2b/t0kwbtmn3p7brv2mvx39c9cr0000gn/T/RtmpGe4ItM/testpkgc9472b144e51".
i Creating `altdoc/` directory.
i Creating `docs/` directory.
i Adding ^docs$ to .Rbuildignore
i Adding ^altdoc$ to .Rbuildignore
i Adding altdoc/freeze.rds to .gitignore
i Importing default settings file(s) to `altdoc/`
i README.md is mandatory. `altdoc` created a dummy README file in the package directory.
v '.github/workflows/altdoc.yaml' created.
v Added `altdoc` in Suggests.
v Setting active project to "<no active project>".
v Setting active project to
"/private/var/folders/2b/t0kwbtmn3p7brv2mvx39c9cr0000gn/T/RtmpGe4ItM/testpkgc9471c4caa41".
i Creating `altdoc/` directory.
i Creating `docs/` directory.
i Adding ^docs$ to .Rbuildignore
i Adding ^altdoc$ to .Rbuildignore
i Adding altdoc/freeze.rds to .gitignore
i Importing default settings file(s) to `altdoc/`
i README.md is mandatory. `altdoc` created a dummy README file in the package directory.
i Leaving 'README.md' unchanged.
[ ] Update 'README.md' to include installation instructions.
-- Basic files -----------------------------------------------------------------
v 'README' imported.
-- Man pages -------------------------------------------------------------------
i No man pages to convert.
-- Vignettes -------------------------------------------------------------------
i No vignettes to convert.
-- Update HTML -----------------------------------------------------------------
v HTML updated.
-- Complete --------------------------------------------------------------------
v Documentation updated.
v Setting active project to "<no active project>".
v Setting active project to
"/private/var/folders/2b/t0kwbtmn3p7brv2mvx39c9cr0000gn/T/RtmpGe4ItM/testpkgc9473ec465".
i Creating `altdoc/` directory.
i Creating `docs/` directory.
i Adding ^docs$ to .Rbuildignore
i Adding ^altdoc$ to .Rbuildignore
i Adding altdoc/freeze.rds to .gitignore
i Importing default settings file(s) to `altdoc/`
i README.md is mandatory. `altdoc` created a dummy README file in the package directory.
i Leaving 'README.md' unchanged.
[ ] Update 'README.md' to include installation instructions.
-- Basic files -----------------------------------------------------------------
v 'README' imported.
-- Man pages -------------------------------------------------------------------
i No man pages to convert.
-- Vignettes -------------------------------------------------------------------
i No vignettes to convert.
-- Update HTML -----------------------------------------------------------------
v HTML updated.
-- Complete --------------------------------------------------------------------
v Documentation updated.
v Setting active project to "<no active project>".
v Setting active project to
"/private/var/folders/2b/t0kwbtmn3p7brv2mvx39c9cr0000gn/T/RtmpGe4ItM/testpkgc947708594a2".
v Writing 'NEWS.md'.
i Creating `altdoc/` directory.
i Creating `docs/` directory.
i Adding ^docs$ to .Rbuildignore
i Adding ^altdoc$ to .Rbuildignore
i Adding altdoc/freeze.rds to .gitignore
i Importing default settings file(s) to `altdoc/`
i README.md is mandatory. `altdoc` created a dummy README file in the package directory.
-- Basic files -----------------------------------------------------------------
v 'NEWS' imported.
v 'README' imported.
-- Man pages -------------------------------------------------------------------
i No man pages to convert.
-- Vignettes -------------------------------------------------------------------
i No vignettes to convert.
-- Update HTML -----------------------------------------------------------------
v HTML updated.
-- Complete --------------------------------------------------------------------
v Documentation updated.
-- Basic files -----------------------------------------------------------------
v 'NEWS' imported.
v 'README' imported.
-- Man pages -------------------------------------------------------------------
i No man pages to convert.
-- Vignettes -------------------------------------------------------------------
i No vignettes to convert.
-- Update HTML -----------------------------------------------------------------
v HTML updated.
-- Complete --------------------------------------------------------------------
v Documentation updated.
v Setting active project to "<no active project>".
v Setting active project to
"/private/var/folders/2b/t0kwbtmn3p7brv2mvx39c9cr0000gn/T/RtmpGe4ItM/testpkgc94712a37030".
v Writing 'NEWS.md'.
i Creating `altdoc/` directory.
i Creating `docs/` directory.
i Adding ^docs$ to .Rbuildignore
i Adding ^altdoc$ to .Rbuildignore
i Adding altdoc/freeze.rds to .gitignore
i Importing default settings file(s) to `altdoc/`
i README.md is mandatory. `altdoc` created a dummy README file in the package directory.
-- Basic files -----------------------------------------------------------------
v 'NEWS' imported.
v 'README' imported.
-- Man pages -------------------------------------------------------------------
i No man pages to convert.
-- Vignettes -------------------------------------------------------------------
i No vignettes to convert.
-- Update HTML -----------------------------------------------------------------
v HTML updated.
-- Complete --------------------------------------------------------------------
v Documentation updated.
-- Basic files -----------------------------------------------------------------
v 'NEWS' imported.
v 'README' imported.
-- Man pages -------------------------------------------------------------------
i No man pages to convert.
-- Vignettes -------------------------------------------------------------------
i No vignettes to convert.
-- Update HTML -----------------------------------------------------------------
v HTML updated.
-- Complete --------------------------------------------------------------------
v Documentation updated.
v Setting active project to "<no active project>".
v Setting active project to
"/private/var/folders/2b/t0kwbtmn3p7brv2mvx39c9cr0000gn/T/RtmpGe4ItM/testpkgc94776ecf7c1".
v Writing 'CODE_OF_CONDUCT.md'.
v Adding "^CODE_OF_CONDUCT\\.md$" to '.Rbuildignore'.
[ ] You may also want to describe the code of conduct in your README:
## Code of Conduct
Please note that the testpkgc94776ecf7c1 project is released with a [Contributor Code of Conduct](https://contributor-covenant.org/version/2/1/CODE_OF_CONDUCT.html). By contributing to this project, you agree to abide by its terms.
i Creating `altdoc/` directory.
i Creating `docs/` directory.
i Adding ^docs$ to .Rbuildignore
i Adding ^altdoc$ to .Rbuildignore
i Adding altdoc/freeze.rds to .gitignore
i Importing default settings file(s) to `altdoc/`
i README.md is mandatory. `altdoc` created a dummy README file in the package directory.
-- Basic files -----------------------------------------------------------------
v 'CODE_OF_CONDUCT' imported.
v 'README' imported.
-- Man pages -------------------------------------------------------------------
i No man pages to convert.
-- Vignettes -------------------------------------------------------------------
i No vignettes to convert.
-- Update HTML -----------------------------------------------------------------
v HTML updated.
-- Complete --------------------------------------------------------------------
v Documentation updated.
-- Basic files -----------------------------------------------------------------
v 'CODE_OF_CONDUCT' imported.
v 'README' imported.
-- Man pages -------------------------------------------------------------------
i No man pages to convert.
-- Vignettes -------------------------------------------------------------------
i No vignettes to convert.
-- Update HTML -----------------------------------------------------------------
v HTML updated.
-- Complete --------------------------------------------------------------------
v Documentation updated.
v Setting active project to "<no active project>".
v Setting active project to
"/private/var/folders/2b/t0kwbtmn3p7brv2mvx39c9cr0000gn/T/RtmpGe4ItM/testpkgc94738ff67f1".
v Writing 'CODE_OF_CONDUCT.md'.
v Adding "^CODE_OF_CONDUCT\\.md$" to '.Rbuildignore'.
[ ] You may also want to describe the code of conduct in your README:
## Code of Conduct
Please note that the testpkgc94738ff67f1 project is released with a [Contributor Code of Conduct](https://contributor-covenant.org/version/2/1/CODE_OF_CONDUCT.html). By contributing to this project, you agree to abide by its terms.
i Creating `altdoc/` directory.
i Creating `docs/` directory.
i Adding ^docs$ to .Rbuildignore
i Adding ^altdoc$ to .Rbuildignore
i Adding altdoc/freeze.rds to .gitignore
i Importing default settings file(s) to `altdoc/`
i README.md is mandatory. `altdoc` created a dummy README file in the package directory.
-- Basic files -----------------------------------------------------------------
v 'CODE_OF_CONDUCT' imported.
v 'README' imported.
-- Man pages -------------------------------------------------------------------
i No man pages to convert.
-- Vignettes -------------------------------------------------------------------
i No vignettes to convert.
-- Update HTML -----------------------------------------------------------------
v HTML updated.
-- Complete --------------------------------------------------------------------
v Documentation updated.
-- Basic files -----------------------------------------------------------------
v 'CODE_OF_CONDUCT' imported.
v 'README' imported.
-- Man pages -------------------------------------------------------------------
i No man pages to convert.
-- Vignettes -------------------------------------------------------------------
i No vignettes to convert.
-- Update HTML -----------------------------------------------------------------
v HTML updated.
-- Complete --------------------------------------------------------------------
v Documentation updated.
v Setting active project to "<no active project>".
v Setting active project to
"/private/var/folders/2b/t0kwbtmn3p7brv2mvx39c9cr0000gn/T/RtmpGe4ItM/testpkgc94722eea4bb".
v Adding "MIT + file LICENSE" to 'License'.
v Writing 'LICENSE'.
v Writing 'LICENSE.md'.
v Adding "^LICENSE\\.md$" to '.Rbuildignore'.
i Creating `altdoc/` directory.
i Creating `docs/` directory.
i Adding ^docs$ to .Rbuildignore
i Adding ^altdoc$ to .Rbuildignore
i Adding altdoc/freeze.rds to .gitignore
i Importing default settings file(s) to `altdoc/`
i README.md is mandatory. `altdoc` created a dummy README file in the package directory.
-- Basic files -----------------------------------------------------------------
v 'LICENSE' imported.
v 'README' imported.
-- Man pages -------------------------------------------------------------------
i No man pages to convert.
-- Vignettes -------------------------------------------------------------------
i No vignettes to convert.
-- Update HTML -----------------------------------------------------------------
v HTML updated.
-- Complete --------------------------------------------------------------------
v Documentation updated.
-- Basic files -----------------------------------------------------------------
v 'LICENSE' imported.
v 'README' imported.
-- Man pages -------------------------------------------------------------------
i No man pages to convert.
-- Vignettes -------------------------------------------------------------------
i No vignettes to convert.
-- Update HTML -----------------------------------------------------------------
v HTML updated.
-- Complete --------------------------------------------------------------------
v Documentation updated.
v Setting active project to "<no active project>".
v Setting active project to
"/private/var/folders/2b/t0kwbtmn3p7brv2mvx39c9cr0000gn/T/RtmpGe4ItM/testpkgc9471a917aae".
v Adding "MIT + file LICENSE" to 'License'.
v Writing 'LICENSE'.
v Writing 'LICENSE.md'.
v Adding "^LICENSE\\.md$" to '.Rbuildignore'.
i Creating `altdoc/` directory.
i Creating `docs/` directory.
i Adding ^docs$ to .Rbuildignore
i Adding ^altdoc$ to .Rbuildignore
i Adding altdoc/freeze.rds to .gitignore
i Importing default settings file(s) to `altdoc/`
i README.md is mandatory. `altdoc` created a dummy README file in the package directory.
-- Basic files -----------------------------------------------------------------
v 'LICENSE' imported.
v 'README' imported.
-- Man pages -------------------------------------------------------------------
i No man pages to convert.
-- Vignettes -------------------------------------------------------------------
i No vignettes to convert.
-- Update HTML -----------------------------------------------------------------
v HTML updated.
-- Complete --------------------------------------------------------------------
v Documentation updated.
-- Basic files -----------------------------------------------------------------
v 'LICENSE' imported.
v 'README' imported.
-- Man pages -------------------------------------------------------------------
i No man pages to convert.
-- Vignettes -------------------------------------------------------------------
i No vignettes to convert.
-- Update HTML -----------------------------------------------------------------
v HTML updated.
-- Complete --------------------------------------------------------------------
v Documentation updated.
v Setting active project to "<no active project>".
v Setting active project to
"/private/var/folders/2b/t0kwbtmn3p7brv2mvx39c9cr0000gn/T/RtmpGe4ItM/testpkgc9474123507c".
i Creating `altdoc/` directory.
i Creating `docs/` directory.
i Adding ^docs$ to .Rbuildignore
i Adding ^altdoc$ to .Rbuildignore
i Adding altdoc/freeze.rds to .gitignore
i Importing default settings file(s) to `altdoc/`
i README.md is mandatory. `altdoc` created a dummy README file in the package directory.
-- Basic files -----------------------------------------------------------------
v 'README' imported.
-- Man pages -------------------------------------------------------------------
i No man pages to convert.
-- Vignettes -------------------------------------------------------------------
i Found 1 vignette to convert.
\ Converting vignette 1/1: basic.Rmd
x Converting vignette 1/1: basic.Rmd [105ms]
v Setting active project to "<no active project>".
v Setting active project to
"/private/var/folders/2b/t0kwbtmn3p7brv2mvx39c9cr0000gn/T/RtmpGe4ItM/testpkgc94732027f5f".
i Creating `altdoc/` directory.
i Creating `docs/` directory.
i Adding ^docs$ to .Rbuildignore
i Adding ^altdoc$ to .Rbuildignore
i Adding altdoc/freeze.rds to .gitignore
i Importing default settings file(s) to `altdoc/`
i README.md is mandatory. `altdoc` created a dummy README file in the package directory.
-- Basic files -----------------------------------------------------------------
v 'README' imported.
-- Man pages -------------------------------------------------------------------
i No man pages to convert.
-- Vignettes -------------------------------------------------------------------
i Found 1 vignette to convert.
\ Converting vignette 1/1: basic.Rmd
x Converting vignette 1/1: basic.Rmd [114ms]
v Setting active project to "<no active project>".
v Setting active project to
"/private/var/folders/2b/t0kwbtmn3p7brv2mvx39c9cr0000gn/T/RtmpGe4ItM/testpkgc94730e2e135".
v Setting active project to "<no active project>".
v Setting active project to
"/private/var/folders/2b/t0kwbtmn3p7brv2mvx39c9cr0000gn/T/RtmpGe4ItM/testpkgc9474ebaaaf4".
v Setting active project to "<no active project>".
v Setting active project to
"/private/var/folders/2b/t0kwbtmn3p7brv2mvx39c9cr0000gn/T/RtmpGe4ItM/testpkgc947177fbc42".
v Setting active project to "<no active project>".
v Setting active project to
"/private/var/folders/2b/t0kwbtmn3p7brv2mvx39c9cr0000gn/T/RtmpGe4ItM/testpkgc947244e0339".
v Setting active project to "<no active project>".
v Setting active project to
"/private/var/folders/2b/t0kwbtmn3p7brv2mvx39c9cr0000gn/T/RtmpGe4ItM/testpkgc94754f6e850".
v Setting active project to "<no active project>".
v Setting active project to
"/private/var/folders/2b/t0kwbtmn3p7brv2mvx39c9cr0000gn/T/RtmpGe4ItM/testpkgc9471f06ebd7".
v Setting active project to "<no active project>".
[ FAIL 8 | WARN 0 | SKIP 8 | PASS 55 ]
══ Skipped tests (8) ═══════════════════════════════════════════════════════════
• .venv_exists() is not TRUE (2): 'test-setup_docs.R:49:5',
'test-setup_github_actions.R:23:3'
• On CRAN (5): 'test-render_docs.R:2:3', 'test-render_docs.R:35:3',
'test-render_docs.R:69:3', 'test-render_docs.R:110:3',
'test-render_docs.R:143:3'
• tool == "mkdocs" && !.venv_exists() is TRUE (1): 'test-parallel.R:3:5'
══ Failed tests ════════════════════════════════════════════════════════════════
── Error ('test-import_man.R:11:3'): rendering fails ───────────────────────────
Error in `cat(out[[2]])`: argument 1 (type 'list') cannot be handled by 'cat'
Backtrace:
▆
1. ├─testthat::expect_equal(...) at test-import_man.R:11:3
2. │ └─testthat::quasi_label(enquo(object), label, arg = "object")
3. │ └─rlang::eval_bare(expr, quo_get_env(quo))
4. └─altdoc:::.render_one_man(...)
5. └─altdoc:::.qmd2md(...)
6. └─base::cat(out[[2]])
── Error ('test-import_man.R:47:3'): rendering skipped because unchanged and freeze = TRUE ──
Error in `cat(out[[2]])`: argument 1 (type 'list') cannot be handled by 'cat'
Backtrace:
▆
1. └─altdoc:::.render_one_man(...) at test-import_man.R:47:3
2. └─altdoc:::.qmd2md(...)
3. └─base::cat(out[[2]])
── Error ('test-qmd2md.R:11:3'): use template preamble if no preamble in file ──
Error in `cat(out[[2]])`: argument 1 (type 'list') cannot be handled by 'cat'
Backtrace:
▆
1. └─altdoc:::.qmd2md(vignette_qmd, "vignettes", preamble = preamble) at test-qmd2md.R:11:3
2. └─base::cat(out[[2]])
── Error ('test-qmd2md.R:28:3'): do not use template preamble if preamble in file ──
Error in `cat(out[[2]])`: argument 1 (type 'list') cannot be handled by 'cat'
Backtrace:
▆
1. └─altdoc:::.qmd2md(vignette_qmd, "vignettes", preamble = preamble) at test-qmd2md.R:28:3
2. └─base::cat(out[[2]])
── Error ('test-render_docs.R:175:3'): render_docs errors if vignettes fail ────
Error in `cat(out[[2]])`: argument 1 (type 'list') cannot be handled by 'cat'
Backtrace:
▆
1. ├─testthat::expect_error(render_docs(path = getwd()), "some failures when rendering vignettes") at test-render_docs.R:175:3
2. │ └─testthat:::expect_condition_matching(...)
3. │ └─testthat:::quasi_capture(...)
4. │ ├─testthat (local) .capture(...)
5. │ │ └─base::withCallingHandlers(...)
6. │ └─rlang::eval_bare(quo_get_expr(.quo), quo_get_env(.quo))
7. └─altdoc::render_docs(path = getwd())
8. └─altdoc:::.import_vignettes(...)
9. └─base::vapply(...)
10. └─altdoc (local) FUN(X[[i]], ...)
11. └─altdoc:::.render_one_vignette(...)
12. └─altdoc:::.qmd2md(origin, tar_dir, verbose = verbose, preamble = pre)
13. └─base::cat(out[[2]])
── Error ('test-render_docs.R:186:3'): render_docs errors if man fail ──────────
Error in `cat(out[[2]])`: argument 1 (type 'list') cannot be handled by 'cat'
Backtrace:
▆
1. ├─testthat::expect_error(render_docs(path = getwd()), "some failures when rendering man pages") at test-render_docs.R:186:3
2. │ └─testthat:::expect_condition_matching(...)
3. │ └─testthat:::quasi_capture(...)
4. │ ├─testthat (local) .capture(...)
5. │ │ └─base::withCallingHandlers(...)
6. │ └─rlang::eval_bare(quo_get_expr(.quo), quo_get_env(.quo))
7. └─altdoc::render_docs(path = getwd())
8. └─altdoc:::.import_man(...)
9. └─base::vapply(...)
10. └─altdoc (local) FUN(X[[i]], ...)
11. └─altdoc:::.render_one_man(...)
12. └─altdoc:::.qmd2md(...)
13. └─base::cat(out[[2]])
── Error ('test-update.R:111:5'): render_docs also transform new/modified vignettes if specified: docute ──
Error in `cat(out[[2]])`: argument 1 (type 'list') cannot be handled by 'cat'
Backtrace:
▆
1. └─altdoc::render_docs(path = getwd()) at test-update.R:111:5
2. └─altdoc:::.import_vignettes(...)
3. └─base::vapply(...)
4. └─altdoc (local) FUN(X[[i]], ...)
5. └─altdoc:::.render_one_vignette(...)
6. └─altdoc:::.qmd2md(origin, tar_dir, verbose = verbose, preamble = pre)
7. └─base::cat(out[[2]])
── Error ('test-update.R:111:5'): render_docs also transform new/modified vignettes if specified: docsify ──
Error in `cat(out[[2]])`: argument 1 (type 'list') cannot be handled by 'cat'
Backtrace:
▆
1. └─altdoc::render_docs(path = getwd()) at test-update.R:111:5
2. └─altdoc:::.import_vignettes(...)
3. └─base::vapply(...)
4. └─altdoc (local) FUN(X[[i]], ...)
5. └─altdoc:::.render_one_vignette(...)
6. └─altdoc:::.qmd2md(origin, tar_dir, verbose = verbose, preamble = pre)
7. └─base::cat(out[[2]])
[ FAIL 8 | WARN 0 | SKIP 8 | PASS 55 ]
Error: Test failures
Execution halted
Flavor: r-release-macos-x86_64
Version: 0.4.0
Check: tests
Result: ERROR
Running ‘spelling.R’ [0s/0s]
Running ‘testthat.R’ [9s/10s]
Running the tests in ‘tests/testthat.R’ failed.
Complete output:
> library(testthat)
> library(altdoc)
>
> test_check("altdoc")
v Setting active project to
"/private/var/folders/k4/0jwzxmln0nb8y6rkzprptb640000gq/T/RtmpQtTyFE/testpkg77b33164de9".
i Creating `altdoc/` directory.
i Creating `docs/` directory.
i Adding ^docs$ to .Rbuildignore
i Adding ^altdoc$ to .Rbuildignore
i Adding altdoc/freeze.rds to .gitignore
i Importing default settings file(s) to `altdoc/`
i README.md is mandatory. `altdoc` created a dummy README file in the package directory.
-- Basic files -----------------------------------------------------------------
v 'README' imported.
-- Man pages -------------------------------------------------------------------
i No man pages to convert.
-- Vignettes -------------------------------------------------------------------
i No vignettes to convert.
-- Update HTML -----------------------------------------------------------------
v HTML updated.
-- Complete --------------------------------------------------------------------
v Documentation updated.
v Setting active project to "<no active project>".
v Setting active project to
"/private/var/folders/k4/0jwzxmln0nb8y6rkzprptb640000gq/T/RtmpQtTyFE/testpkg77b37f2aa787".
i Creating `altdoc/` directory.
i Creating `docs/` directory.
i Adding ^docs$ to .Rbuildignore
i Adding ^altdoc$ to .Rbuildignore
i Adding altdoc/freeze.rds to .gitignore
i Importing default settings file(s) to `altdoc/`
i README.md is mandatory. `altdoc` created a dummy README file in the package directory.
v Setting active project to "<no active project>".
v Setting active project to
"/private/var/folders/k4/0jwzxmln0nb8y6rkzprptb640000gq/T/RtmpQtTyFE/testpkg77b36ddeaf77".
i Creating `altdoc/` directory.
i Creating `docs/` directory.
i Adding ^docs$ to .Rbuildignore
i Adding ^altdoc$ to .Rbuildignore
i Adding altdoc/freeze.rds to .gitignore
i Importing default settings file(s) to `altdoc/`
i README.md is mandatory. `altdoc` created a dummy README file in the package directory.
v Setting active project to "<no active project>".
v Setting active project to
"/private/var/folders/k4/0jwzxmln0nb8y6rkzprptb640000gq/T/RtmpQtTyFE/testpkg77b326a672ee".
i Creating `altdoc/` directory.
i Creating `docs/` directory.
i Adding ^docs$ to .Rbuildignore
i Adding ^altdoc$ to .Rbuildignore
i Adding altdoc/freeze.rds to .gitignore
i Importing default settings file(s) to `altdoc/`
i README.md is mandatory. `altdoc` created a dummy README file in the package directory.
v Setting active project to "<no active project>".
v Setting active project to
"/private/var/folders/k4/0jwzxmln0nb8y6rkzprptb640000gq/T/RtmpQtTyFE/testpkg77b3445817fe".
i Creating `altdoc/` directory.
i Creating `docs/` directory.
i Adding ^docs$ to .Rbuildignore
i Adding ^altdoc$ to .Rbuildignore
i Adding altdoc/freeze.rds to .gitignore
i Importing default settings file(s) to `altdoc/`
i README.md is mandatory. `altdoc` created a dummy README file in the package directory.
i Leaving 'README.md' unchanged.
[ ] Update 'README.md' to include installation instructions.
-- Basic files -----------------------------------------------------------------
v 'README' imported.
-- Man pages -------------------------------------------------------------------
i No man pages to convert.
-- Vignettes -------------------------------------------------------------------
i No vignettes to convert.
-- Update HTML -----------------------------------------------------------------
v HTML updated.
-- Complete --------------------------------------------------------------------
v Documentation updated.
v Setting active project to "<no active project>".
v Setting active project to
"/private/var/folders/k4/0jwzxmln0nb8y6rkzprptb640000gq/T/RtmpQtTyFE/testpkg77b376d03b25".
i Creating `altdoc/` directory.
i Creating `docs/` directory.
i Adding ^docs$ to .Rbuildignore
i Adding ^altdoc$ to .Rbuildignore
i Adding altdoc/freeze.rds to .gitignore
i Importing default settings file(s) to `altdoc/`
i README.md is mandatory. `altdoc` created a dummy README file in the package directory.
i Leaving 'README.md' unchanged.
[ ] Update 'README.md' to include installation instructions.
-- Basic files -----------------------------------------------------------------
v 'README' imported.
-- Man pages -------------------------------------------------------------------
i No man pages to convert.
-- Vignettes -------------------------------------------------------------------
i No vignettes to convert.
-- Update HTML -----------------------------------------------------------------
v HTML updated.
-- Complete --------------------------------------------------------------------
v Documentation updated.
v Setting active project to "<no active project>".
v Setting active project to
"/private/var/folders/k4/0jwzxmln0nb8y6rkzprptb640000gq/T/RtmpQtTyFE/testpkg77b367fc60b".
i Creating `altdoc/` directory.
i Creating `docs/` directory.
i Adding ^docs$ to .Rbuildignore
i Adding ^altdoc$ to .Rbuildignore
i Adding altdoc/freeze.rds to .gitignore
i Importing default settings file(s) to `altdoc/`
i README.md is mandatory. `altdoc` created a dummy README file in the package directory.
v Setting active project to "<no active project>".
v Setting active project to
"/private/var/folders/k4/0jwzxmln0nb8y6rkzprptb640000gq/T/RtmpQtTyFE/testpkg77b34efd5c13".
i Creating `altdoc/` directory.
i Creating `docs/` directory.
i Adding ^docs$ to .Rbuildignore
i Adding ^altdoc$ to .Rbuildignore
i Adding altdoc/freeze.rds to .gitignore
i Importing default settings file(s) to `altdoc/`
i README.md is mandatory. `altdoc` created a dummy README file in the package directory.
v Setting active project to "<no active project>".
v Setting active project to
"/private/var/folders/k4/0jwzxmln0nb8y6rkzprptb640000gq/T/RtmpQtTyFE/testpkg77b32de7e1fd".
i Creating `altdoc/` directory.
i Creating `docs/` directory.
i Adding ^docs$ to .Rbuildignore
i Adding ^altdoc$ to .Rbuildignore
i Adding altdoc/freeze.rds to .gitignore
i Importing default settings file(s) to `altdoc/`
i README.md is mandatory. `altdoc` created a dummy README file in the package directory.
v Setting active project to "<no active project>".
v Setting active project to
"/private/var/folders/k4/0jwzxmln0nb8y6rkzprptb640000gq/T/RtmpQtTyFE/testpkg77b3777f0e4b".
v Setting active project to "<no active project>".
v Setting active project to
"/private/var/folders/k4/0jwzxmln0nb8y6rkzprptb640000gq/T/RtmpQtTyFE/testpkg77b395bef95".
i Creating `altdoc/` directory.
i Creating `docs/` directory.
i Adding ^docs$ to .Rbuildignore
i Adding ^altdoc$ to .Rbuildignore
i Adding altdoc/freeze.rds to .gitignore
i Importing default settings file(s) to `altdoc/`
i README.md is mandatory. `altdoc` created a dummy README file in the package directory.
-- Basic files -----------------------------------------------------------------
v 'README' imported.
-- Man pages -------------------------------------------------------------------
i No man pages to convert.
-- Vignettes -------------------------------------------------------------------
i Found 1 vignette to convert.
\ Converting vignette 1/1: foo.Rmd
x Converting vignette 1/1: foo.Rmd [56ms]
v Setting active project to "<no active project>".
v Setting active project to
"/private/var/folders/k4/0jwzxmln0nb8y6rkzprptb640000gq/T/RtmpQtTyFE/testpkg77b369477703".
i Creating `altdoc/` directory.
i Creating `docs/` directory.
i Adding ^docs$ to .Rbuildignore
i Adding ^altdoc$ to .Rbuildignore
i Adding altdoc/freeze.rds to .gitignore
i Importing default settings file(s) to `altdoc/`
i README.md is mandatory. `altdoc` created a dummy README file in the package directory.
-- Basic files -----------------------------------------------------------------
v 'README' imported.
-- Man pages -------------------------------------------------------------------
i Found 1 man page to convert.
\ Converting function reference 1/1: foo
x Converting function reference 1/1: foo [49ms]
v Setting active project to "<no active project>".
v Setting active project to
"/private/var/folders/k4/0jwzxmln0nb8y6rkzprptb640000gq/T/RtmpQtTyFE/testpkg77b366ba6321".
i Creating `altdoc/` directory.
i Creating `docs/` directory.
i Adding ^docs$ to .Rbuildignore
i Adding ^altdoc$ to .Rbuildignore
i Adding altdoc/freeze.rds to .gitignore
i Adding altdoc/pkgdown.yml file.
i Importing default settings file(s) to `altdoc/`
i README.md is mandatory. `altdoc` created a dummy README file in the package directory.
-- Basic files -----------------------------------------------------------------
v 'README' imported.
-- Man pages -------------------------------------------------------------------
i No man pages to convert.
-- Vignettes -------------------------------------------------------------------
i No vignettes to convert.
-- Update HTML -----------------------------------------------------------------
v HTML updated.
-- Complete --------------------------------------------------------------------
v Documentation updated.
v Setting active project to "<no active project>".
v Setting active project to
"/private/var/folders/k4/0jwzxmln0nb8y6rkzprptb640000gq/T/RtmpQtTyFE/testpkg77b37c53f59".
i Creating `altdoc/` directory.
i Creating `docs/` directory.
i Adding ^docs$ to .Rbuildignore
i Adding ^altdoc$ to .Rbuildignore
i Adding altdoc/freeze.rds to .gitignore
i Importing default settings file(s) to `altdoc/`
i README.md is mandatory. `altdoc` created a dummy README file in the package directory.
-- Basic files -----------------------------------------------------------------
v 'README' imported.
-- Man pages -------------------------------------------------------------------
i No man pages to convert.
-- Vignettes -------------------------------------------------------------------
i No vignettes to convert.
-- Update HTML -----------------------------------------------------------------
v HTML updated.
-- Complete --------------------------------------------------------------------
v Documentation updated.
v Setting active project to "<no active project>".
v Setting active project to
"/private/var/folders/k4/0jwzxmln0nb8y6rkzprptb640000gq/T/RtmpQtTyFE/testproj77b36698c7a5".
v Setting active project to "<no active project>".
v Setting active project to
"/private/var/folders/k4/0jwzxmln0nb8y6rkzprptb640000gq/T/RtmpQtTyFE/testpkg77b3118a586d".
i Creating `altdoc/` directory.
i Creating `docs/` directory.
i Adding ^docs$ to .Rbuildignore
i Adding ^altdoc$ to .Rbuildignore
i Adding altdoc/freeze.rds to .gitignore
i Importing default settings file(s) to `altdoc/`
i README.md is mandatory. `altdoc` created a dummy README file in the package directory.
v Setting active project to "<no active project>".
v Setting active project to
"/private/var/folders/k4/0jwzxmln0nb8y6rkzprptb640000gq/T/RtmpQtTyFE/testpkg77b352bb5117".
v Setting active project to "<no active project>".
v Setting active project to
"/private/var/folders/k4/0jwzxmln0nb8y6rkzprptb640000gq/T/RtmpQtTyFE/testpkg77b3585e8cd9".
i Creating `altdoc/` directory.
i Creating `docs/` directory.
i Adding ^docs$ to .Rbuildignore
i Adding ^altdoc$ to .Rbuildignore
i Adding altdoc/freeze.rds to .gitignore
i Importing default settings file(s) to `altdoc/`
i README.md is mandatory. `altdoc` created a dummy README file in the package directory.
i Creating `docs/` directory.
i Importing default settings file(s) to `altdoc/`
v Setting active project to "<no active project>".
v Setting active project to
"/private/var/folders/k4/0jwzxmln0nb8y6rkzprptb640000gq/T/RtmpQtTyFE/testpkg77b3614e445c".
i Creating `altdoc/` directory.
i Creating `docs/` directory.
i Adding ^docs$ to .Rbuildignore
i Adding ^altdoc$ to .Rbuildignore
i Adding altdoc/freeze.rds to .gitignore
i Importing default settings file(s) to `altdoc/`
i README.md is mandatory. `altdoc` created a dummy README file in the package directory.
i Creating `docs/` directory.
i Importing default settings file(s) to `altdoc/`
v Setting active project to "<no active project>".
v Setting active project to
"/private/var/folders/k4/0jwzxmln0nb8y6rkzprptb640000gq/T/RtmpQtTyFE/testpkg77b370cdbab0".
i Creating `altdoc/` directory.
i Creating `docs/` directory.
i Adding ^docs$ to .Rbuildignore
i Adding ^altdoc$ to .Rbuildignore
i Adding altdoc/freeze.rds to .gitignore
i Adding ^_quarto$ to .Rbuildignore
i Adding _quarto/* to .gitignore
i Adding !_quarto/_freeze/ to .gitignore
i Importing default settings file(s) to `altdoc/`
i README.qmd is mandatory. `altdoc` created a dummy README file in the package directory.
v Setting active project to "<no active project>".
v Setting active project to
"/private/var/folders/k4/0jwzxmln0nb8y6rkzprptb640000gq/T/RtmpQtTyFE/testpkg77b376203ce".
i Creating `altdoc/` directory.
i Creating `docs/` directory.
i Adding ^docs$ to .Rbuildignore
i Adding ^altdoc$ to .Rbuildignore
i Adding altdoc/freeze.rds to .gitignore
i Importing default settings file(s) to `altdoc/`
i README.md is mandatory. `altdoc` created a dummy README file in the package directory.
v Setting active project to "<no active project>".
v Setting active project to
"/private/var/folders/k4/0jwzxmln0nb8y6rkzprptb640000gq/T/RtmpQtTyFE/testpkg77b32e640f".
i Creating `altdoc/` directory.
i Creating `docs/` directory.
i Adding ^docs$ to .Rbuildignore
i Adding ^altdoc$ to .Rbuildignore
i Adding altdoc/freeze.rds to .gitignore
i Importing default settings file(s) to `altdoc/`
i README.md is mandatory. `altdoc` created a dummy README file in the package directory.
v '.github/workflows/altdoc.yaml' created.
v Added `altdoc` in Suggests.
v Setting active project to "<no active project>".
v Setting active project to
"/private/var/folders/k4/0jwzxmln0nb8y6rkzprptb640000gq/T/RtmpQtTyFE/testpkg77b34940cf6b".
i Creating `altdoc/` directory.
i Creating `docs/` directory.
i Adding ^docs$ to .Rbuildignore
i Adding ^altdoc$ to .Rbuildignore
i Adding altdoc/freeze.rds to .gitignore
i Importing default settings file(s) to `altdoc/`
i README.md is mandatory. `altdoc` created a dummy README file in the package directory.
i Leaving 'README.md' unchanged.
[ ] Update 'README.md' to include installation instructions.
-- Basic files -----------------------------------------------------------------
v 'README' imported.
-- Man pages -------------------------------------------------------------------
i No man pages to convert.
-- Vignettes -------------------------------------------------------------------
i No vignettes to convert.
-- Update HTML -----------------------------------------------------------------
v HTML updated.
-- Complete --------------------------------------------------------------------
v Documentation updated.
v Setting active project to "<no active project>".
v Setting active project to
"/private/var/folders/k4/0jwzxmln0nb8y6rkzprptb640000gq/T/RtmpQtTyFE/testpkg77b3185ea573".
i Creating `altdoc/` directory.
i Creating `docs/` directory.
i Adding ^docs$ to .Rbuildignore
i Adding ^altdoc$ to .Rbuildignore
i Adding altdoc/freeze.rds to .gitignore
i Importing default settings file(s) to `altdoc/`
i README.md is mandatory. `altdoc` created a dummy README file in the package directory.
i Leaving 'README.md' unchanged.
[ ] Update 'README.md' to include installation instructions.
-- Basic files -----------------------------------------------------------------
v 'README' imported.
-- Man pages -------------------------------------------------------------------
i No man pages to convert.
-- Vignettes -------------------------------------------------------------------
i No vignettes to convert.
-- Update HTML -----------------------------------------------------------------
v HTML updated.
-- Complete --------------------------------------------------------------------
v Documentation updated.
v Setting active project to "<no active project>".
v Setting active project to
"/private/var/folders/k4/0jwzxmln0nb8y6rkzprptb640000gq/T/RtmpQtTyFE/testpkg77b37fdc4def".
v Writing 'NEWS.md'.
i Creating `altdoc/` directory.
i Creating `docs/` directory.
i Adding ^docs$ to .Rbuildignore
i Adding ^altdoc$ to .Rbuildignore
i Adding altdoc/freeze.rds to .gitignore
i Importing default settings file(s) to `altdoc/`
i README.md is mandatory. `altdoc` created a dummy README file in the package directory.
-- Basic files -----------------------------------------------------------------
v 'NEWS' imported.
v 'README' imported.
-- Man pages -------------------------------------------------------------------
i No man pages to convert.
-- Vignettes -------------------------------------------------------------------
i No vignettes to convert.
-- Update HTML -----------------------------------------------------------------
v HTML updated.
-- Complete --------------------------------------------------------------------
v Documentation updated.
-- Basic files -----------------------------------------------------------------
v 'NEWS' imported.
v 'README' imported.
-- Man pages -------------------------------------------------------------------
i No man pages to convert.
-- Vignettes -------------------------------------------------------------------
i No vignettes to convert.
-- Update HTML -----------------------------------------------------------------
v HTML updated.
-- Complete --------------------------------------------------------------------
v Documentation updated.
v Setting active project to "<no active project>".
v Setting active project to
"/private/var/folders/k4/0jwzxmln0nb8y6rkzprptb640000gq/T/RtmpQtTyFE/testpkg77b35ba71608".
v Writing 'NEWS.md'.
i Creating `altdoc/` directory.
i Creating `docs/` directory.
i Adding ^docs$ to .Rbuildignore
i Adding ^altdoc$ to .Rbuildignore
i Adding altdoc/freeze.rds to .gitignore
i Importing default settings file(s) to `altdoc/`
i README.md is mandatory. `altdoc` created a dummy README file in the package directory.
-- Basic files -----------------------------------------------------------------
v 'NEWS' imported.
v 'README' imported.
-- Man pages -------------------------------------------------------------------
i No man pages to convert.
-- Vignettes -------------------------------------------------------------------
i No vignettes to convert.
-- Update HTML -----------------------------------------------------------------
v HTML updated.
-- Complete --------------------------------------------------------------------
v Documentation updated.
-- Basic files -----------------------------------------------------------------
v 'NEWS' imported.
v 'README' imported.
-- Man pages -------------------------------------------------------------------
i No man pages to convert.
-- Vignettes -------------------------------------------------------------------
i No vignettes to convert.
-- Update HTML -----------------------------------------------------------------
v HTML updated.
-- Complete --------------------------------------------------------------------
v Documentation updated.
v Setting active project to "<no active project>".
v Setting active project to
"/private/var/folders/k4/0jwzxmln0nb8y6rkzprptb640000gq/T/RtmpQtTyFE/testpkg77b3301ff92a".
v Writing 'CODE_OF_CONDUCT.md'.
v Adding "^CODE_OF_CONDUCT\\.md$" to '.Rbuildignore'.
[ ] You may also want to describe the code of conduct in your README:
## Code of Conduct
Please note that the testpkg77b3301ff92a project is released with a [Contributor Code of Conduct](https://contributor-covenant.org/version/2/1/CODE_OF_CONDUCT.html). By contributing to this project, you agree to abide by its terms.
i Creating `altdoc/` directory.
i Creating `docs/` directory.
i Adding ^docs$ to .Rbuildignore
i Adding ^altdoc$ to .Rbuildignore
i Adding altdoc/freeze.rds to .gitignore
i Importing default settings file(s) to `altdoc/`
i README.md is mandatory. `altdoc` created a dummy README file in the package directory.
-- Basic files -----------------------------------------------------------------
v 'CODE_OF_CONDUCT' imported.
v 'README' imported.
-- Man pages -------------------------------------------------------------------
i No man pages to convert.
-- Vignettes -------------------------------------------------------------------
i No vignettes to convert.
-- Update HTML -----------------------------------------------------------------
v HTML updated.
-- Complete --------------------------------------------------------------------
v Documentation updated.
-- Basic files -----------------------------------------------------------------
v 'CODE_OF_CONDUCT' imported.
v 'README' imported.
-- Man pages -------------------------------------------------------------------
i No man pages to convert.
-- Vignettes -------------------------------------------------------------------
i No vignettes to convert.
-- Update HTML -----------------------------------------------------------------
v HTML updated.
-- Complete --------------------------------------------------------------------
v Documentation updated.
v Setting active project to "<no active project>".
v Setting active project to
"/private/var/folders/k4/0jwzxmln0nb8y6rkzprptb640000gq/T/RtmpQtTyFE/testpkg77b314fd9d30".
v Writing 'CODE_OF_CONDUCT.md'.
v Adding "^CODE_OF_CONDUCT\\.md$" to '.Rbuildignore'.
[ ] You may also want to describe the code of conduct in your README:
## Code of Conduct
Please note that the testpkg77b314fd9d30 project is released with a [Contributor Code of Conduct](https://contributor-covenant.org/version/2/1/CODE_OF_CONDUCT.html). By contributing to this project, you agree to abide by its terms.
i Creating `altdoc/` directory.
i Creating `docs/` directory.
i Adding ^docs$ to .Rbuildignore
i Adding ^altdoc$ to .Rbuildignore
i Adding altdoc/freeze.rds to .gitignore
i Importing default settings file(s) to `altdoc/`
i README.md is mandatory. `altdoc` created a dummy README file in the package directory.
-- Basic files -----------------------------------------------------------------
v 'CODE_OF_CONDUCT' imported.
v 'README' imported.
-- Man pages -------------------------------------------------------------------
i No man pages to convert.
-- Vignettes -------------------------------------------------------------------
i No vignettes to convert.
-- Update HTML -----------------------------------------------------------------
v HTML updated.
-- Complete --------------------------------------------------------------------
v Documentation updated.
-- Basic files -----------------------------------------------------------------
v 'CODE_OF_CONDUCT' imported.
v 'README' imported.
-- Man pages -------------------------------------------------------------------
i No man pages to convert.
-- Vignettes -------------------------------------------------------------------
i No vignettes to convert.
-- Update HTML -----------------------------------------------------------------
v HTML updated.
-- Complete --------------------------------------------------------------------
v Documentation updated.
v Setting active project to "<no active project>".
v Setting active project to
"/private/var/folders/k4/0jwzxmln0nb8y6rkzprptb640000gq/T/RtmpQtTyFE/testpkg77b346169f49".
v Adding "MIT + file LICENSE" to 'License'.
v Writing 'LICENSE'.
v Writing 'LICENSE.md'.
v Adding "^LICENSE\\.md$" to '.Rbuildignore'.
i Creating `altdoc/` directory.
i Creating `docs/` directory.
i Adding ^docs$ to .Rbuildignore
i Adding ^altdoc$ to .Rbuildignore
i Adding altdoc/freeze.rds to .gitignore
i Importing default settings file(s) to `altdoc/`
i README.md is mandatory. `altdoc` created a dummy README file in the package directory.
-- Basic files -----------------------------------------------------------------
v 'LICENSE' imported.
v 'README' imported.
-- Man pages -------------------------------------------------------------------
i No man pages to convert.
-- Vignettes -------------------------------------------------------------------
i No vignettes to convert.
-- Update HTML -----------------------------------------------------------------
v HTML updated.
-- Complete --------------------------------------------------------------------
v Documentation updated.
-- Basic files -----------------------------------------------------------------
v 'LICENSE' imported.
v 'README' imported.
-- Man pages -------------------------------------------------------------------
i No man pages to convert.
-- Vignettes -------------------------------------------------------------------
i No vignettes to convert.
-- Update HTML -----------------------------------------------------------------
v HTML updated.
-- Complete --------------------------------------------------------------------
v Documentation updated.
v Setting active project to "<no active project>".
v Setting active project to
"/private/var/folders/k4/0jwzxmln0nb8y6rkzprptb640000gq/T/RtmpQtTyFE/testpkg77b3309bb052".
v Adding "MIT + file LICENSE" to 'License'.
v Writing 'LICENSE'.
v Writing 'LICENSE.md'.
v Adding "^LICENSE\\.md$" to '.Rbuildignore'.
i Creating `altdoc/` directory.
i Creating `docs/` directory.
i Adding ^docs$ to .Rbuildignore
i Adding ^altdoc$ to .Rbuildignore
i Adding altdoc/freeze.rds to .gitignore
i Importing default settings file(s) to `altdoc/`
i README.md is mandatory. `altdoc` created a dummy README file in the package directory.
-- Basic files -----------------------------------------------------------------
v 'LICENSE' imported.
v 'README' imported.
-- Man pages -------------------------------------------------------------------
i No man pages to convert.
-- Vignettes -------------------------------------------------------------------
i No vignettes to convert.
-- Update HTML -----------------------------------------------------------------
v HTML updated.
-- Complete --------------------------------------------------------------------
v Documentation updated.
-- Basic files -----------------------------------------------------------------
v 'LICENSE' imported.
v 'README' imported.
-- Man pages -------------------------------------------------------------------
i No man pages to convert.
-- Vignettes -------------------------------------------------------------------
i No vignettes to convert.
-- Update HTML -----------------------------------------------------------------
v HTML updated.
-- Complete --------------------------------------------------------------------
v Documentation updated.
v Setting active project to "<no active project>".
v Setting active project to
"/private/var/folders/k4/0jwzxmln0nb8y6rkzprptb640000gq/T/RtmpQtTyFE/testpkg77b345fc37e0".
i Creating `altdoc/` directory.
i Creating `docs/` directory.
i Adding ^docs$ to .Rbuildignore
i Adding ^altdoc$ to .Rbuildignore
i Adding altdoc/freeze.rds to .gitignore
i Importing default settings file(s) to `altdoc/`
i README.md is mandatory. `altdoc` created a dummy README file in the package directory.
-- Basic files -----------------------------------------------------------------
v 'README' imported.
-- Man pages -------------------------------------------------------------------
i No man pages to convert.
-- Vignettes -------------------------------------------------------------------
i Found 1 vignette to convert.
\ Converting vignette 1/1: basic.Rmd
x Converting vignette 1/1: basic.Rmd [37ms]
v Setting active project to "<no active project>".
v Setting active project to
"/private/var/folders/k4/0jwzxmln0nb8y6rkzprptb640000gq/T/RtmpQtTyFE/testpkg77b33919007d".
i Creating `altdoc/` directory.
i Creating `docs/` directory.
i Adding ^docs$ to .Rbuildignore
i Adding ^altdoc$ to .Rbuildignore
i Adding altdoc/freeze.rds to .gitignore
i Importing default settings file(s) to `altdoc/`
i README.md is mandatory. `altdoc` created a dummy README file in the package directory.
-- Basic files -----------------------------------------------------------------
v 'README' imported.
-- Man pages -------------------------------------------------------------------
i No man pages to convert.
-- Vignettes -------------------------------------------------------------------
i Found 1 vignette to convert.
\ Converting vignette 1/1: basic.Rmd
x Converting vignette 1/1: basic.Rmd [42ms]
v Setting active project to "<no active project>".
v Setting active project to
"/private/var/folders/k4/0jwzxmln0nb8y6rkzprptb640000gq/T/RtmpQtTyFE/testpkg77b31c66d88a".
v Setting active project to "<no active project>".
v Setting active project to
"/private/var/folders/k4/0jwzxmln0nb8y6rkzprptb640000gq/T/RtmpQtTyFE/testpkg77b37e62e45d".
v Setting active project to "<no active project>".
v Setting active project to
"/private/var/folders/k4/0jwzxmln0nb8y6rkzprptb640000gq/T/RtmpQtTyFE/testpkg77b35fc4fa4e".
v Setting active project to "<no active project>".
v Setting active project to
"/private/var/folders/k4/0jwzxmln0nb8y6rkzprptb640000gq/T/RtmpQtTyFE/testpkg77b367013e28".
v Setting active project to "<no active project>".
v Setting active project to
"/private/var/folders/k4/0jwzxmln0nb8y6rkzprptb640000gq/T/RtmpQtTyFE/testpkg77b34a3f76df".
v Setting active project to "<no active project>".
v Setting active project to
"/private/var/folders/k4/0jwzxmln0nb8y6rkzprptb640000gq/T/RtmpQtTyFE/testpkg77b353c63b43".
v Setting active project to "<no active project>".
[ FAIL 8 | WARN 0 | SKIP 8 | PASS 55 ]
══ Skipped tests (8) ═══════════════════════════════════════════════════════════
• .venv_exists() is not TRUE (2): 'test-setup_docs.R:49:5',
'test-setup_github_actions.R:23:3'
• On CRAN (5): 'test-render_docs.R:2:3', 'test-render_docs.R:35:3',
'test-render_docs.R:69:3', 'test-render_docs.R:110:3',
'test-render_docs.R:143:3'
• tool == "mkdocs" && !.venv_exists() is TRUE (1): 'test-parallel.R:3:5'
══ Failed tests ════════════════════════════════════════════════════════════════
── Error ('test-import_man.R:11:3'): rendering fails ───────────────────────────
Error in `cat(out[[2]])`: argument 1 (type 'list') cannot be handled by 'cat'
Backtrace:
▆
1. ├─testthat::expect_equal(...) at test-import_man.R:11:3
2. │ └─testthat::quasi_label(enquo(object), label, arg = "object")
3. │ └─rlang::eval_bare(expr, quo_get_env(quo))
4. └─altdoc:::.render_one_man(...)
5. └─altdoc:::.qmd2md(...)
6. └─base::cat(out[[2]])
── Error ('test-import_man.R:47:3'): rendering skipped because unchanged and freeze = TRUE ──
Error in `cat(out[[2]])`: argument 1 (type 'list') cannot be handled by 'cat'
Backtrace:
▆
1. └─altdoc:::.render_one_man(...) at test-import_man.R:47:3
2. └─altdoc:::.qmd2md(...)
3. └─base::cat(out[[2]])
── Error ('test-qmd2md.R:11:3'): use template preamble if no preamble in file ──
Error in `cat(out[[2]])`: argument 1 (type 'list') cannot be handled by 'cat'
Backtrace:
▆
1. └─altdoc:::.qmd2md(vignette_qmd, "vignettes", preamble = preamble) at test-qmd2md.R:11:3
2. └─base::cat(out[[2]])
── Error ('test-qmd2md.R:28:3'): do not use template preamble if preamble in file ──
Error in `cat(out[[2]])`: argument 1 (type 'list') cannot be handled by 'cat'
Backtrace:
▆
1. └─altdoc:::.qmd2md(vignette_qmd, "vignettes", preamble = preamble) at test-qmd2md.R:28:3
2. └─base::cat(out[[2]])
── Error ('test-render_docs.R:175:3'): render_docs errors if vignettes fail ────
Error in `cat(out[[2]])`: argument 1 (type 'list') cannot be handled by 'cat'
Backtrace:
▆
1. ├─testthat::expect_error(render_docs(path = getwd()), "some failures when rendering vignettes") at test-render_docs.R:175:3
2. │ └─testthat:::expect_condition_matching(...)
3. │ └─testthat:::quasi_capture(...)
4. │ ├─testthat (local) .capture(...)
5. │ │ └─base::withCallingHandlers(...)
6. │ └─rlang::eval_bare(quo_get_expr(.quo), quo_get_env(.quo))
7. └─altdoc::render_docs(path = getwd())
8. └─altdoc:::.import_vignettes(...)
9. └─base::vapply(...)
10. └─altdoc (local) FUN(X[[i]], ...)
11. └─altdoc:::.render_one_vignette(...)
12. └─altdoc:::.qmd2md(origin, tar_dir, verbose = verbose, preamble = pre)
13. └─base::cat(out[[2]])
── Error ('test-render_docs.R:186:3'): render_docs errors if man fail ──────────
Error in `cat(out[[2]])`: argument 1 (type 'list') cannot be handled by 'cat'
Backtrace:
▆
1. ├─testthat::expect_error(render_docs(path = getwd()), "some failures when rendering man pages") at test-render_docs.R:186:3
2. │ └─testthat:::expect_condition_matching(...)
3. │ └─testthat:::quasi_capture(...)
4. │ ├─testthat (local) .capture(...)
5. │ │ └─base::withCallingHandlers(...)
6. │ └─rlang::eval_bare(quo_get_expr(.quo), quo_get_env(.quo))
7. └─altdoc::render_docs(path = getwd())
8. └─altdoc:::.import_man(...)
9. └─base::vapply(...)
10. └─altdoc (local) FUN(X[[i]], ...)
11. └─altdoc:::.render_one_man(...)
12. └─altdoc:::.qmd2md(...)
13. └─base::cat(out[[2]])
── Error ('test-update.R:111:5'): render_docs also transform new/modified vignettes if specified: docute ──
Error in `cat(out[[2]])`: argument 1 (type 'list') cannot be handled by 'cat'
Backtrace:
▆
1. └─altdoc::render_docs(path = getwd()) at test-update.R:111:5
2. └─altdoc:::.import_vignettes(...)
3. └─base::vapply(...)
4. └─altdoc (local) FUN(X[[i]], ...)
5. └─altdoc:::.render_one_vignette(...)
6. └─altdoc:::.qmd2md(origin, tar_dir, verbose = verbose, preamble = pre)
7. └─base::cat(out[[2]])
── Error ('test-update.R:111:5'): render_docs also transform new/modified vignettes if specified: docsify ──
Error in `cat(out[[2]])`: argument 1 (type 'list') cannot be handled by 'cat'
Backtrace:
▆
1. └─altdoc::render_docs(path = getwd()) at test-update.R:111:5
2. └─altdoc:::.import_vignettes(...)
3. └─base::vapply(...)
4. └─altdoc (local) FUN(X[[i]], ...)
5. └─altdoc:::.render_one_vignette(...)
6. └─altdoc:::.qmd2md(origin, tar_dir, verbose = verbose, preamble = pre)
7. └─base::cat(out[[2]])
[ FAIL 8 | WARN 0 | SKIP 8 | PASS 55 ]
Error: Test failures
Execution halted
Flavor: r-oldrel-macos-arm64
Version: 0.4.0
Check: tests
Result: ERROR
Running ‘spelling.R’ [0s/0s]
Running ‘testthat.R’ [14s/23s]
Running the tests in ‘tests/testthat.R’ failed.
Complete output:
> library(testthat)
> library(altdoc)
>
> test_check("altdoc")
v Setting active project to
"/private/var/folders/2b/t0kwbtmn3p7brv2mvx39c9cr0000gn/T/Rtmp1HuC9n/testpkg1267e2020b331".
i Creating `altdoc/` directory.
i Creating `docs/` directory.
i Adding ^docs$ to .Rbuildignore
i Adding ^altdoc$ to .Rbuildignore
i Adding altdoc/freeze.rds to .gitignore
i Importing default settings file(s) to `altdoc/`
i README.md is mandatory. `altdoc` created a dummy README file in the package directory.
-- Basic files -----------------------------------------------------------------
v 'README' imported.
-- Man pages -------------------------------------------------------------------
i No man pages to convert.
-- Vignettes -------------------------------------------------------------------
i No vignettes to convert.
-- Update HTML -----------------------------------------------------------------
v HTML updated.
-- Complete --------------------------------------------------------------------
v Documentation updated.
v Setting active project to "<no active project>".
v Setting active project to
"/private/var/folders/2b/t0kwbtmn3p7brv2mvx39c9cr0000gn/T/Rtmp1HuC9n/testpkg1267e6a9ff8b0".
i Creating `altdoc/` directory.
i Creating `docs/` directory.
i Adding ^docs$ to .Rbuildignore
i Adding ^altdoc$ to .Rbuildignore
i Adding altdoc/freeze.rds to .gitignore
i Importing default settings file(s) to `altdoc/`
i README.md is mandatory. `altdoc` created a dummy README file in the package directory.
v Setting active project to "<no active project>".
v Setting active project to
"/private/var/folders/2b/t0kwbtmn3p7brv2mvx39c9cr0000gn/T/Rtmp1HuC9n/testpkg1267e7208cbe5".
i Creating `altdoc/` directory.
i Creating `docs/` directory.
i Adding ^docs$ to .Rbuildignore
i Adding ^altdoc$ to .Rbuildignore
i Adding altdoc/freeze.rds to .gitignore
i Importing default settings file(s) to `altdoc/`
i README.md is mandatory. `altdoc` created a dummy README file in the package directory.
v Setting active project to "<no active project>".
v Setting active project to
"/private/var/folders/2b/t0kwbtmn3p7brv2mvx39c9cr0000gn/T/Rtmp1HuC9n/testpkg1267e6c1f348a".
i Creating `altdoc/` directory.
i Creating `docs/` directory.
i Adding ^docs$ to .Rbuildignore
i Adding ^altdoc$ to .Rbuildignore
i Adding altdoc/freeze.rds to .gitignore
i Importing default settings file(s) to `altdoc/`
i README.md is mandatory. `altdoc` created a dummy README file in the package directory.
v Setting active project to "<no active project>".
v Setting active project to
"/private/var/folders/2b/t0kwbtmn3p7brv2mvx39c9cr0000gn/T/Rtmp1HuC9n/testpkg1267e510c2a4f".
i Creating `altdoc/` directory.
i Creating `docs/` directory.
i Adding ^docs$ to .Rbuildignore
i Adding ^altdoc$ to .Rbuildignore
i Adding altdoc/freeze.rds to .gitignore
i Importing default settings file(s) to `altdoc/`
i README.md is mandatory. `altdoc` created a dummy README file in the package directory.
i Leaving 'README.md' unchanged.
[ ] Update 'README.md' to include installation instructions.
-- Basic files -----------------------------------------------------------------
v 'README' imported.
-- Man pages -------------------------------------------------------------------
i No man pages to convert.
-- Vignettes -------------------------------------------------------------------
i No vignettes to convert.
-- Update HTML -----------------------------------------------------------------
v HTML updated.
-- Complete --------------------------------------------------------------------
v Documentation updated.
v Setting active project to "<no active project>".
v Setting active project to
"/private/var/folders/2b/t0kwbtmn3p7brv2mvx39c9cr0000gn/T/Rtmp1HuC9n/testpkg1267e53169b8f".
i Creating `altdoc/` directory.
i Creating `docs/` directory.
i Adding ^docs$ to .Rbuildignore
i Adding ^altdoc$ to .Rbuildignore
i Adding altdoc/freeze.rds to .gitignore
i Importing default settings file(s) to `altdoc/`
i README.md is mandatory. `altdoc` created a dummy README file in the package directory.
i Leaving 'README.md' unchanged.
[ ] Update 'README.md' to include installation instructions.
-- Basic files -----------------------------------------------------------------
v 'README' imported.
-- Man pages -------------------------------------------------------------------
i No man pages to convert.
-- Vignettes -------------------------------------------------------------------
i No vignettes to convert.
-- Update HTML -----------------------------------------------------------------
v HTML updated.
-- Complete --------------------------------------------------------------------
v Documentation updated.
v Setting active project to "<no active project>".
v Setting active project to
"/private/var/folders/2b/t0kwbtmn3p7brv2mvx39c9cr0000gn/T/Rtmp1HuC9n/testpkg1267e1ef09765".
i Creating `altdoc/` directory.
i Creating `docs/` directory.
i Adding ^docs$ to .Rbuildignore
i Adding ^altdoc$ to .Rbuildignore
i Adding altdoc/freeze.rds to .gitignore
i Importing default settings file(s) to `altdoc/`
i README.md is mandatory. `altdoc` created a dummy README file in the package directory.
v Setting active project to "<no active project>".
v Setting active project to
"/private/var/folders/2b/t0kwbtmn3p7brv2mvx39c9cr0000gn/T/Rtmp1HuC9n/testpkg1267e1862c5c7".
i Creating `altdoc/` directory.
i Creating `docs/` directory.
i Adding ^docs$ to .Rbuildignore
i Adding ^altdoc$ to .Rbuildignore
i Adding altdoc/freeze.rds to .gitignore
i Importing default settings file(s) to `altdoc/`
i README.md is mandatory. `altdoc` created a dummy README file in the package directory.
v Setting active project to "<no active project>".
v Setting active project to
"/private/var/folders/2b/t0kwbtmn3p7brv2mvx39c9cr0000gn/T/Rtmp1HuC9n/testpkg1267e2a9efd7b".
i Creating `altdoc/` directory.
i Creating `docs/` directory.
i Adding ^docs$ to .Rbuildignore
i Adding ^altdoc$ to .Rbuildignore
i Adding altdoc/freeze.rds to .gitignore
i Importing default settings file(s) to `altdoc/`
i README.md is mandatory. `altdoc` created a dummy README file in the package directory.
v Setting active project to "<no active project>".
v Setting active project to
"/private/var/folders/2b/t0kwbtmn3p7brv2mvx39c9cr0000gn/T/Rtmp1HuC9n/testpkg1267ee9ee91e".
v Setting active project to "<no active project>".
v Setting active project to
"/private/var/folders/2b/t0kwbtmn3p7brv2mvx39c9cr0000gn/T/Rtmp1HuC9n/testpkg1267e5bde61e9".
i Creating `altdoc/` directory.
i Creating `docs/` directory.
i Adding ^docs$ to .Rbuildignore
i Adding ^altdoc$ to .Rbuildignore
i Adding altdoc/freeze.rds to .gitignore
i Importing default settings file(s) to `altdoc/`
i README.md is mandatory. `altdoc` created a dummy README file in the package directory.
-- Basic files -----------------------------------------------------------------
v 'README' imported.
-- Man pages -------------------------------------------------------------------
i No man pages to convert.
-- Vignettes -------------------------------------------------------------------
i Found 1 vignette to convert.
\ Converting vignette 1/1: foo.Rmd
x Converting vignette 1/1: foo.Rmd [111ms]
v Setting active project to "<no active project>".
v Setting active project to
"/private/var/folders/2b/t0kwbtmn3p7brv2mvx39c9cr0000gn/T/Rtmp1HuC9n/testpkg1267e11e122fe".
i Creating `altdoc/` directory.
i Creating `docs/` directory.
i Adding ^docs$ to .Rbuildignore
i Adding ^altdoc$ to .Rbuildignore
i Adding altdoc/freeze.rds to .gitignore
i Importing default settings file(s) to `altdoc/`
i README.md is mandatory. `altdoc` created a dummy README file in the package directory.
-- Basic files -----------------------------------------------------------------
v 'README' imported.
-- Man pages -------------------------------------------------------------------
i Found 1 man page to convert.
\ Converting function reference 1/1: foo
x Converting function reference 1/1: foo [113ms]
v Setting active project to "<no active project>".
v Setting active project to
"/private/var/folders/2b/t0kwbtmn3p7brv2mvx39c9cr0000gn/T/Rtmp1HuC9n/testpkg1267e7122ee37".
i Creating `altdoc/` directory.
i Creating `docs/` directory.
i Adding ^docs$ to .Rbuildignore
i Adding ^altdoc$ to .Rbuildignore
i Adding altdoc/freeze.rds to .gitignore
i Adding altdoc/pkgdown.yml file.
i Importing default settings file(s) to `altdoc/`
i README.md is mandatory. `altdoc` created a dummy README file in the package directory.
-- Basic files -----------------------------------------------------------------
v 'README' imported.
-- Man pages -------------------------------------------------------------------
i No man pages to convert.
-- Vignettes -------------------------------------------------------------------
i No vignettes to convert.
-- Update HTML -----------------------------------------------------------------
v HTML updated.
-- Complete --------------------------------------------------------------------
v Documentation updated.
v Setting active project to "<no active project>".
v Setting active project to
"/private/var/folders/2b/t0kwbtmn3p7brv2mvx39c9cr0000gn/T/Rtmp1HuC9n/testpkg1267e2935f491".
i Creating `altdoc/` directory.
i Creating `docs/` directory.
i Adding ^docs$ to .Rbuildignore
i Adding ^altdoc$ to .Rbuildignore
i Adding altdoc/freeze.rds to .gitignore
i Importing default settings file(s) to `altdoc/`
i README.md is mandatory. `altdoc` created a dummy README file in the package directory.
-- Basic files -----------------------------------------------------------------
v 'README' imported.
-- Man pages -------------------------------------------------------------------
i No man pages to convert.
-- Vignettes -------------------------------------------------------------------
i No vignettes to convert.
-- Update HTML -----------------------------------------------------------------
v HTML updated.
-- Complete --------------------------------------------------------------------
v Documentation updated.
v Setting active project to "<no active project>".
v Setting active project to
"/private/var/folders/2b/t0kwbtmn3p7brv2mvx39c9cr0000gn/T/Rtmp1HuC9n/testproj1267e7775cb7f".
v Setting active project to "<no active project>".
v Setting active project to
"/private/var/folders/2b/t0kwbtmn3p7brv2mvx39c9cr0000gn/T/Rtmp1HuC9n/testpkg1267e4d3d19f5".
i Creating `altdoc/` directory.
i Creating `docs/` directory.
i Adding ^docs$ to .Rbuildignore
i Adding ^altdoc$ to .Rbuildignore
i Adding altdoc/freeze.rds to .gitignore
i Importing default settings file(s) to `altdoc/`
i README.md is mandatory. `altdoc` created a dummy README file in the package directory.
v Setting active project to "<no active project>".
v Setting active project to
"/private/var/folders/2b/t0kwbtmn3p7brv2mvx39c9cr0000gn/T/Rtmp1HuC9n/testpkg1267e535f0484".
v Setting active project to "<no active project>".
v Setting active project to
"/private/var/folders/2b/t0kwbtmn3p7brv2mvx39c9cr0000gn/T/Rtmp1HuC9n/testpkg1267e3f2d1a56".
i Creating `altdoc/` directory.
i Creating `docs/` directory.
i Adding ^docs$ to .Rbuildignore
i Adding ^altdoc$ to .Rbuildignore
i Adding altdoc/freeze.rds to .gitignore
i Importing default settings file(s) to `altdoc/`
i README.md is mandatory. `altdoc` created a dummy README file in the package directory.
i Creating `docs/` directory.
i Importing default settings file(s) to `altdoc/`
v Setting active project to "<no active project>".
v Setting active project to
"/private/var/folders/2b/t0kwbtmn3p7brv2mvx39c9cr0000gn/T/Rtmp1HuC9n/testpkg1267e1c091e36".
i Creating `altdoc/` directory.
i Creating `docs/` directory.
i Adding ^docs$ to .Rbuildignore
i Adding ^altdoc$ to .Rbuildignore
i Adding altdoc/freeze.rds to .gitignore
i Importing default settings file(s) to `altdoc/`
i README.md is mandatory. `altdoc` created a dummy README file in the package directory.
i Creating `docs/` directory.
i Importing default settings file(s) to `altdoc/`
v Setting active project to "<no active project>".
v Setting active project to
"/private/var/folders/2b/t0kwbtmn3p7brv2mvx39c9cr0000gn/T/Rtmp1HuC9n/testpkg1267e4c3e8b13".
i Creating `altdoc/` directory.
i Creating `docs/` directory.
i Adding ^docs$ to .Rbuildignore
i Adding ^altdoc$ to .Rbuildignore
i Adding altdoc/freeze.rds to .gitignore
i Adding ^_quarto$ to .Rbuildignore
i Adding _quarto/* to .gitignore
i Adding !_quarto/_freeze/ to .gitignore
i Importing default settings file(s) to `altdoc/`
i README.qmd is mandatory. `altdoc` created a dummy README file in the package directory.
v Setting active project to "<no active project>".
v Setting active project to
"/private/var/folders/2b/t0kwbtmn3p7brv2mvx39c9cr0000gn/T/Rtmp1HuC9n/testpkg1267e1b95422a".
i Creating `altdoc/` directory.
i Creating `docs/` directory.
i Adding ^docs$ to .Rbuildignore
i Adding ^altdoc$ to .Rbuildignore
i Adding altdoc/freeze.rds to .gitignore
i Importing default settings file(s) to `altdoc/`
i README.md is mandatory. `altdoc` created a dummy README file in the package directory.
v Setting active project to "<no active project>".
v Setting active project to
"/private/var/folders/2b/t0kwbtmn3p7brv2mvx39c9cr0000gn/T/Rtmp1HuC9n/testpkg1267e58c15126".
i Creating `altdoc/` directory.
i Creating `docs/` directory.
i Adding ^docs$ to .Rbuildignore
i Adding ^altdoc$ to .Rbuildignore
i Adding altdoc/freeze.rds to .gitignore
i Importing default settings file(s) to `altdoc/`
i README.md is mandatory. `altdoc` created a dummy README file in the package directory.
v '.github/workflows/altdoc.yaml' created.
v Added `altdoc` in Suggests.
v Setting active project to "<no active project>".
v Setting active project to
"/private/var/folders/2b/t0kwbtmn3p7brv2mvx39c9cr0000gn/T/Rtmp1HuC9n/testpkg1267e5c87f33b".
i Creating `altdoc/` directory.
i Creating `docs/` directory.
i Adding ^docs$ to .Rbuildignore
i Adding ^altdoc$ to .Rbuildignore
i Adding altdoc/freeze.rds to .gitignore
i Importing default settings file(s) to `altdoc/`
i README.md is mandatory. `altdoc` created a dummy README file in the package directory.
i Leaving 'README.md' unchanged.
[ ] Update 'README.md' to include installation instructions.
-- Basic files -----------------------------------------------------------------
v 'README' imported.
-- Man pages -------------------------------------------------------------------
i No man pages to convert.
-- Vignettes -------------------------------------------------------------------
i No vignettes to convert.
-- Update HTML -----------------------------------------------------------------
v HTML updated.
-- Complete --------------------------------------------------------------------
v Documentation updated.
v Setting active project to "<no active project>".
v Setting active project to
"/private/var/folders/2b/t0kwbtmn3p7brv2mvx39c9cr0000gn/T/Rtmp1HuC9n/testpkg1267e1f18a11f".
i Creating `altdoc/` directory.
i Creating `docs/` directory.
i Adding ^docs$ to .Rbuildignore
i Adding ^altdoc$ to .Rbuildignore
i Adding altdoc/freeze.rds to .gitignore
i Importing default settings file(s) to `altdoc/`
i README.md is mandatory. `altdoc` created a dummy README file in the package directory.
i Leaving 'README.md' unchanged.
[ ] Update 'README.md' to include installation instructions.
-- Basic files -----------------------------------------------------------------
v 'README' imported.
-- Man pages -------------------------------------------------------------------
i No man pages to convert.
-- Vignettes -------------------------------------------------------------------
i No vignettes to convert.
-- Update HTML -----------------------------------------------------------------
v HTML updated.
-- Complete --------------------------------------------------------------------
v Documentation updated.
v Setting active project to "<no active project>".
v Setting active project to
"/private/var/folders/2b/t0kwbtmn3p7brv2mvx39c9cr0000gn/T/Rtmp1HuC9n/testpkg1267e18937c9b".
v Writing 'NEWS.md'.
i Creating `altdoc/` directory.
i Creating `docs/` directory.
i Adding ^docs$ to .Rbuildignore
i Adding ^altdoc$ to .Rbuildignore
i Adding altdoc/freeze.rds to .gitignore
i Importing default settings file(s) to `altdoc/`
i README.md is mandatory. `altdoc` created a dummy README file in the package directory.
-- Basic files -----------------------------------------------------------------
v 'NEWS' imported.
v 'README' imported.
-- Man pages -------------------------------------------------------------------
i No man pages to convert.
-- Vignettes -------------------------------------------------------------------
i No vignettes to convert.
-- Update HTML -----------------------------------------------------------------
v HTML updated.
-- Complete --------------------------------------------------------------------
v Documentation updated.
-- Basic files -----------------------------------------------------------------
v 'NEWS' imported.
v 'README' imported.
-- Man pages -------------------------------------------------------------------
i No man pages to convert.
-- Vignettes -------------------------------------------------------------------
i No vignettes to convert.
-- Update HTML -----------------------------------------------------------------
v HTML updated.
-- Complete --------------------------------------------------------------------
v Documentation updated.
v Setting active project to "<no active project>".
v Setting active project to
"/private/var/folders/2b/t0kwbtmn3p7brv2mvx39c9cr0000gn/T/Rtmp1HuC9n/testpkg1267e134cd061".
v Writing 'NEWS.md'.
i Creating `altdoc/` directory.
i Creating `docs/` directory.
i Adding ^docs$ to .Rbuildignore
i Adding ^altdoc$ to .Rbuildignore
i Adding altdoc/freeze.rds to .gitignore
i Importing default settings file(s) to `altdoc/`
i README.md is mandatory. `altdoc` created a dummy README file in the package directory.
-- Basic files -----------------------------------------------------------------
v 'NEWS' imported.
v 'README' imported.
-- Man pages -------------------------------------------------------------------
i No man pages to convert.
-- Vignettes -------------------------------------------------------------------
i No vignettes to convert.
-- Update HTML -----------------------------------------------------------------
v HTML updated.
-- Complete --------------------------------------------------------------------
v Documentation updated.
-- Basic files -----------------------------------------------------------------
v 'NEWS' imported.
v 'README' imported.
-- Man pages -------------------------------------------------------------------
i No man pages to convert.
-- Vignettes -------------------------------------------------------------------
i No vignettes to convert.
-- Update HTML -----------------------------------------------------------------
v HTML updated.
-- Complete --------------------------------------------------------------------
v Documentation updated.
v Setting active project to "<no active project>".
v Setting active project to
"/private/var/folders/2b/t0kwbtmn3p7brv2mvx39c9cr0000gn/T/Rtmp1HuC9n/testpkg1267e12122193".
v Writing 'CODE_OF_CONDUCT.md'.
v Adding "^CODE_OF_CONDUCT\\.md$" to '.Rbuildignore'.
[ ] You may also want to describe the code of conduct in your README:
## Code of Conduct
Please note that the testpkg1267e12122193 project is released with a [Contributor Code of Conduct](https://contributor-covenant.org/version/2/1/CODE_OF_CONDUCT.html). By contributing to this project, you agree to abide by its terms.
i Creating `altdoc/` directory.
i Creating `docs/` directory.
i Adding ^docs$ to .Rbuildignore
i Adding ^altdoc$ to .Rbuildignore
i Adding altdoc/freeze.rds to .gitignore
i Importing default settings file(s) to `altdoc/`
i README.md is mandatory. `altdoc` created a dummy README file in the package directory.
-- Basic files -----------------------------------------------------------------
v 'CODE_OF_CONDUCT' imported.
v 'README' imported.
-- Man pages -------------------------------------------------------------------
i No man pages to convert.
-- Vignettes -------------------------------------------------------------------
i No vignettes to convert.
-- Update HTML -----------------------------------------------------------------
v HTML updated.
-- Complete --------------------------------------------------------------------
v Documentation updated.
-- Basic files -----------------------------------------------------------------
v 'CODE_OF_CONDUCT' imported.
v 'README' imported.
-- Man pages -------------------------------------------------------------------
i No man pages to convert.
-- Vignettes -------------------------------------------------------------------
i No vignettes to convert.
-- Update HTML -----------------------------------------------------------------
v HTML updated.
-- Complete --------------------------------------------------------------------
v Documentation updated.
v Setting active project to "<no active project>".
v Setting active project to
"/private/var/folders/2b/t0kwbtmn3p7brv2mvx39c9cr0000gn/T/Rtmp1HuC9n/testpkg1267eb4358cb".
v Writing 'CODE_OF_CONDUCT.md'.
v Adding "^CODE_OF_CONDUCT\\.md$" to '.Rbuildignore'.
[ ] You may also want to describe the code of conduct in your README:
## Code of Conduct
Please note that the testpkg1267eb4358cb project is released with a [Contributor Code of Conduct](https://contributor-covenant.org/version/2/1/CODE_OF_CONDUCT.html). By contributing to this project, you agree to abide by its terms.
i Creating `altdoc/` directory.
i Creating `docs/` directory.
i Adding ^docs$ to .Rbuildignore
i Adding ^altdoc$ to .Rbuildignore
i Adding altdoc/freeze.rds to .gitignore
i Importing default settings file(s) to `altdoc/`
i README.md is mandatory. `altdoc` created a dummy README file in the package directory.
-- Basic files -----------------------------------------------------------------
v 'CODE_OF_CONDUCT' imported.
v 'README' imported.
-- Man pages -------------------------------------------------------------------
i No man pages to convert.
-- Vignettes -------------------------------------------------------------------
i No vignettes to convert.
-- Update HTML -----------------------------------------------------------------
v HTML updated.
-- Complete --------------------------------------------------------------------
v Documentation updated.
-- Basic files -----------------------------------------------------------------
v 'CODE_OF_CONDUCT' imported.
v 'README' imported.
-- Man pages -------------------------------------------------------------------
i No man pages to convert.
-- Vignettes -------------------------------------------------------------------
i No vignettes to convert.
-- Update HTML -----------------------------------------------------------------
v HTML updated.
-- Complete --------------------------------------------------------------------
v Documentation updated.
v Setting active project to "<no active project>".
v Setting active project to
"/private/var/folders/2b/t0kwbtmn3p7brv2mvx39c9cr0000gn/T/Rtmp1HuC9n/testpkg1267e2d790586".
v Adding "MIT + file LICENSE" to 'License'.
v Writing 'LICENSE'.
v Writing 'LICENSE.md'.
v Adding "^LICENSE\\.md$" to '.Rbuildignore'.
i Creating `altdoc/` directory.
i Creating `docs/` directory.
i Adding ^docs$ to .Rbuildignore
i Adding ^altdoc$ to .Rbuildignore
i Adding altdoc/freeze.rds to .gitignore
i Importing default settings file(s) to `altdoc/`
i README.md is mandatory. `altdoc` created a dummy README file in the package directory.
-- Basic files -----------------------------------------------------------------
v 'LICENSE' imported.
v 'README' imported.
-- Man pages -------------------------------------------------------------------
i No man pages to convert.
-- Vignettes -------------------------------------------------------------------
i No vignettes to convert.
-- Update HTML -----------------------------------------------------------------
v HTML updated.
-- Complete --------------------------------------------------------------------
v Documentation updated.
-- Basic files -----------------------------------------------------------------
v 'LICENSE' imported.
v 'README' imported.
-- Man pages -------------------------------------------------------------------
i No man pages to convert.
-- Vignettes -------------------------------------------------------------------
i No vignettes to convert.
-- Update HTML -----------------------------------------------------------------
v HTML updated.
-- Complete --------------------------------------------------------------------
v Documentation updated.
v Setting active project to "<no active project>".
v Setting active project to
"/private/var/folders/2b/t0kwbtmn3p7brv2mvx39c9cr0000gn/T/Rtmp1HuC9n/testpkg1267e4700c703".
v Adding "MIT + file LICENSE" to 'License'.
v Writing 'LICENSE'.
v Writing 'LICENSE.md'.
v Adding "^LICENSE\\.md$" to '.Rbuildignore'.
i Creating `altdoc/` directory.
i Creating `docs/` directory.
i Adding ^docs$ to .Rbuildignore
i Adding ^altdoc$ to .Rbuildignore
i Adding altdoc/freeze.rds to .gitignore
i Importing default settings file(s) to `altdoc/`
i README.md is mandatory. `altdoc` created a dummy README file in the package directory.
-- Basic files -----------------------------------------------------------------
v 'LICENSE' imported.
v 'README' imported.
-- Man pages -------------------------------------------------------------------
i No man pages to convert.
-- Vignettes -------------------------------------------------------------------
i No vignettes to convert.
-- Update HTML -----------------------------------------------------------------
v HTML updated.
-- Complete --------------------------------------------------------------------
v Documentation updated.
-- Basic files -----------------------------------------------------------------
v 'LICENSE' imported.
v 'README' imported.
-- Man pages -------------------------------------------------------------------
i No man pages to convert.
-- Vignettes -------------------------------------------------------------------
i No vignettes to convert.
-- Update HTML -----------------------------------------------------------------
v HTML updated.
-- Complete --------------------------------------------------------------------
v Documentation updated.
v Setting active project to "<no active project>".
v Setting active project to
"/private/var/folders/2b/t0kwbtmn3p7brv2mvx39c9cr0000gn/T/Rtmp1HuC9n/testpkg1267e123c18d5".
i Creating `altdoc/` directory.
i Creating `docs/` directory.
i Adding ^docs$ to .Rbuildignore
i Adding ^altdoc$ to .Rbuildignore
i Adding altdoc/freeze.rds to .gitignore
i Importing default settings file(s) to `altdoc/`
i README.md is mandatory. `altdoc` created a dummy README file in the package directory.
-- Basic files -----------------------------------------------------------------
v 'README' imported.
-- Man pages -------------------------------------------------------------------
i No man pages to convert.
-- Vignettes -------------------------------------------------------------------
i Found 1 vignette to convert.
\ Converting vignette 1/1: basic.Rmd
x Converting vignette 1/1: basic.Rmd [87ms]
v Setting active project to "<no active project>".
v Setting active project to
"/private/var/folders/2b/t0kwbtmn3p7brv2mvx39c9cr0000gn/T/Rtmp1HuC9n/testpkg1267e56a21f6".
i Creating `altdoc/` directory.
i Creating `docs/` directory.
i Adding ^docs$ to .Rbuildignore
i Adding ^altdoc$ to .Rbuildignore
i Adding altdoc/freeze.rds to .gitignore
i Importing default settings file(s) to `altdoc/`
i README.md is mandatory. `altdoc` created a dummy README file in the package directory.
-- Basic files -----------------------------------------------------------------
v 'README' imported.
-- Man pages -------------------------------------------------------------------
i No man pages to convert.
-- Vignettes -------------------------------------------------------------------
i Found 1 vignette to convert.
\ Converting vignette 1/1: basic.Rmd
x Converting vignette 1/1: basic.Rmd [73ms]
v Setting active project to "<no active project>".
v Setting active project to
"/private/var/folders/2b/t0kwbtmn3p7brv2mvx39c9cr0000gn/T/Rtmp1HuC9n/testpkg1267e233a5732".
v Setting active project to "<no active project>".
v Setting active project to
"/private/var/folders/2b/t0kwbtmn3p7brv2mvx39c9cr0000gn/T/Rtmp1HuC9n/testpkg1267e2c380317".
v Setting active project to "<no active project>".
v Setting active project to
"/private/var/folders/2b/t0kwbtmn3p7brv2mvx39c9cr0000gn/T/Rtmp1HuC9n/testpkg1267e3f06bd2e".
v Setting active project to "<no active project>".
v Setting active project to
"/private/var/folders/2b/t0kwbtmn3p7brv2mvx39c9cr0000gn/T/Rtmp1HuC9n/testpkg1267e14735807".
v Setting active project to "<no active project>".
v Setting active project to
"/private/var/folders/2b/t0kwbtmn3p7brv2mvx39c9cr0000gn/T/Rtmp1HuC9n/testpkg1267e2cab066a".
v Setting active project to "<no active project>".
v Setting active project to
"/private/var/folders/2b/t0kwbtmn3p7brv2mvx39c9cr0000gn/T/Rtmp1HuC9n/testpkg1267e519b1203".
v Setting active project to "<no active project>".
[ FAIL 8 | WARN 0 | SKIP 8 | PASS 55 ]
══ Skipped tests (8) ═══════════════════════════════════════════════════════════
• .venv_exists() is not TRUE (2): 'test-setup_docs.R:49:5',
'test-setup_github_actions.R:23:3'
• On CRAN (5): 'test-render_docs.R:2:3', 'test-render_docs.R:35:3',
'test-render_docs.R:69:3', 'test-render_docs.R:110:3',
'test-render_docs.R:143:3'
• tool == "mkdocs" && !.venv_exists() is TRUE (1): 'test-parallel.R:3:5'
══ Failed tests ════════════════════════════════════════════════════════════════
── Error ('test-import_man.R:11:3'): rendering fails ───────────────────────────
Error in `cat(out[[2]])`: argument 1 (type 'list') cannot be handled by 'cat'
Backtrace:
▆
1. ├─testthat::expect_equal(...) at test-import_man.R:11:3
2. │ └─testthat::quasi_label(enquo(object), label, arg = "object")
3. │ └─rlang::eval_bare(expr, quo_get_env(quo))
4. └─altdoc:::.render_one_man(...)
5. └─altdoc:::.qmd2md(...)
6. └─base::cat(out[[2]])
── Error ('test-import_man.R:47:3'): rendering skipped because unchanged and freeze = TRUE ──
Error in `cat(out[[2]])`: argument 1 (type 'list') cannot be handled by 'cat'
Backtrace:
▆
1. └─altdoc:::.render_one_man(...) at test-import_man.R:47:3
2. └─altdoc:::.qmd2md(...)
3. └─base::cat(out[[2]])
── Error ('test-qmd2md.R:11:3'): use template preamble if no preamble in file ──
Error in `cat(out[[2]])`: argument 1 (type 'list') cannot be handled by 'cat'
Backtrace:
▆
1. └─altdoc:::.qmd2md(vignette_qmd, "vignettes", preamble = preamble) at test-qmd2md.R:11:3
2. └─base::cat(out[[2]])
── Error ('test-qmd2md.R:28:3'): do not use template preamble if preamble in file ──
Error in `cat(out[[2]])`: argument 1 (type 'list') cannot be handled by 'cat'
Backtrace:
▆
1. └─altdoc:::.qmd2md(vignette_qmd, "vignettes", preamble = preamble) at test-qmd2md.R:28:3
2. └─base::cat(out[[2]])
── Error ('test-render_docs.R:175:3'): render_docs errors if vignettes fail ────
Error in `cat(out[[2]])`: argument 1 (type 'list') cannot be handled by 'cat'
Backtrace:
▆
1. ├─testthat::expect_error(render_docs(path = getwd()), "some failures when rendering vignettes") at test-render_docs.R:175:3
2. │ └─testthat:::expect_condition_matching(...)
3. │ └─testthat:::quasi_capture(...)
4. │ ├─testthat (local) .capture(...)
5. │ │ └─base::withCallingHandlers(...)
6. │ └─rlang::eval_bare(quo_get_expr(.quo), quo_get_env(.quo))
7. └─altdoc::render_docs(path = getwd())
8. └─altdoc:::.import_vignettes(...)
9. └─base::vapply(...)
10. └─altdoc (local) FUN(X[[i]], ...)
11. └─altdoc:::.render_one_vignette(...)
12. └─altdoc:::.qmd2md(origin, tar_dir, verbose = verbose, preamble = pre)
13. └─base::cat(out[[2]])
── Error ('test-render_docs.R:186:3'): render_docs errors if man fail ──────────
Error in `cat(out[[2]])`: argument 1 (type 'list') cannot be handled by 'cat'
Backtrace:
▆
1. ├─testthat::expect_error(render_docs(path = getwd()), "some failures when rendering man pages") at test-render_docs.R:186:3
2. │ └─testthat:::expect_condition_matching(...)
3. │ └─testthat:::quasi_capture(...)
4. │ ├─testthat (local) .capture(...)
5. │ │ └─base::withCallingHandlers(...)
6. │ └─rlang::eval_bare(quo_get_expr(.quo), quo_get_env(.quo))
7. └─altdoc::render_docs(path = getwd())
8. └─altdoc:::.import_man(...)
9. └─base::vapply(...)
10. └─altdoc (local) FUN(X[[i]], ...)
11. └─altdoc:::.render_one_man(...)
12. └─altdoc:::.qmd2md(...)
13. └─base::cat(out[[2]])
── Error ('test-update.R:111:5'): render_docs also transform new/modified vignettes if specified: docute ──
Error in `cat(out[[2]])`: argument 1 (type 'list') cannot be handled by 'cat'
Backtrace:
▆
1. └─altdoc::render_docs(path = getwd()) at test-update.R:111:5
2. └─altdoc:::.import_vignettes(...)
3. └─base::vapply(...)
4. └─altdoc (local) FUN(X[[i]], ...)
5. └─altdoc:::.render_one_vignette(...)
6. └─altdoc:::.qmd2md(origin, tar_dir, verbose = verbose, preamble = pre)
7. └─base::cat(out[[2]])
── Error ('test-update.R:111:5'): render_docs also transform new/modified vignettes if specified: docsify ──
Error in `cat(out[[2]])`: argument 1 (type 'list') cannot be handled by 'cat'
Backtrace:
▆
1. └─altdoc::render_docs(path = getwd()) at test-update.R:111:5
2. └─altdoc:::.import_vignettes(...)
3. └─base::vapply(...)
4. └─altdoc (local) FUN(X[[i]], ...)
5. └─altdoc:::.render_one_vignette(...)
6. └─altdoc:::.qmd2md(origin, tar_dir, verbose = verbose, preamble = pre)
7. └─base::cat(out[[2]])
[ FAIL 8 | WARN 0 | SKIP 8 | PASS 55 ]
Error: Test failures
Execution halted
Flavor: r-oldrel-macos-x86_64
These binaries (installable software) and packages are in development.
They may not be fully stable and should be used with caution. We make no claims about them.