Last updated on 2025-05-01 14:49:04 CEST.
Flavor | Version | Tinstall | Tcheck | Ttotal | Status | Flags |
---|---|---|---|---|---|---|
r-devel-linux-x86_64-debian-clang | 4.2 | 13.81 | 139.44 | 153.25 | NOTE | |
r-devel-linux-x86_64-debian-gcc | 4.2 | 9.41 | 91.32 | 100.73 | OK | |
r-devel-linux-x86_64-fedora-clang | 4.2 | 245.01 | OK | |||
r-devel-linux-x86_64-fedora-gcc | 4.2 | 253.89 | OK | |||
r-devel-windows-x86_64 | 4.2 | 16.00 | 142.00 | 158.00 | OK | |
r-patched-linux-x86_64 | 4.2 | 15.45 | 132.74 | 148.19 | OK | |
r-release-linux-x86_64 | OK | |||||
r-release-macos-arm64 | 4.2 | 65.00 | OK | |||
r-release-macos-x86_64 | 4.2 | 156.00 | OK | |||
r-release-windows-x86_64 | 4.2 | 16.00 | 141.00 | 157.00 | OK | |
r-oldrel-macos-arm64 | 4.2 | 61.00 | OK | |||
r-oldrel-macos-x86_64 | 4.2 | 177.00 | OK | |||
r-oldrel-windows-x86_64 | 4.2 | 21.00 | 186.00 | 207.00 | OK |
Version: 4.2
Check: examples
Result: NOTE
Examples with CPU (user + system) or elapsed time > 5s
user system elapsed
metapb 11.176 0.003 13.714
meta.pen 10.585 0.016 12.860
Flavor: r-devel-linux-x86_64-debian-clang
Version: 4.2
Check: examples
Result: NA
user system elapsed
metapb 6.079 0.000 6.787
meta.pen 5.001 0.005 5.510
OK
Flavor: r-devel-linux-x86_64-debian-gcc
These binaries (installable software) and packages are in development.
They may not be fully stable and should be used with caution. We make no claims about them.