Last updated on 2025-10-23 11:50:06 CEST.
Flavor | Version | Tinstall | Tcheck | Ttotal | Status | Flags |
---|---|---|---|---|---|---|
r-devel-linux-x86_64-debian-clang | 1.2.4.9 | 39.40 | 376.28 | 415.68 | NOTE | |
r-devel-linux-x86_64-debian-gcc | 1.2.4.9 | 25.16 | 235.33 | 260.49 | OK | |
r-devel-linux-x86_64-fedora-clang | 1.2.4.9 | 94.00 | 548.58 | 642.58 | OK | |
r-devel-linux-x86_64-fedora-gcc | 1.2.4.9 | 91.00 | 546.25 | 637.25 | OK | |
r-devel-windows-x86_64 | 1.2.4.9 | 38.00 | 332.00 | 370.00 | OK | |
r-patched-linux-x86_64 | 1.2.4.9 | 38.89 | 354.93 | 393.82 | OK | |
r-release-linux-x86_64 | 1.2.4.9 | 32.59 | 352.48 | 385.07 | OK | |
r-release-macos-arm64 | 1.2.4.9 | 16.00 | 137.00 | 153.00 | OK | |
r-release-macos-x86_64 | 1.2.4.9 | 41.00 | 345.00 | 386.00 | OK | |
r-release-windows-x86_64 | 1.2.4.9 | 37.00 | 333.00 | 370.00 | OK | |
r-oldrel-macos-arm64 | 1.2.4.9 | 16.00 | 140.00 | 156.00 | OK | |
r-oldrel-macos-x86_64 | 1.2.4.9 | 36.00 | 284.00 | 320.00 | OK | |
r-oldrel-windows-x86_64 | 1.2.4.9 | 53.00 | 450.00 | 503.00 | OK |
Version: 1.2.4.9
Check: HTML version of manual
Result: NOTE
Found the following HTML validation problems:
collapse_nlcd.html:63:1 (collapse_nlcd.Rd:21): Warning: missing </ul> before </div>
interactive.html:46:1 (interactive.Rd:10): Warning: missing </ul> before </div>
Flavor: r-devel-linux-x86_64-debian-clang
These binaries (installable software) and packages are in development.
They may not be fully stable and should be used with caution. We make no claims about them.