Last updated on 2025-07-02 03:50:36 CEST.
Flavor | Version | Tinstall | Tcheck | Ttotal | Status | Flags |
---|---|---|---|---|---|---|
r-devel-linux-x86_64-debian-clang | 1.2.3 | 42.44 | 371.75 | 414.19 | NOTE | |
r-devel-linux-x86_64-debian-gcc | 1.2.3 | 25.56 | 227.61 | 253.17 | NOTE | |
r-devel-linux-x86_64-fedora-clang | 1.2.3 | 637.16 | NOTE | |||
r-devel-linux-x86_64-fedora-gcc | 1.2.3 | 634.49 | NOTE | |||
r-devel-windows-x86_64 | 1.2.3 | 39.00 | 328.00 | 367.00 | NOTE | |
r-patched-linux-x86_64 | NOTE | |||||
r-release-linux-x86_64 | 1.2.3 | 40.33 | 344.71 | 385.04 | NOTE | |
r-release-macos-arm64 | 1.2.3 | 144.00 | NOTE | |||
r-release-macos-x86_64 | 1.2.3 | 310.00 | OK | |||
r-release-windows-x86_64 | 1.2.3 | 36.00 | 319.00 | 355.00 | NOTE | |
r-oldrel-macos-arm64 | 1.2.3 | 131.00 | OK | |||
r-oldrel-macos-x86_64 | 1.2.3 | 327.00 | OK | |||
r-oldrel-windows-x86_64 | 1.2.3 | 51.00 | 434.00 | 485.00 | OK |
Version: 1.2.3
Check: DESCRIPTION meta-information
Result: NOTE
Missing dependency on R >= 4.2.0 because package code uses the pipe
placeholder syntax added in R 4.2.0.
File(s) using such syntax:
‘calculate_covariates.R’
Flavors: r-devel-linux-x86_64-debian-clang, r-devel-linux-x86_64-debian-gcc, r-devel-linux-x86_64-fedora-clang, r-devel-linux-x86_64-fedora-gcc, r-devel-windows-x86_64, r-patched-linux-x86_64, r-release-linux-x86_64, r-release-macos-arm64, r-release-windows-x86_64
These binaries (installable software) and packages are in development.
They may not be fully stable and should be used with caution. We make no claims about them.