Last updated on 2025-02-16 10:50:41 CET.
Flavor | Version | Tinstall | Tcheck | Ttotal | Status | Flags |
---|---|---|---|---|---|---|
r-devel-linux-x86_64-debian-clang | 0.1.3 | 2.83 | 30.38 | 33.21 | NOTE | |
r-devel-linux-x86_64-debian-gcc | 0.1.3 | 2.16 | 24.54 | 26.70 | NOTE | |
r-devel-linux-x86_64-fedora-clang | 0.1.3 | 53.59 | OK | |||
r-devel-linux-x86_64-fedora-gcc | 0.1.3 | 62.93 | OK | |||
r-devel-macos-arm64 | 0.1.3 | 32.00 | OK | |||
r-devel-macos-x86_64 | 0.1.3 | 54.00 | OK | |||
r-devel-windows-x86_64 | 0.1.3 | 6.00 | 56.00 | 62.00 | OK | |
r-patched-linux-x86_64 | 0.1.3 | 2.98 | 28.31 | 31.29 | OK | |
r-release-linux-x86_64 | 0.1.3 | 2.73 | 28.41 | 31.14 | OK | |
r-release-macos-arm64 | 0.1.3 | 34.00 | OK | |||
r-release-macos-x86_64 | 0.1.3 | 43.00 | OK | |||
r-release-windows-x86_64 | 0.1.3 | 5.00 | 52.00 | 57.00 | OK | |
r-oldrel-macos-arm64 | 0.1.3 | 26.00 | OK | |||
r-oldrel-macos-x86_64 | 0.1.3 | 65.00 | OK | |||
r-oldrel-windows-x86_64 | 0.1.3 | 5.00 | 60.00 | 65.00 | OK |
Version: 0.1.3
Check: for unstated dependencies in ‘demo’
Result: NOTE
'::' or ':::' import not declared from: ‘bslib’
'library' or 'require' call not declared from: ‘shinyjs’
Flavors: r-devel-linux-x86_64-debian-clang, r-devel-linux-x86_64-debian-gcc
These binaries (installable software) and packages are in development.
They may not be fully stable and should be used with caution. We make no claims about them.