CRAN Package Check Results for Package ambient

Last updated on 2025-07-24 03:49:53 CEST.

Flavor Version Tinstall Tcheck Ttotal Status Flags
r-devel-linux-x86_64-debian-clang 1.0.2 16.17 45.55 61.72 NOTE
r-devel-linux-x86_64-debian-gcc 1.0.2 10.95 34.75 45.70 NOTE
r-devel-linux-x86_64-fedora-clang 1.0.2 102.14 NOTE
r-devel-linux-x86_64-fedora-gcc 1.0.2 94.06 NOTE
r-devel-windows-x86_64 1.0.2 22.00 86.00 108.00 NOTE
r-patched-linux-x86_64 1.0.2 14.28 42.64 56.92 NOTE
r-release-linux-x86_64 1.0.2 14.78 43.08 57.86 NOTE
r-release-macos-arm64 1.0.2 35.00 NOTE
r-release-macos-x86_64 1.0.2 65.00 NOTE
r-release-windows-x86_64 1.0.2 23.00 88.00 111.00 NOTE
r-oldrel-macos-arm64 1.0.2 39.00 NOTE
r-oldrel-macos-x86_64 1.0.2 48.00 NOTE
r-oldrel-windows-x86_64 1.0.2 21.00 97.00 118.00 NOTE

Check Details

Version: 1.0.2
Check: C++ specification
Result: NOTE Specified C++11: please drop specification unless essential Flavors: r-devel-linux-x86_64-debian-clang, r-devel-linux-x86_64-debian-gcc, r-devel-linux-x86_64-fedora-clang, r-devel-linux-x86_64-fedora-gcc, r-devel-windows-x86_64, r-patched-linux-x86_64, r-release-linux-x86_64, r-release-macos-arm64, r-release-macos-x86_64, r-release-windows-x86_64, r-oldrel-macos-arm64, r-oldrel-macos-x86_64, r-oldrel-windows-x86_64

These binaries (installable software) and packages are in development.
They may not be fully stable and should be used with caution. We make no claims about them.