Last updated on 2025-11-11 15:50:27 CET.
| Flavor | Version | Tinstall | Tcheck | Ttotal | Status | Flags |
|---|---|---|---|---|---|---|
| r-devel-linux-x86_64-debian-clang | 1.0.0 | 8.74 | 120.15 | 128.89 | NOTE | |
| r-devel-linux-x86_64-debian-gcc | 1.0.0 | 6.03 | 76.27 | 82.30 | NOTE | |
| r-devel-linux-x86_64-fedora-clang | 1.0.0 | 18.00 | 186.61 | 204.61 | OK | |
| r-devel-linux-x86_64-fedora-gcc | 1.0.0 | 18.00 | 195.56 | 213.56 | OK | |
| r-devel-windows-x86_64 | 1.0.0 | 12.00 | 120.00 | 132.00 | OK | |
| r-patched-linux-x86_64 | 1.0.0 | 8.70 | 111.79 | 120.49 | OK | |
| r-release-linux-x86_64 | 1.0.0 | 7.97 | 111.17 | 119.14 | OK | |
| r-release-macos-arm64 | 1.0.0 | 3.00 | 46.00 | 49.00 | OK | |
| r-release-macos-x86_64 | 1.0.0 | 5.00 | 108.00 | 113.00 | OK | |
| r-release-windows-x86_64 | 1.0.0 | 12.00 | 115.00 | 127.00 | OK | |
| r-oldrel-macos-arm64 | 1.0.0 | 3.00 | 50.00 | 53.00 | OK | |
| r-oldrel-macos-x86_64 | 1.0.0 | 5.00 | 74.00 | 79.00 | OK | |
| r-oldrel-windows-x86_64 | 1.0.0 | 14.00 | 146.00 | 160.00 | OK |
Version: 1.0.0
Check: CRAN incoming feasibility
Result: NOTE
Maintainer: ‘Adam Elder <shmelder@gmail.com>’
The Description field contains
A testing framework described in Elder et al. (2022) <arXiv:2203.01897>
Please refer to arXiv e-prints via their arXiv DOI <doi:10.48550/arXiv.YYMM.NNNNN>.
Flavors: r-devel-linux-x86_64-debian-clang, r-devel-linux-x86_64-debian-gcc
These binaries (installable software) and packages are in development.
They may not be fully stable and should be used with caution. We make no claims about them.