Last updated on 2025-10-23 17:50:41 CEST.
Flavor | Version | Tinstall | Tcheck | Ttotal | Status | Flags |
---|---|---|---|---|---|---|
r-devel-linux-x86_64-debian-clang | 1.1.0 | 24.19 | 156.07 | 180.26 | OK | |
r-devel-linux-x86_64-debian-gcc | 1.1.0 | 17.31 | 109.38 | 126.69 | OK | |
r-devel-linux-x86_64-fedora-clang | 1.1.0 | 63.00 | 222.93 | 285.93 | NOTE | |
r-devel-linux-x86_64-fedora-gcc | 1.1.0 | 57.00 | 226.32 | 283.32 | NOTE | |
r-devel-windows-x86_64 | 1.1.0 | 29.00 | 154.00 | 183.00 | OK | |
r-patched-linux-x86_64 | 1.1.0 | 24.73 | 146.30 | 171.03 | OK | |
r-release-linux-x86_64 | 1.1.0 | 25.48 | 148.86 | 174.34 | OK | |
r-release-macos-arm64 | 1.1.0 | 11.00 | 66.00 | 77.00 | OK | |
r-release-macos-x86_64 | 1.1.0 | 19.00 | 134.00 | 153.00 | OK | |
r-release-windows-x86_64 | 1.1.0 | 29.00 | 159.00 | 188.00 | OK | |
r-oldrel-macos-arm64 | 1.1.0 | 12.00 | 66.00 | 78.00 | OK | |
r-oldrel-macos-x86_64 | 1.1.0 | 16.00 | 95.00 | 111.00 | OK | |
r-oldrel-windows-x86_64 | 1.1.0 | 39.00 | 204.00 | 243.00 | OK |
Version: 1.1.0
Check: dependencies in R code
Result: NOTE
Namespace in Imports field not imported from: ‘kernlab’
All declared Imports should be used.
Flavors: r-devel-linux-x86_64-fedora-clang, r-devel-linux-x86_64-fedora-gcc
These binaries (installable software) and packages are in development.
They may not be fully stable and should be used with caution. We make no claims about them.