Last updated on 2025-07-02 03:50:36 CEST.
Flavor | Version | Tinstall | Tcheck | Ttotal | Status | Flags |
---|---|---|---|---|---|---|
r-devel-linux-x86_64-debian-clang | 1.1.0 | 26.10 | 151.08 | 177.18 | OK | |
r-devel-linux-x86_64-debian-gcc | 1.1.0 | 17.92 | 107.41 | 125.33 | OK | |
r-devel-linux-x86_64-fedora-clang | 1.1.0 | 277.46 | NOTE | |||
r-devel-linux-x86_64-fedora-gcc | 1.1.0 | 267.64 | NOTE | |||
r-devel-windows-x86_64 | 1.1.0 | 30.00 | 155.00 | 185.00 | OK | |
r-patched-linux-x86_64 | OK | |||||
r-release-linux-x86_64 | 1.1.0 | 24.29 | 136.42 | 160.71 | OK | |
r-release-macos-arm64 | 1.1.0 | 77.00 | OK | |||
r-release-macos-x86_64 | 1.1.0 | 153.00 | OK | |||
r-release-windows-x86_64 | 1.1.0 | 28.00 | 150.00 | 178.00 | OK | |
r-oldrel-macos-arm64 | 1.1.0 | 78.00 | OK | |||
r-oldrel-macos-x86_64 | 1.1.0 | 111.00 | OK | |||
r-oldrel-windows-x86_64 | 1.1.0 | 38.00 | 200.00 | 238.00 | OK |
Version: 1.1.0
Check: dependencies in R code
Result: NOTE
Namespace in Imports field not imported from: ‘kernlab’
All declared Imports should be used.
Flavors: r-devel-linux-x86_64-fedora-clang, r-devel-linux-x86_64-fedora-gcc
These binaries (installable software) and packages are in development.
They may not be fully stable and should be used with caution. We make no claims about them.