Last updated on 2025-02-16 10:50:41 CET.
Flavor | Version | Tinstall | Tcheck | Ttotal | Status | Flags |
---|---|---|---|---|---|---|
r-devel-linux-x86_64-debian-clang | 0.2.2.0 | 17.55 | 364.17 | 381.72 | OK | |
r-devel-linux-x86_64-debian-gcc | 0.2.2.0 | 12.91 | 242.87 | 255.78 | OK | |
r-devel-linux-x86_64-fedora-clang | 0.2.2.0 | 666.81 | OK | |||
r-devel-linux-x86_64-fedora-gcc | 0.2.2.0 | 642.44 | OK | |||
r-devel-macos-arm64 | 0.2.2.0 | 5.00 | ERROR | |||
r-devel-macos-x86_64 | 0.2.2.0 | 364.00 | OK | |||
r-devel-windows-x86_64 | 0.2.2.0 | 20.00 | 336.00 | 356.00 | OK | |
r-patched-linux-x86_64 | 0.2.2.0 | 20.14 | 338.78 | 358.92 | OK | |
r-release-linux-x86_64 | 0.2.2.0 | 16.55 | 339.38 | 355.93 | OK | |
r-release-macos-arm64 | 0.2.2.0 | 163.00 | OK | |||
r-release-macos-x86_64 | 0.2.2.0 | 273.00 | OK | |||
r-release-windows-x86_64 | 0.2.2.0 | 22.00 | 330.00 | 352.00 | OK | |
r-oldrel-macos-arm64 | 0.2.2.0 | 106.00 | OK | |||
r-oldrel-macos-x86_64 | 0.2.2.0 | 461.00 | OK | |||
r-oldrel-windows-x86_64 | 0.2.2.0 | 27.00 | 455.00 | 482.00 | OK |
Version: 0.2.2.0
Check: package dependencies
Result: ERROR
Packages required but not available: 'ctmm', 'terra'
See section ‘The DESCRIPTION file’ in the ‘Writing R Extensions’
manual.
Flavor: r-devel-macos-arm64
These binaries (installable software) and packages are in development.
They may not be fully stable and should be used with caution. We make no claims about them.