Last updated on 2025-07-02 03:50:36 CEST.
Flavor | Version | Tinstall | Tcheck | Ttotal | Status | Flags |
---|---|---|---|---|---|---|
r-devel-linux-x86_64-debian-clang | 0.2.2.0 | 19.05 | 376.84 | 395.89 | OK | |
r-devel-linux-x86_64-debian-gcc | 0.2.2.0 | 12.81 | 249.24 | 262.05 | OK | |
r-devel-linux-x86_64-fedora-clang | 0.2.2.0 | 647.26 | OK | |||
r-devel-linux-x86_64-fedora-gcc | 0.2.2.0 | 653.02 | OK | |||
r-devel-windows-x86_64 | 0.2.2.0 | 22.00 | 357.00 | 379.00 | OK | |
r-patched-linux-x86_64 | OK | |||||
r-release-linux-x86_64 | 0.2.2.0 | 18.02 | 350.03 | 368.05 | OK | |
r-release-macos-arm64 | 0.2.2.0 | 5.00 | ERROR | |||
r-release-macos-x86_64 | 0.2.2.0 | 372.00 | OK | |||
r-release-windows-x86_64 | 0.2.2.0 | 21.00 | 348.00 | 369.00 | OK | |
r-oldrel-macos-arm64 | 0.2.2.0 | 163.00 | OK | |||
r-oldrel-macos-x86_64 | 0.2.2.0 | 273.00 | OK | |||
r-oldrel-windows-x86_64 | 0.2.2.0 | 26.00 | 461.00 | 487.00 | OK |
Version: 0.2.2.0
Check: package dependencies
Result: ERROR
Package required but not available: ‘ctmm’
See section ‘The DESCRIPTION file’ in the ‘Writing R Extensions’
manual.
Flavor: r-release-macos-arm64
These binaries (installable software) and packages are in development.
They may not be fully stable and should be used with caution. We make no claims about them.