Last updated on 2025-11-12 19:51:41 CET.
| Flavor | Version | Tinstall | Tcheck | Ttotal | Status | Flags |
|---|---|---|---|---|---|---|
| r-devel-linux-x86_64-debian-clang | 0.3.0.0 | 16.99 | 377.26 | 394.25 | OK | |
| r-devel-linux-x86_64-debian-gcc | 0.3.0.0 | 12.28 | 248.18 | 260.46 | OK | |
| r-devel-linux-x86_64-fedora-clang | 0.3.0.0 | 94.00 | 561.21 | 655.21 | OK | |
| r-devel-linux-x86_64-fedora-gcc | 0.3.0.0 | 39.00 | 589.42 | 628.42 | OK | |
| r-devel-windows-x86_64 | 0.3.0.0 | 22.00 | 356.00 | 378.00 | OK | |
| r-patched-linux-x86_64 | 0.3.0.0 | 20.90 | 359.67 | 380.57 | OK | |
| r-release-linux-x86_64 | 0.3.0.0 | 17.09 | 356.44 | 373.53 | OK | |
| r-release-macos-arm64 | 0.3.0.0 | 5.00 | ERROR | |||
| r-release-macos-x86_64 | 0.3.0.0 | 8.00 | 171.00 | 179.00 | OK | |
| r-release-windows-x86_64 | 0.3.0.0 | 23.00 | 340.00 | 363.00 | OK | |
| r-oldrel-macos-arm64 | 0.3.0.0 | 8.00 | 169.00 | 177.00 | OK | |
| r-oldrel-macos-x86_64 | 0.3.0.0 | 9.00 | 177.00 | 186.00 | OK | |
| r-oldrel-windows-x86_64 | 0.3.0.0 | 29.00 | 441.00 | 470.00 | OK |
Version: 0.3.0.0
Check: package dependencies
Result: ERROR
Package required but not available: ‘ctmm’
See section ‘The DESCRIPTION file’ in the ‘Writing R Extensions’
manual.
Flavor: r-release-macos-arm64
These binaries (installable software) and packages are in development.
They may not be fully stable and should be used with caution. We make no claims about them.