Last updated on 2025-05-08 04:51:59 CEST.
Flavor | Version | Tinstall | Tcheck | Ttotal | Status | Flags |
---|---|---|---|---|---|---|
r-devel-linux-x86_64-debian-clang | 0.2.2.0 | 18.73 | 366.89 | 385.62 | OK | |
r-devel-linux-x86_64-debian-gcc | 0.2.2.0 | 13.75 | 251.54 | 265.29 | OK | |
r-devel-linux-x86_64-fedora-clang | 0.2.2.0 | 593.68 | OK | |||
r-devel-linux-x86_64-fedora-gcc | 0.2.2.0 | 625.79 | OK | |||
r-devel-windows-x86_64 | 0.2.2.0 | 22.00 | 346.00 | 368.00 | OK | |
r-patched-linux-x86_64 | 0.2.2.0 | 17.14 | 350.95 | 368.09 | OK | |
r-release-linux-x86_64 | 0.2.2.0 | 18.25 | 351.58 | 369.83 | OK | |
r-release-macos-arm64 | 0.2.2.0 | 5.00 | ERROR | |||
r-release-macos-x86_64 | 0.2.2.0 | 372.00 | OK | |||
r-release-windows-x86_64 | 0.2.2.0 | 22.00 | 357.00 | 379.00 | OK | |
r-oldrel-macos-arm64 | 0.2.2.0 | 163.00 | OK | |||
r-oldrel-macos-x86_64 | 0.2.2.0 | 273.00 | OK | |||
r-oldrel-windows-x86_64 | 0.2.2.0 | 28.00 | 450.00 | 478.00 | OK |
Version: 0.2.2.0
Check: package dependencies
Result: ERROR
Package required but not available: ‘ctmm’
See section ‘The DESCRIPTION file’ in the ‘Writing R Extensions’
manual.
Flavor: r-release-macos-arm64
These binaries (installable software) and packages are in development.
They may not be fully stable and should be used with caution. We make no claims about them.