CRAN Package Check Results for Package analyzer

Last updated on 2025-07-25 01:49:21 CEST.

Flavor Version Tinstall Tcheck Ttotal Status Flags
r-devel-linux-x86_64-debian-clang 1.0.1 6.61 88.96 95.57 OK
r-devel-linux-x86_64-debian-gcc 1.0.1 5.13 60.46 65.59 OK
r-devel-linux-x86_64-fedora-clang 1.0.1 143.20 OK
r-devel-linux-x86_64-fedora-gcc 1.0.1 149.02 OK
r-devel-windows-x86_64 1.0.1 9.00 103.00 112.00 OK
r-patched-linux-x86_64 1.0.1 6.89 82.14 89.03 OK
r-release-linux-x86_64 1.0.1 7.10 80.82 87.92 OK
r-release-macos-arm64 1.0.1 52.00 OK
r-release-macos-x86_64 1.0.1 86.00 OK
r-release-windows-x86_64 1.0.1 8.00 96.00 104.00 OK
r-oldrel-macos-arm64 1.0.1 44.00 NOTE
r-oldrel-macos-x86_64 1.0.1 68.00 NOTE
r-oldrel-windows-x86_64 1.0.1 12.00 120.00 132.00 NOTE

Check Details

Version: 1.0.1
Check: LazyData
Result: NOTE 'LazyData' is specified without a 'data' directory Flavors: r-oldrel-macos-arm64, r-oldrel-macos-x86_64, r-oldrel-windows-x86_64

These binaries (installable software) and packages are in development.
They may not be fully stable and should be used with caution. We make no claims about them.