Last updated on 2025-05-08 04:51:59 CEST.
Flavor | Version | Tinstall | Tcheck | Ttotal | Status | Flags |
---|---|---|---|---|---|---|
r-devel-linux-x86_64-debian-clang | 0.1.0 | 7.12 | 55.64 | 62.76 | NOTE | |
r-devel-linux-x86_64-debian-gcc | 0.1.0 | 4.28 | 40.28 | 44.56 | NOTE | |
r-devel-linux-x86_64-fedora-clang | 0.1.0 | 102.03 | OK | |||
r-devel-linux-x86_64-fedora-gcc | 0.1.0 | 90.80 | OK | |||
r-devel-windows-x86_64 | 0.1.0 | 8.00 | 79.00 | 87.00 | OK | |
r-patched-linux-x86_64 | 0.1.0 | 8.46 | 51.01 | 59.47 | OK | |
r-release-linux-x86_64 | 0.1.0 | 7.01 | 52.16 | 59.17 | OK | |
r-release-macos-arm64 | 0.1.0 | 33.00 | OK | |||
r-release-macos-x86_64 | 0.1.0 | 44.00 | OK | |||
r-release-windows-x86_64 | 0.1.0 | 9.00 | 87.00 | 96.00 | OK | |
r-oldrel-macos-arm64 | 0.1.0 | 32.00 | OK | |||
r-oldrel-macos-x86_64 | 0.1.0 | 48.00 | OK | |||
r-oldrel-windows-x86_64 | 0.1.0 | 10.00 | 89.00 | 99.00 | OK |
Version: 0.1.0
Check: DESCRIPTION meta-information
Result: NOTE
Author field differs from that derived from Authors@R
Author: ‘Nicolas Frerebeau [aut, cre] (<https://orcid.org/0000-0001-5759-4944>), Université Bordeaux Montaigne [fnd] (03pbgwk21), CNRS [fnd] (02feahw73)’
Authors@R: ‘Nicolas Frerebeau [aut, cre] (ORCID: <https://orcid.org/0000-0001-5759-4944>), Université Bordeaux Montaigne [fnd] (ROR: <https://ror.org/03pbgwk21>), CNRS [fnd] (ROR: <https://ror.org/02feahw73>)’
Flavors: r-devel-linux-x86_64-debian-clang, r-devel-linux-x86_64-debian-gcc
These binaries (installable software) and packages are in development.
They may not be fully stable and should be used with caution. We make no claims about them.