Last updated on 2025-11-11 15:50:27 CET.
| Flavor | Version | Tinstall | Tcheck | Ttotal | Status | Flags |
|---|---|---|---|---|---|---|
| r-devel-linux-x86_64-debian-clang | 0.0.1 | 30.65 | 270.63 | 301.28 | NOTE | |
| r-devel-linux-x86_64-debian-gcc | 0.0.1 | 18.87 | 165.10 | 183.97 | NOTE | |
| r-devel-linux-x86_64-fedora-clang | 0.0.1 | 70.00 | 395.20 | 465.20 | NOTE | |
| r-devel-linux-x86_64-fedora-gcc | 0.0.1 | 65.00 | 391.70 | 456.70 | NOTE | |
| r-devel-windows-x86_64 | 0.0.1 | 27.00 | 201.00 | 228.00 | NOTE | |
| r-patched-linux-x86_64 | 0.0.1 | 29.67 | 258.07 | 287.74 | OK | |
| r-release-linux-x86_64 | 0.0.1 | 26.68 | 254.93 | 281.61 | OK | |
| r-release-macos-arm64 | 0.0.1 | 14.00 | 91.00 | 105.00 | OK | |
| r-release-macos-x86_64 | 0.0.1 | 24.00 | 190.00 | 214.00 | OK | |
| r-release-windows-x86_64 | 0.0.1 | 29.00 | 199.00 | 228.00 | OK | |
| r-oldrel-macos-arm64 | 0.0.1 | 12.00 | 86.00 | 98.00 | OK | |
| r-oldrel-macos-x86_64 | 0.0.1 | 19.00 | 167.00 | 186.00 | OK | |
| r-oldrel-windows-x86_64 | 0.0.1 | 39.00 | 303.00 | 342.00 | OK |
Version: 0.0.1
Check: CRAN incoming feasibility
Result: NOTE
Maintainer: ‘Michael D. Sumner <mdsumner@gmail.com>’
Found the following (possibly) invalid file URI:
URI: CONDUCT.md
From: README.md
Flavors: r-devel-linux-x86_64-debian-clang, r-devel-linux-x86_64-debian-gcc
Version: 0.0.1
Check: Rd files
Result: NOTE
checkRd: (-1) angstroms.Rd:13-22: Only 2 columns allowed in this table (row 4 has 1)
Flavors: r-devel-linux-x86_64-debian-clang, r-devel-linux-x86_64-debian-gcc, r-devel-linux-x86_64-fedora-clang, r-devel-linux-x86_64-fedora-gcc, r-devel-windows-x86_64
These binaries (installable software) and packages are in development.
They may not be fully stable and should be used with caution. We make no claims about them.