Last updated on 2024-07-27 15:50:11 CEST.
Flavor | Version | Tinstall | Tcheck | Ttotal | Status | Flags |
---|---|---|---|---|---|---|
r-devel-linux-x86_64-debian-clang | 0.3.9.4 | 7.06 | 50.15 | 57.21 | NOTE | |
r-devel-linux-x86_64-debian-gcc | 0.3.9.4 | NOTE | ||||
r-devel-linux-x86_64-fedora-clang | 0.3.9.4 | 73.69 | NOTE | |||
r-devel-linux-x86_64-fedora-gcc | 0.3.9.4 | 81.19 | NOTE | |||
r-devel-windows-x86_64 | 0.3.9.4 | 8.00 | 65.00 | 73.00 | NOTE | |
r-patched-linux-x86_64 | 0.3.9.4 | NOTE | ||||
r-release-linux-x86_64 | 0.3.9.4 | 5.49 | 49.14 | 54.63 | NOTE | |
r-release-macos-arm64 | 0.3.9.4 | 32.00 | NOTE | |||
r-release-macos-x86_64 | 0.3.9.4 | 45.00 | NOTE | |||
r-release-windows-x86_64 | 0.3.9.4 | 7.00 | 64.00 | 71.00 | NOTE | |
r-oldrel-macos-arm64 | 0.3.9.4 | 36.00 | OK | |||
r-oldrel-macos-x86_64 | 0.3.9.4 | 54.00 | OK | |||
r-oldrel-windows-x86_64 | 0.3.9.4 | 8.00 | 71.00 | 79.00 | OK |
Version: 0.3.9.4
Check: Rd files
Result: NOTE
checkRd: (-1) animate.Rd:625-627: Lost braces
625 | group = function(...) {
| ^
Flavors: r-devel-linux-x86_64-debian-clang, r-devel-linux-x86_64-debian-gcc, r-devel-linux-x86_64-fedora-clang, r-devel-linux-x86_64-fedora-gcc, r-devel-windows-x86_64, r-patched-linux-x86_64, r-release-linux-x86_64, r-release-macos-arm64, r-release-macos-x86_64, r-release-windows-x86_64
These binaries (installable software) and packages are in development.
They may not be fully stable and should be used with caution. We make no claims about them.