CRAN Package Check Results for Package animation

Last updated on 2025-05-23 01:50:48 CEST.

Flavor Version Tinstall Tcheck Ttotal Status Flags
r-devel-linux-x86_64-debian-clang 2.7 4.82 44.33 49.15 NOTE
r-devel-linux-x86_64-debian-gcc 2.7 3.69 32.56 36.25 NOTE
r-devel-linux-x86_64-fedora-clang 2.7 70.32 OK
r-devel-linux-x86_64-fedora-gcc 2.7 67.81 OK
r-devel-windows-x86_64 2.7 7.00 126.00 133.00 OK
r-patched-linux-x86_64 2.7 5.82 40.96 46.78 NOTE
r-release-linux-x86_64 2.7 4.18 40.64 44.82 NOTE
r-release-macos-arm64 2.7 28.00 OK
r-release-macos-x86_64 2.7 45.00 OK
r-release-windows-x86_64 2.7 7.00 117.00 124.00 OK
r-oldrel-macos-arm64 2.7 31.00 OK
r-oldrel-macos-x86_64 2.7 36.00 OK
r-oldrel-windows-x86_64 2.7 8.00 81.00 89.00 OK

Check Details

Version: 2.7
Check: CRAN incoming feasibility
Result: NOTE Maintainer: ‘Yihui Xie <xie@yihui.name>’ Package CITATION file contains call(s) to old-style personList() or as.personList(). Please use c() on person objects instead. Package CITATION file contains call(s) to old-style citEntry(). Please use bibentry() instead. Flavors: r-devel-linux-x86_64-debian-clang, r-devel-linux-x86_64-debian-gcc

Version: 2.7
Check: for unstated dependencies in ‘demo’
Result: NOTE 'library' or 'require' calls not declared from: ‘Cairo’ ‘fImport’ ‘rgl’ ‘zoo’ Flavors: r-devel-linux-x86_64-debian-clang, r-devel-linux-x86_64-debian-gcc, r-patched-linux-x86_64, r-release-linux-x86_64

These binaries (installable software) and packages are in development.
They may not be fully stable and should be used with caution. We make no claims about them.