Last updated on 2025-02-16 10:50:41 CET.
Flavor | Version | Tinstall | Tcheck | Ttotal | Status | Flags |
---|---|---|---|---|---|---|
r-devel-linux-x86_64-debian-clang | 1.0.0 | 7.80 | 74.78 | 82.58 | NOTE | |
r-devel-linux-x86_64-debian-gcc | 1.0.0 | 4.71 | 51.99 | 56.70 | NOTE | |
r-devel-linux-x86_64-fedora-clang | 1.0.0 | 130.61 | NOTE | |||
r-devel-linux-x86_64-fedora-gcc | 1.0.0 | 139.71 | NOTE | |||
r-devel-macos-arm64 | 1.0.0 | 45.00 | OK | |||
r-devel-macos-x86_64 | 1.0.0 | 85.00 | NOTE | |||
r-devel-windows-x86_64 | 1.0.0 | 10.00 | 87.00 | 97.00 | NOTE | |
r-patched-linux-x86_64 | 1.0.0 | 7.21 | 67.53 | 74.74 | OK | |
r-release-linux-x86_64 | 1.0.0 | 6.64 | 67.81 | 74.45 | OK | |
r-release-macos-arm64 | 1.0.0 | 45.00 | OK | |||
r-release-macos-x86_64 | 1.0.0 | 69.00 | OK | |||
r-release-windows-x86_64 | 1.0.0 | 10.00 | 89.00 | 99.00 | OK | |
r-oldrel-macos-arm64 | 1.0.0 | 52.00 | OK | |||
r-oldrel-macos-x86_64 | 1.0.0 | 100.00 | OK | |||
r-oldrel-windows-x86_64 | 1.0.0 | 12.00 | 95.00 | 107.00 | OK |
Version: 1.0.0
Check: DESCRIPTION meta-information
Result: NOTE
Missing dependency on R >= 4.1.0 because package code uses the pipe
|> or function shorthand \(...) syntax added in R 4.1.0.
File(s) using such syntax:
‘anim-animate.R’ ‘anim-prep-cat.R’ ‘anim-prep.R’ ‘funnel-web-data.R’
‘kangaroo-data.R’ ‘kangaroo-plot.R’ ‘proportional-shade.R’
‘wallaby-data.R’ ‘wallaby-plot.R’
Flavors: r-devel-linux-x86_64-debian-clang, r-devel-linux-x86_64-debian-gcc, r-devel-linux-x86_64-fedora-clang, r-devel-linux-x86_64-fedora-gcc, r-devel-macos-x86_64, r-devel-windows-x86_64
These binaries (installable software) and packages are in development.
They may not be fully stable and should be used with caution. We make no claims about them.