CRAN Package Check Results for Package animint2

Last updated on 2025-07-23 17:50:40 CEST.

Flavor Version Tinstall Tcheck Ttotal Status Flags
r-devel-linux-x86_64-debian-clang 2025.1.28 20.78 281.33 302.11 OK
r-devel-linux-x86_64-debian-gcc 2025.1.28 14.50 182.60 197.10 OK
r-devel-linux-x86_64-fedora-clang 2025.1.28 492.25 OK
r-devel-linux-x86_64-fedora-gcc 2025.1.28 445.81 OK
r-devel-windows-x86_64 2025.1.28 24.00 298.00 322.00 OK
r-patched-linux-x86_64 2025.1.28 24.58 263.87 288.45 OK
r-release-linux-x86_64 2025.1.28 20.07 264.72 284.79 OK
r-release-macos-arm64 2025.1.28 135.00 OK
r-release-macos-x86_64 2025.1.28 280.00 OK
r-release-windows-x86_64 2025.1.28 24.00 305.00 329.00 OK
r-oldrel-macos-arm64 2025.1.28 133.00 OK
r-oldrel-macos-x86_64 2025.1.28 220.00 NOTE
r-oldrel-windows-x86_64 2025.1.28 34.00 389.00 423.00 OK

Check Details

Version: 2025.1.28
Check: installed package size
Result: NOTE installed size is 5.4Mb sub-directories of 1Mb or more: data 3.3Mb Flavor: r-oldrel-macos-x86_64

These binaries (installable software) and packages are in development.
They may not be fully stable and should be used with caution. We make no claims about them.