CRAN Package Check Results for Package antaresViz

Last updated on 2025-10-23 11:50:06 CEST.

Flavor Version Tinstall Tcheck Ttotal Status Flags
r-devel-linux-x86_64-debian-clang 0.18.3 20.47 218.80 239.27 NOTE
r-devel-linux-x86_64-debian-gcc 0.18.3 13.16 144.25 157.41 OK
r-devel-linux-x86_64-fedora-clang 0.18.3 44.00 319.15 363.15 OK
r-devel-linux-x86_64-fedora-gcc 0.18.3 44.00 321.66 365.66 OK
r-devel-windows-x86_64 0.18.3 20.00 195.00 215.00 OK
r-patched-linux-x86_64 0.18.3 21.29 201.12 222.41 OK
r-release-linux-x86_64 0.18.3 20.13 199.64 219.77 OK
r-release-macos-arm64 0.18.3 8.00 73.00 81.00 OK
r-release-macos-x86_64 0.18.3 15.00 138.00 153.00 OK
r-release-windows-x86_64 0.18.3 26.00 202.00 228.00 OK
r-oldrel-macos-arm64 0.18.3 7.00 76.00 83.00 OK
r-oldrel-macos-x86_64 0.18.3 13.00 161.00 174.00 OK
r-oldrel-windows-x86_64 0.18.3 28.00 252.00 280.00 OK

Check Details

Version: 0.18.3
Check: HTML version of manual
Result: NOTE Found the following HTML validation problems: placeGeoPoints-shiny.html:68:1 (placeGeoPoints-shiny.Rd:25): Warning: missing </ul> before </div> Flavor: r-devel-linux-x86_64-debian-clang

These binaries (installable software) and packages are in development.
They may not be fully stable and should be used with caution. We make no claims about them.