Last updated on 2025-02-19 16:50:40 CET.
Flavor | Version | Tinstall | Tcheck | Ttotal | Status | Flags |
---|---|---|---|---|---|---|
r-devel-linux-x86_64-debian-clang | 1.0.0 | 7.78 | 157.55 | 165.33 | OK | |
r-devel-linux-x86_64-debian-gcc | 1.0.0 | 4.71 | 105.17 | 109.88 | OK | |
r-devel-linux-x86_64-fedora-clang | 1.0.0 | 258.65 | OK | |||
r-devel-linux-x86_64-fedora-gcc | 1.0.0 | 254.95 | OK | |||
r-devel-macos-arm64 | 1.0.0 | 80.00 | OK | |||
r-devel-macos-x86_64 | 1.0.0 | 158.00 | OK | |||
r-devel-windows-x86_64 | 1.0.0 | 7.00 | 149.00 | 156.00 | OK | |
r-patched-linux-x86_64 | 1.0.0 | 5.54 | 148.84 | 154.38 | OK | |
r-release-linux-x86_64 | 1.0.0 | 6.29 | 147.99 | 154.28 | OK | |
r-release-macos-arm64 | 1.0.0 | 70.00 | OK | |||
r-release-macos-x86_64 | 1.0.0 | 162.00 | OK | |||
r-release-windows-x86_64 | 1.0.0 | 9.00 | 3.00 | 12.00 | FAIL | |
r-oldrel-macos-arm64 | 1.0.0 | 70.00 | OK | |||
r-oldrel-macos-x86_64 | 1.0.0 | 149.00 | OK | |||
r-oldrel-windows-x86_64 | 1.0.0 | 10.00 | 209.00 | 219.00 | OK |
Version: 1.0.0
Check: package dependencies
Result: FAIL
Flavor: r-release-windows-x86_64
These binaries (installable software) and packages are in development.
They may not be fully stable and should be used with caution. We make no claims about them.