CRAN Package Check Results for Package anybadger

Last updated on 2025-07-02 03:50:36 CEST.

Flavor Version Tinstall Tcheck Ttotal Status Flags
r-devel-linux-x86_64-debian-clang 0.1.0 2.66 27.50 30.16 NOTE
r-devel-linux-x86_64-debian-gcc 0.1.0 2.98 22.07 25.05 NOTE
r-devel-linux-x86_64-fedora-clang 0.1.0 46.78 NOTE
r-devel-linux-x86_64-fedora-gcc 0.1.0 44.94 NOTE
r-devel-windows-x86_64 0.1.0 6.00 48.00 54.00 OK
r-patched-linux-x86_64 OK
r-release-linux-x86_64 0.1.0 3.55 24.88 28.43 OK
r-release-macos-arm64 0.1.0 24.00 OK
r-release-macos-x86_64 0.1.0 36.00 OK
r-release-windows-x86_64 0.1.0 6.00 48.00 54.00 OK
r-oldrel-macos-arm64 0.1.0 19.00 NOTE
r-oldrel-macos-x86_64 0.1.0 26.00 NOTE
r-oldrel-windows-x86_64 0.1.0 6.00 53.00 59.00 NOTE

Check Details

Version: 0.1.0
Check: CRAN incoming feasibility
Result: NOTE Maintainer: ‘Lorenzo Meninato <lorenzomeninato@gmail.com>’ No Authors@R field in DESCRIPTION. Please add one, modifying Authors@R: person(given = "Lorenzo", family = "Meninato", role = c("aut", "cre"), email = "lorenzomeninato@gmail.com") as necessary. Flavors: r-devel-linux-x86_64-debian-clang, r-devel-linux-x86_64-debian-gcc

Version: 0.1.0
Check: dependencies in R code
Result: NOTE Namespace in Imports field not imported from: ‘R6’ All declared Imports should be used. Flavors: r-devel-linux-x86_64-fedora-clang, r-devel-linux-x86_64-fedora-gcc

Version: 0.1.0
Check: LazyData
Result: NOTE 'LazyData' is specified without a 'data' directory Flavors: r-oldrel-macos-arm64, r-oldrel-macos-x86_64, r-oldrel-windows-x86_64

These binaries (installable software) and packages are in development.
They may not be fully stable and should be used with caution. We make no claims about them.