Last updated on 2025-02-19 16:50:40 CET.
Flavor | Version | Tinstall | Tcheck | Ttotal | Status | Flags |
---|---|---|---|---|---|---|
r-devel-linux-x86_64-debian-clang | 0.5 | 3.26 | 35.63 | 38.89 | OK | |
r-devel-linux-x86_64-debian-gcc | 0.5 | 2.14 | 26.28 | 28.42 | OK | |
r-devel-linux-x86_64-fedora-clang | 0.5 | 60.19 | OK | |||
r-devel-linux-x86_64-fedora-gcc | 0.5 | 60.16 | OK | |||
r-devel-macos-arm64 | 0.5 | 23.00 | OK | |||
r-devel-macos-x86_64 | 0.5 | 42.00 | OK | |||
r-devel-windows-x86_64 | 0.5 | 5.00 | 60.00 | 65.00 | OK | |
r-patched-linux-x86_64 | 0.5 | 3.39 | 33.42 | 36.81 | OK | |
r-release-linux-x86_64 | 0.5 | 2.45 | 33.36 | 35.81 | OK | |
r-release-macos-arm64 | 0.5 | 27.00 | OK | |||
r-release-macos-x86_64 | 0.5 | 46.00 | OK | |||
r-release-windows-x86_64 | 0.5 | 4.00 | 3.00 | 7.00 | FAIL | |
r-oldrel-macos-arm64 | 0.5 | 39.00 | OK | |||
r-oldrel-macos-x86_64 | 0.5 | 50.00 | OK | |||
r-oldrel-windows-x86_64 | 0.5 | 6.00 | 86.00 | 92.00 | OK |
Version: 0.5
Check: package dependencies
Result: FAIL
Flavor: r-release-windows-x86_64
These binaries (installable software) and packages are in development.
They may not be fully stable and should be used with caution. We make no claims about them.