CRAN Package Check Results for Package aoristic

Last updated on 2025-07-24 01:50:14 CEST.

Flavor Version Tinstall Tcheck Ttotal Status Flags
r-devel-linux-x86_64-debian-clang 1.1.1 7.42 64.15 71.57 NOTE
r-devel-linux-x86_64-debian-gcc 1.1.1 4.66 43.14 47.80 NOTE
r-devel-linux-x86_64-fedora-clang 1.1.1 106.98 OK
r-devel-linux-x86_64-fedora-gcc 1.1.1 101.55 OK
r-devel-windows-x86_64 1.1.1 9.00 71.00 80.00 OK
r-patched-linux-x86_64 1.1.1 6.93 56.20 63.13 OK
r-release-linux-x86_64 1.1.1 7.05 56.84 63.89 OK
r-release-macos-arm64 1.1.1 29.00 OK
r-release-macos-x86_64 1.1.1 49.00 OK
r-release-windows-x86_64 1.1.1 9.00 75.00 84.00 OK
r-oldrel-macos-arm64 1.1.1 32.00 OK
r-oldrel-macos-x86_64 1.1.1 41.00 OK
r-oldrel-windows-x86_64 1.1.1 12.00 88.00 100.00 OK

Check Details

Version: 1.1.1
Check: CRAN incoming feasibility
Result: NOTE Maintainer: ‘Jerry Ratcliffe <jhr@temple.edu>’ No Authors@R field in DESCRIPTION. Please add one, modifying Authors@R: person(given = "Jerry", family = "Ratcliffe", role = c("aut", "cre"), email = "jhr@temple.edu") as necessary. Flavors: r-devel-linux-x86_64-debian-clang, r-devel-linux-x86_64-debian-gcc

These binaries (installable software) and packages are in development.
They may not be fully stable and should be used with caution. We make no claims about them.