Last updated on 2025-10-23 11:50:06 CEST.
Flavor | Version | Tinstall | Tcheck | Ttotal | Status | Flags |
---|---|---|---|---|---|---|
r-devel-linux-x86_64-debian-clang | 1.1.1 | 7.91 | 73.00 | 80.91 | NOTE | |
r-devel-linux-x86_64-debian-gcc | 1.1.1 | 5.00 | 50.54 | 55.54 | NOTE | |
r-devel-linux-x86_64-fedora-clang | 1.1.1 | 17.00 | 105.87 | 122.87 | OK | |
r-devel-linux-x86_64-fedora-gcc | 1.1.1 | 17.00 | 97.47 | 114.47 | OK | |
r-devel-windows-x86_64 | 1.1.1 | 9.00 | 79.00 | 88.00 | OK | |
r-patched-linux-x86_64 | 1.1.1 | 6.29 | 66.68 | 72.97 | OK | |
r-release-linux-x86_64 | 1.1.1 | 6.81 | 67.70 | 74.51 | OK | |
r-release-macos-arm64 | 1.1.1 | 3.00 | 26.00 | 29.00 | OK | |
r-release-macos-x86_64 | 1.1.1 | 5.00 | 44.00 | 49.00 | OK | |
r-release-windows-x86_64 | 1.1.1 | 10.00 | 79.00 | 89.00 | OK | |
r-oldrel-macos-arm64 | 1.1.1 | 3.00 | 29.00 | 32.00 | OK | |
r-oldrel-macos-x86_64 | 1.1.1 | 4.00 | 37.00 | 41.00 | OK | |
r-oldrel-windows-x86_64 | 1.1.1 | 11.00 | 98.00 | 109.00 | OK |
Version: 1.1.1
Check: CRAN incoming feasibility
Result: NOTE
Maintainer: ‘Jerry Ratcliffe <jhr@temple.edu>’
No Authors@R field in DESCRIPTION.
Please add one, modifying
Authors@R: person(given = "Jerry",
family = "Ratcliffe",
role = c("aut", "cre"),
email = "jhr@temple.edu")
as necessary.
Flavors: r-devel-linux-x86_64-debian-clang, r-devel-linux-x86_64-debian-gcc
These binaries (installable software) and packages are in development.
They may not be fully stable and should be used with caution. We make no claims about them.