Last updated on 2025-02-16 10:50:41 CET.
Flavor | Version | Tinstall | Tcheck | Ttotal | Status | Flags |
---|---|---|---|---|---|---|
r-devel-linux-x86_64-debian-clang | 0.1.5 | 145.41 | 164.24 | 309.65 | OK | |
r-devel-linux-x86_64-debian-gcc | 0.1.5 | 103.58 | 114.90 | 218.48 | OK | |
r-devel-linux-x86_64-fedora-clang | 0.1.5 | 583.40 | OK | |||
r-devel-linux-x86_64-fedora-gcc | 0.1.5 | 583.73 | OK | |||
r-devel-macos-arm64 | 0.1.5 | 105.00 | OK | |||
r-devel-macos-x86_64 | 0.1.5 | 165.00 | OK | |||
r-devel-windows-x86_64 | 0.1.5 | 140.00 | 166.00 | 306.00 | OK | |
r-patched-linux-x86_64 | 0.1.5 | 143.33 | 150.00 | 293.33 | OK | |
r-release-linux-x86_64 | 0.1.5 | 141.87 | 150.95 | 292.82 | OK | |
r-release-macos-arm64 | 0.1.5 | 125.00 | NOTE | |||
r-release-macos-x86_64 | 0.1.5 | 207.00 | NOTE | |||
r-release-windows-x86_64 | 0.1.5 | 143.00 | 168.00 | 311.00 | OK | |
r-oldrel-macos-arm64 | 0.1.5 | 127.00 | NOTE | |||
r-oldrel-macos-x86_64 | 0.1.5 | 245.00 | NOTE | |||
r-oldrel-windows-x86_64 | 0.1.5 | 181.00 | 201.00 | 382.00 | OK |
Version: 0.1.5
Check: installed package size
Result: NOTE
installed size is 10.4Mb
sub-directories of 1Mb or more:
libs 8.9Mb
Flavors: r-release-macos-arm64, r-release-macos-x86_64, r-oldrel-macos-arm64, r-oldrel-macos-x86_64
These binaries (installable software) and packages are in development.
They may not be fully stable and should be used with caution. We make no claims about them.