Last updated on 2025-05-08 04:51:59 CEST.
Flavor | Version | Tinstall | Tcheck | Ttotal | Status | Flags |
---|---|---|---|---|---|---|
r-devel-linux-x86_64-debian-clang | 0.1.5 | 142.16 | 165.33 | 307.49 | OK | |
r-devel-linux-x86_64-debian-gcc | 0.1.5 | 103.64 | 116.30 | 219.94 | OK | |
r-devel-linux-x86_64-fedora-clang | 0.1.5 | 577.79 | OK | |||
r-devel-linux-x86_64-fedora-gcc | 0.1.5 | 571.92 | OK | |||
r-devel-windows-x86_64 | 0.1.5 | 158.00 | 167.00 | 325.00 | OK | |
r-patched-linux-x86_64 | 0.1.5 | 148.24 | 152.02 | 300.26 | OK | |
r-release-linux-x86_64 | 0.1.5 | 143.61 | 152.48 | 296.09 | OK | |
r-release-macos-arm64 | 0.1.5 | 135.00 | OK | |||
r-release-macos-x86_64 | 0.1.5 | 174.00 | OK | |||
r-release-windows-x86_64 | 0.1.5 | 162.00 | 171.00 | 333.00 | OK | |
r-oldrel-macos-arm64 | 0.1.5 | 125.00 | NOTE | |||
r-oldrel-macos-x86_64 | 0.1.5 | 207.00 | NOTE | |||
r-oldrel-windows-x86_64 | 0.1.5 | 183.00 | 217.00 | 400.00 | OK |
Version: 0.1.5
Check: installed package size
Result: NOTE
installed size is 10.4Mb
sub-directories of 1Mb or more:
libs 8.9Mb
Flavors: r-oldrel-macos-arm64, r-oldrel-macos-x86_64
These binaries (installable software) and packages are in development.
They may not be fully stable and should be used with caution. We make no claims about them.