CRAN Package Check Results for Package ape

Last updated on 2025-05-08 04:51:59 CEST.

Flavor Version Tinstall Tcheck Ttotal Status Flags
r-devel-linux-x86_64-debian-clang 5.8-1 49.35 226.65 276.00 OK
r-devel-linux-x86_64-debian-gcc 5.8-1 35.15 152.26 187.41 OK
r-devel-linux-x86_64-fedora-clang 5.8-1 450.08 OK
r-devel-linux-x86_64-fedora-gcc 5.8-1 457.36 OK
r-devel-windows-x86_64 5.8-1 67.00 319.00 386.00 OK
r-patched-linux-x86_64 5.8-1 53.90 217.08 270.98 OK
r-release-linux-x86_64 5.8-1 51.48 216.93 268.41 OK
r-release-macos-arm64 5.8-1 126.00 OK
r-release-macos-x86_64 5.8-1 291.00 OK
r-release-windows-x86_64 5.8-1 68.00 324.00 392.00 OK
r-oldrel-macos-arm64 5.8-1 108.00 NOTE
r-oldrel-macos-x86_64 5.8-1 251.00 NOTE
r-oldrel-windows-x86_64 5.8-1 84.00 367.00 451.00 OK

Check Details

Version: 5.8-1
Check: installed package size
Result: NOTE installed size is 5.7Mb sub-directories of 1Mb or more: R 2.0Mb libs 1.7Mb Flavors: r-oldrel-macos-arm64, r-oldrel-macos-x86_64

These binaries (installable software) and packages are in development.
They may not be fully stable and should be used with caution. We make no claims about them.