Last updated on 2024-07-27 15:50:11 CEST.
Flavor | Version | Tinstall | Tcheck | Ttotal | Status | Flags |
---|---|---|---|---|---|---|
r-devel-linux-x86_64-debian-clang | 5.8 | 58.47 | 301.99 | 360.46 | OK | |
r-devel-linux-x86_64-debian-gcc | 5.8 | OK | ||||
r-devel-linux-x86_64-fedora-clang | 5.8 | 493.71 | OK | |||
r-devel-linux-x86_64-fedora-gcc | 5.8 | 441.22 | OK | |||
r-devel-windows-x86_64 | 5.8 | 66.00 | 313.00 | 379.00 | OK | |
r-patched-linux-x86_64 | 5.8 | OK | ||||
r-release-linux-x86_64 | 5.8 | 58.29 | 287.36 | 345.65 | OK | |
r-release-macos-arm64 | 5.8 | 130.00 | NOTE | |||
r-release-macos-x86_64 | 5.8 | 276.00 | NOTE | |||
r-release-windows-x86_64 | 5.8 | 70.00 | 307.00 | 377.00 | OK | |
r-oldrel-macos-arm64 | 5.8 | 129.00 | NOTE | |||
r-oldrel-macos-x86_64 | 5.8 | 349.00 | NOTE | |||
r-oldrel-windows-x86_64 | 5.8 | 76.00 | 353.00 | 429.00 | OK |
Version: 5.8
Check: installed package size
Result: NOTE
installed size is 5.9Mb
sub-directories of 1Mb or more:
R 2.0Mb
doc 1.2Mb
libs 1.6Mb
Flavors: r-release-macos-arm64, r-release-macos-x86_64, r-oldrel-macos-arm64, r-oldrel-macos-x86_64
These binaries (installable software) and packages are in development.
They may not be fully stable and should be used with caution. We make no claims about them.