Last updated on 2025-02-16 10:50:41 CET.
Flavor | Version | Tinstall | Tcheck | Ttotal | Status | Flags |
---|---|---|---|---|---|---|
r-devel-linux-x86_64-debian-clang | 5.8-1 | 54.13 | 224.31 | 278.44 | OK | |
r-devel-linux-x86_64-debian-gcc | 5.8-1 | 34.75 | 143.51 | 178.26 | OK | |
r-devel-linux-x86_64-fedora-clang | 5.8-1 | 466.35 | OK | |||
r-devel-linux-x86_64-fedora-gcc | 5.8-1 | 447.64 | OK | |||
r-devel-macos-arm64 | 5.8-1 | 114.00 | OK | |||
r-devel-macos-x86_64 | 5.8-1 | 284.00 | OK | |||
r-devel-windows-x86_64 | 5.8-1 | 67.00 | 306.00 | 373.00 | OK | |
r-patched-linux-x86_64 | 5.8-1 | 55.30 | 208.10 | 263.40 | OK | |
r-release-linux-x86_64 | 5.8-1 | 48.64 | 212.04 | 260.68 | OK | |
r-release-macos-arm64 | 5.8-1 | 108.00 | NOTE | |||
r-release-macos-x86_64 | 5.8-1 | 251.00 | NOTE | |||
r-release-windows-x86_64 | 5.8-1 | 67.00 | 318.00 | 385.00 | OK | |
r-oldrel-macos-arm64 | 5.8-1 | 106.00 | NOTE | |||
r-oldrel-macos-x86_64 | 5.8-1 | 245.00 | NOTE | |||
r-oldrel-windows-x86_64 | 5.8-1 | 80.00 | 350.00 | 430.00 | OK |
Version: 5.8-1
Check: installed package size
Result: NOTE
installed size is 5.7Mb
sub-directories of 1Mb or more:
R 2.0Mb
libs 1.7Mb
Flavors: r-release-macos-arm64, r-release-macos-x86_64, r-oldrel-macos-arm64, r-oldrel-macos-x86_64
These binaries (installable software) and packages are in development.
They may not be fully stable and should be used with caution. We make no claims about them.