CRAN Package Check Results for Package ape

Last updated on 2025-07-26 07:50:15 CEST.

Flavor Version Tinstall Tcheck Ttotal Status Flags
r-devel-linux-x86_64-debian-clang 5.8-1 49.63 228.60 278.23 OK
r-devel-linux-x86_64-debian-gcc 5.8-1 36.82 153.89 190.71 OK
r-devel-linux-x86_64-fedora-clang 5.8-1 451.19 OK
r-devel-linux-x86_64-fedora-gcc 5.8-1 445.91 OK
r-devel-windows-x86_64 5.8-1 73.00 317.00 390.00 OK
r-patched-linux-x86_64 5.8-1 58.52 215.99 274.51 OK
r-release-linux-x86_64 5.8-1 48.40 219.77 268.17 OK
r-release-macos-arm64 5.8-1 126.00 OK
r-release-macos-x86_64 5.8-1 291.00 OK
r-release-windows-x86_64 5.8-1 68.00 316.00 384.00 OK
r-oldrel-macos-arm64 5.8-1 108.00 NOTE
r-oldrel-macos-x86_64 5.8-1 251.00 NOTE
r-oldrel-windows-x86_64 5.8-1 87.00 385.00 472.00 OK

Check Details

Version: 5.8-1
Check: installed package size
Result: NOTE installed size is 5.7Mb sub-directories of 1Mb or more: R 2.0Mb libs 1.7Mb Flavors: r-oldrel-macos-arm64, r-oldrel-macos-x86_64

These binaries (installable software) and packages are in development.
They may not be fully stable and should be used with caution. We make no claims about them.