CRAN Package Check Results for Package apercu

Last updated on 2025-11-11 15:50:27 CET.

Flavor Version Tinstall Tcheck Ttotal Status Flags
r-devel-linux-x86_64-debian-clang 0.2.5 1.69 20.68 22.37 NOTE
r-devel-linux-x86_64-debian-gcc 0.2.5 1.36 17.25 18.61 NOTE
r-devel-linux-x86_64-fedora-clang 0.2.5 33.80 NOTE
r-devel-linux-x86_64-fedora-gcc 0.2.5 31.38 NOTE
r-devel-windows-x86_64 0.2.5 2.00 39.00 41.00 OK
r-patched-linux-x86_64 0.2.5 1.59 19.54 21.13 OK
r-release-linux-x86_64 0.2.5 1.72 19.65 21.37 OK
r-release-macos-arm64 0.2.5 1.00 18.00 19.00 OK
r-release-macos-x86_64 0.2.5 2.00 27.00 29.00 OK
r-release-windows-x86_64 0.2.5 4.00 39.00 43.00 OK
r-oldrel-macos-arm64 0.2.5 1.00 20.00 21.00 OK
r-oldrel-macos-x86_64 0.2.5 2.00 20.00 22.00 OK
r-oldrel-windows-x86_64 0.2.5 4.00 43.00 47.00 OK

Check Details

Version: 0.2.5
Check: CRAN incoming feasibility
Result: NOTE Maintainer: ‘Aurelien Chateigner <aurelien.chateigner@gmail.com>’ No Authors@R field in DESCRIPTION. Please add one, modifying Authors@R: person(given = "Aurelien", family = "Chateigner", role = c("aut", "cre"), email = "aurelien.chateigner@gmail.com") as necessary. Flavors: r-devel-linux-x86_64-debian-clang, r-devel-linux-x86_64-debian-gcc

Version: 0.2.5
Check: dependencies in R code
Result: NOTE Namespace in Imports field not imported from: ‘pls’ All declared Imports should be used. Flavors: r-devel-linux-x86_64-fedora-clang, r-devel-linux-x86_64-fedora-gcc

These binaries (installable software) and packages are in development.
They may not be fully stable and should be used with caution. We make no claims about them.