Last updated on 2025-02-16 10:50:41 CET.
Flavor | Version | Tinstall | Tcheck | Ttotal | Status | Flags |
---|---|---|---|---|---|---|
r-devel-linux-x86_64-debian-clang | 1.0.6 | 16.70 | 127.54 | 144.24 | NOTE | |
r-devel-linux-x86_64-debian-gcc | 1.0.6 | 11.66 | 91.26 | 102.92 | NOTE | |
r-devel-linux-x86_64-fedora-clang | 1.0.6 | 251.51 | OK | |||
r-devel-linux-x86_64-fedora-gcc | 1.0.6 | 237.08 | OK | |||
r-devel-macos-arm64 | 1.0.6 | 71.00 | OK | |||
r-devel-macos-x86_64 | 1.0.6 | 131.00 | OK | |||
r-devel-windows-x86_64 | 1.0.6 | 17.00 | 126.00 | 143.00 | NOTE | |
r-patched-linux-x86_64 | 1.0.6 | 19.08 | 119.95 | 139.03 | OK | |
r-release-linux-x86_64 | 1.0.6 | 14.86 | 120.71 | 135.57 | OK | |
r-release-macos-arm64 | 1.0.6 | 63.00 | OK | |||
r-release-macos-x86_64 | 1.0.6 | 122.00 | OK | |||
r-release-windows-x86_64 | 1.0.6 | 19.00 | 126.00 | 145.00 | OK | |
r-oldrel-macos-arm64 | 1.0.6 | 72.00 | OK | |||
r-oldrel-macos-x86_64 | 1.0.6 | 142.00 | OK | |||
r-oldrel-windows-x86_64 | 1.0.6 | 24.00 | 154.00 | 178.00 | OK |
Version: 1.0.6
Check: Rd cross-references
Result: NOTE
Found the following Rd file(s) with Rd \link{} targets missing package
anchors:
multidna2alignment.Rd: as.alignment
multidna2genind.Rd: genind-class, DNAbin2genind
multidna2multiphyDat.Rd: DNAbin2genind
plot-multidna-method.Rd: image.DNAbin
Please provide package anchors for all Rd \link{} targets not in the
package itself and the base packages.
Flavors: r-devel-linux-x86_64-debian-clang, r-devel-linux-x86_64-debian-gcc, r-devel-windows-x86_64
These binaries (installable software) and packages are in development.
They may not be fully stable and should be used with caution. We make no claims about them.