Last updated on 2025-10-23 11:50:06 CEST.
Flavor | Version | Tinstall | Tcheck | Ttotal | Status | Flags |
---|---|---|---|---|---|---|
r-devel-linux-x86_64-debian-clang | 0.4.4 | 7.87 | 110.91 | 118.78 | NOTE | |
r-devel-linux-x86_64-debian-gcc | 0.4.4 | 5.74 | 76.33 | 82.07 | OK | |
r-devel-linux-x86_64-fedora-clang | 0.4.4 | 20.00 | 160.25 | 180.25 | OK | |
r-devel-linux-x86_64-fedora-gcc | 0.4.4 | 22.00 | 168.58 | 190.58 | OK | |
r-devel-windows-x86_64 | 0.4.4 | 15.00 | 129.00 | 144.00 | OK | |
r-patched-linux-x86_64 | 0.4.4 | 9.13 | 103.33 | 112.46 | OK | |
r-release-linux-x86_64 | 0.4.4 | 7.71 | 103.94 | 111.65 | OK | |
r-release-macos-arm64 | 0.4.4 | 4.00 | 64.00 | 68.00 | OK | |
r-release-macos-x86_64 | 0.4.4 | 7.00 | 102.00 | 109.00 | OK | |
r-release-windows-x86_64 | 0.4.4 | 14.00 | 128.00 | 142.00 | OK | |
r-oldrel-macos-arm64 | 0.4.4 | 4.00 | 48.00 | 52.00 | OK | |
r-oldrel-macos-x86_64 | 0.4.4 | 9.00 | 102.00 | 111.00 | OK | |
r-oldrel-windows-x86_64 | 0.4.4 | 16.00 | 164.00 | 180.00 | OK |
Version: 0.4.4
Check: HTML version of manual
Result: NOTE
Found the following HTML validation problems:
apexchartProxy.html:53:1 (apexchartProxy.Rd:15): Warning: missing </ul> before </div>
config_update.html:72:1 (config_update.Rd:28): Warning: missing </ul> before </div>
Flavor: r-devel-linux-x86_64-debian-clang
These binaries (installable software) and packages are in development.
They may not be fully stable and should be used with caution. We make no claims about them.