Last updated on 2025-02-19 16:50:40 CET.
Flavor | Version | Tinstall | Tcheck | Ttotal | Status | Flags |
---|---|---|---|---|---|---|
r-devel-linux-x86_64-debian-clang | 0.3-4 | 45.03 | 169.66 | 214.69 | NOTE | |
r-devel-linux-x86_64-debian-gcc | 0.3-4 | 36.16 | 108.13 | 144.29 | NOTE | |
r-devel-linux-x86_64-fedora-clang | 0.3-4 | 351.44 | NOTE | |||
r-devel-linux-x86_64-fedora-gcc | 0.3-4 | 363.92 | NOTE | |||
r-devel-macos-arm64 | 0.3-4 | 92.00 | OK | |||
r-devel-macos-x86_64 | 0.3-4 | 180.00 | OK | |||
r-devel-windows-x86_64 | 0.3-4 | 49.00 | 179.00 | 228.00 | OK | |
r-patched-linux-x86_64 | 0.3-4 | 47.00 | 159.37 | 206.37 | OK | |
r-release-linux-x86_64 | 0.3-4 | 48.80 | 157.59 | 206.39 | OK | |
r-release-macos-arm64 | 0.3-4 | 95.00 | OK | |||
r-release-macos-x86_64 | 0.3-4 | 217.00 | OK | |||
r-release-windows-x86_64 | 0.3-4 | 49.00 | 179.00 | 228.00 | OK | |
r-oldrel-macos-arm64 | 0.3-4 | 86.00 | OK | |||
r-oldrel-macos-x86_64 | 0.3-4 | 205.00 | OK | |||
r-oldrel-windows-x86_64 | 0.3-4 | 61.00 | 227.00 | 288.00 | OK |
Version: 0.3-4
Check: top-level files
Result: NOTE
possible bashism in configure.ac line 32 (should be 'b = a'):
if test x"${RSysinfoName}" == x"Darwin"; then
possible bashism in configure.ac line 43 (should be 'b = a'):
if test x"${hasOpenMP}" == x""; then
Flavors: r-devel-linux-x86_64-debian-clang, r-devel-linux-x86_64-debian-gcc, r-devel-linux-x86_64-fedora-clang, r-devel-linux-x86_64-fedora-gcc
These binaries (installable software) and packages are in development.
They may not be fully stable and should be used with caution. We make no claims about them.