Last updated on 2025-02-16 10:50:41 CET.
Flavor | Version | Tinstall | Tcheck | Ttotal | Status | Flags |
---|---|---|---|---|---|---|
r-devel-linux-x86_64-debian-clang | 0.2 | 3.75 | 61.86 | 65.61 | NOTE | |
r-devel-linux-x86_64-debian-gcc | 0.2 | 2.78 | 45.43 | 48.21 | NOTE | |
r-devel-linux-x86_64-fedora-clang | 0.2 | 109.15 | NOTE | |||
r-devel-linux-x86_64-fedora-gcc | 0.2 | 114.33 | NOTE | |||
r-devel-macos-arm64 | 0.2 | 40.00 | NOTE | |||
r-devel-macos-x86_64 | 0.2 | 83.00 | NOTE | |||
r-devel-windows-x86_64 | 0.2 | 8.00 | 87.00 | 95.00 | NOTE | |
r-patched-linux-x86_64 | 0.2 | 4.71 | 57.23 | 61.94 | NOTE | |
r-release-linux-x86_64 | 0.2 | 3.31 | 58.13 | 61.44 | NOTE | |
r-release-macos-arm64 | 0.2 | 46.00 | NOTE | |||
r-release-macos-x86_64 | 0.2 | 59.00 | NOTE | |||
r-release-windows-x86_64 | 0.2 | 7.00 | 87.00 | 94.00 | NOTE | |
r-oldrel-macos-arm64 | 0.2 | 56.00 | OK | |||
r-oldrel-macos-x86_64 | 0.2 | 110.00 | OK | |||
r-oldrel-windows-x86_64 | 0.2 | 7.00 | 98.00 | 105.00 | OK |
Version: 0.2
Check: Rd files
Result: NOTE
checkRd: (-1) predict_adjust.Rd:77: Lost braces in \itemize; \value handles \item{}{} directly
checkRd: (-1) predict_adjust.Rd:78: Lost braces in \itemize; \value handles \item{}{} directly
checkRd: (-1) predict_adjust.Rd:79: Lost braces in \itemize; \value handles \item{}{} directly
checkRd: (-1) predict_adjust.Rd:80: Lost braces in \itemize; \value handles \item{}{} directly
checkRd: (-1) print.predict_adjust.Rd:32: Lost braces in \itemize; \value handles \item{}{} directly
checkRd: (-1) print.predict_adjust.Rd:33: Lost braces in \itemize; \value handles \item{}{} directly
checkRd: (-1) print.predict_adjust.Rd:34: Lost braces in \itemize; \value handles \item{}{} directly
checkRd: (-1) print.predict_adjust.Rd:35: Lost braces in \itemize; \value handles \item{}{} directly
Flavors: r-devel-linux-x86_64-debian-clang, r-devel-linux-x86_64-debian-gcc, r-devel-linux-x86_64-fedora-clang, r-devel-linux-x86_64-fedora-gcc, r-devel-macos-arm64, r-devel-macos-x86_64, r-devel-windows-x86_64, r-patched-linux-x86_64, r-release-linux-x86_64, r-release-macos-arm64, r-release-macos-x86_64, r-release-windows-x86_64
These binaries (installable software) and packages are in development.
They may not be fully stable and should be used with caution. We make no claims about them.