Last updated on 2025-02-19 16:50:40 CET.
Flavor | Version | Tinstall | Tcheck | Ttotal | Status | Flags |
---|---|---|---|---|---|---|
r-devel-linux-x86_64-debian-clang | 0.0.3 | 9.96 | 79.39 | 89.35 | OK | |
r-devel-linux-x86_64-debian-gcc | 0.0.3 | 7.24 | 56.89 | 64.13 | OK | |
r-devel-linux-x86_64-fedora-clang | 0.0.3 | 140.03 | OK | |||
r-devel-linux-x86_64-fedora-gcc | 0.0.3 | 134.89 | OK | |||
r-devel-macos-arm64 | 0.0.3 | 44.00 | OK | |||
r-devel-macos-x86_64 | 0.0.3 | 92.00 | OK | |||
r-devel-windows-x86_64 | 0.0.3 | 12.00 | 87.00 | 99.00 | OK | |
r-patched-linux-x86_64 | 0.0.3 | 10.31 | 74.36 | 84.67 | OK | |
r-release-linux-x86_64 | 0.0.3 | 8.67 | 74.18 | 82.85 | OK | |
r-release-macos-arm64 | 0.0.3 | 46.00 | OK | |||
r-release-macos-x86_64 | 0.0.3 | 79.00 | OK | |||
r-release-windows-x86_64 | 0.0.3 | 12.00 | 3.00 | 15.00 | FAIL | |
r-oldrel-macos-arm64 | 0.0.3 | 51.00 | OK | |||
r-oldrel-macos-x86_64 | 0.0.3 | 91.00 | OK | |||
r-oldrel-windows-x86_64 | 0.0.3 | 14.00 | 123.00 | 137.00 | OK |
Version: 0.0.3
Check: package dependencies
Result: FAIL
Flavor: r-release-windows-x86_64
These binaries (installable software) and packages are in development.
They may not be fully stable and should be used with caution. We make no claims about them.